CRAN Package Check Results for Package readMzXmlData

Last updated on 2014-09-01 21:48:59.

Flavor Version Tinstall Tcheck Ttotal Status Flags
r-devel-linux-x86_64-debian-clang 2.7 1.14 16.29 17.43 NOTE
r-devel-linux-x86_64-debian-gcc 2.7 1.26 16.06 17.31 NOTE
r-devel-linux-x86_64-fedora-clang 2.7 36.36 NOTE
r-devel-linux-x86_64-fedora-gcc 2.7 33.86 NOTE
r-devel-osx-x86_64-clang 2.7 33.21 NOTE
r-devel-windows-ix86+x86_64 2.7 4.00 27.00 31.00 NOTE
r-patched-linux-x86_64 2.7 1.22 16.46 17.68 OK
r-patched-solaris-sparc 2.7 204.30 OK
r-patched-solaris-x86 2.7 49.90 OK
r-release-linux-ix86 2.7 1.53 23.06 24.60 OK
r-release-linux-x86_64 2.7 1.19 16.88 18.07 OK
r-release-osx-x86_64-mavericks 2.7 NOTE
r-release-osx-x86_64-snowleopard 2.7 NOTE
r-release-windows-ix86+x86_64 2.7 4.00 27.00 31.00 OK
r-oldrel-windows-ix86+x86_64 2.7 6.00 28.00 34.00 OK

Check Details

Version: 2.7
Check: R code for possible problems
Result: NOTE
    mqReadMzXml : <anonymous>: no visible global function definition for
     ‘createMassSpectrum’
Flavors: r-devel-linux-x86_64-debian-clang, r-devel-linux-x86_64-debian-gcc, r-devel-linux-x86_64-fedora-clang, r-devel-linux-x86_64-fedora-gcc, r-devel-osx-x86_64-clang, r-devel-windows-ix86+x86_64

Version: 2.7
Check: Rd cross-references
Result: NOTE
    Package unavailable to check Rd xrefs: ‘MALDIquantForeign’
Flavors: r-release-osx-x86_64-mavericks, r-release-osx-x86_64-snowleopard