CRAN Package Check Results for Package readMzXmlData

Last updated on 2014-07-25 03:49:52.

Flavor Version Tinstall Tcheck Ttotal Status Flags
r-devel-linux-x86_64-debian-clang 2.7 1.16 17.24 18.40 OK
r-devel-linux-x86_64-debian-gcc 2.7 1.13 16.29 17.42 OK
r-devel-linux-x86_64-fedora-clang 2.7 36.61 OK
r-devel-linux-x86_64-fedora-gcc 2.7 36.78 OK
r-devel-osx-x86_64-clang 2.7 35.70 OK
r-devel-windows-ix86+x86_64 2.7 4.00 25.00 29.00 OK
r-patched-linux-x86_64 2.7 1.14 16.48 17.63 OK
r-patched-solaris-sparc 2.7 207.20 OK
r-patched-solaris-x86 2.7 49.70 OK
r-release-linux-ix86 2.7 1.55 23.15 24.70 OK
r-release-linux-x86_64 2.7 1.49 16.93 18.42 OK
r-release-osx-x86_64-mavericks 2.7 NOTE
r-release-osx-x86_64-snowleopard 2.7 NOTE
r-release-windows-ix86+x86_64 2.7 5.00 27.00 32.00 OK
r-oldrel-windows-ix86+x86_64 2.7 4.00 28.00 32.00 OK

Check Details

Version: 2.7
Check: Rd cross-references
Result: NOTE
    Package unavailable to check Rd xrefs: ‘MALDIquantForeign’
Flavors: r-release-osx-x86_64-mavericks, r-release-osx-x86_64-snowleopard