CRAN Package Check Results for Package readMzXmlData

Last updated on 2015-05-24 08:48:40.

Flavor Version Tinstall Tcheck Ttotal Status Flags
r-devel-linux-x86_64-debian-clang 2.8 1.00 14.77 15.76 OK
r-devel-linux-x86_64-debian-gcc 2.8 1.26 14.61 15.87 OK
r-devel-linux-x86_64-fedora-clang 2.8 29.80 OK
r-devel-linux-x86_64-fedora-gcc 2.8 27.68 OK
r-devel-osx-x86_64-clang 2.8 31.04 OK
r-devel-windows-ix86+x86_64 2.8 4.00 25.00 29.00 OK
r-patched-linux-x86_64 2.8 1.37 13.99 15.36 OK
r-patched-solaris-sparc 2.8 186.50 OK
r-patched-solaris-x86 2.8 42.50 OK
r-release-linux-x86_64 2.8 1.28 14.05 15.33 OK
r-release-osx-x86_64-mavericks 2.8 OK
r-release-osx-x86_64-snowleopard 2.8 ERROR
r-release-windows-ix86+x86_64 2.8 4.00 24.00 28.00 OK
r-oldrel-windows-ix86+x86_64 2.8 5.00 27.00 32.00 OK

Check Details

Version: 2.8
Check: package dependencies
Result: ERROR
    Package required but not available: ‘XML’
    
    See section ‘The DESCRIPTION file’ in the ‘Writing R Extensions’
    manual.
Flavor: r-release-osx-x86_64-snowleopard