CRAN Package Check Results for Package readMzXmlData

Last updated on 2023-12-03 12:48:36 CET.

Flavor Version Tinstall Tcheck Ttotal Status Flags
r-devel-linux-x86_64-debian-clang 2.8.3 3.15 33.67 36.82 NOTE
r-devel-linux-x86_64-debian-gcc 2.8.3 2.77 25.92 28.69 NOTE
r-devel-linux-x86_64-fedora-clang 2.8.3 46.55 NOTE
r-devel-linux-x86_64-fedora-gcc 2.8.3 44.46 OK
r-devel-windows-x86_64 2.8.3 4.00 48.00 52.00 OK
r-patched-linux-x86_64 2.8.3 3.62 32.80 36.42 OK
r-release-linux-x86_64 2.8.3 3.62 32.80 36.42 OK
r-release-macos-arm64 2.8.3 21.00 OK
r-release-macos-x86_64 2.8.3 45.00 OK
r-release-windows-x86_64 2.8.3 4.00 49.00 53.00 OK
r-oldrel-macos-arm64 2.8.3 22.00 OK
r-oldrel-macos-x86_64 2.8.3 33.00 OK
r-oldrel-windows-x86_64 2.8.3 5.00 57.00 62.00 OK

Check Details

Version: 2.8.3
Check: Rd files
Result: NOTE checkRd: (-1) readMzXmlDir.Rd:39: Lost braces in \itemize; \value handles \item{}{} directly checkRd: (-1) readMzXmlDir.Rd:40: Lost braces in \itemize; \value handles \item{}{} directly checkRd: (-1) readMzXmlDir.Rd:41: Lost braces in \itemize; \value handles \item{}{} directly checkRd: (-1) readMzXmlFile.Rd:21: Lost braces in \itemize; \value handles \item{}{} directly checkRd: (-1) readMzXmlFile.Rd:22: Lost braces in \itemize; \value handles \item{}{} directly checkRd: (-1) readMzXmlFile.Rd:23: Lost braces in \itemize; \value handles \item{}{} directly Flavors: r-devel-linux-x86_64-debian-clang, r-devel-linux-x86_64-debian-gcc

Version: 2.8.3
Check: Rd cross-references
Result: NOTE Undeclared package ‘MALDIquantForeign’ in Rd xrefs Flavor: r-devel-linux-x86_64-fedora-clang