CRAN Package Check Results for Package readMzXmlData

Last updated on 2015-09-01 16:49:38.

Flavor Version Tinstall Tcheck Ttotal Status Flags
r-devel-linux-x86_64-debian-clang 2.8 0.96 13.92 14.88 NOTE
r-devel-linux-x86_64-debian-gcc 2.8 0.97 13.78 14.75 NOTE
r-devel-linux-x86_64-fedora-clang 2.8 28.15 NOTE
r-devel-linux-x86_64-fedora-gcc 2.8 27.34 NOTE
r-devel-osx-x86_64-clang 2.8 27.63 OK
r-devel-windows-ix86+x86_64 2.8 4.00 28.00 32.00 NOTE
r-patched-linux-x86_64 2.8 1.17 14.30 15.47 OK
r-patched-solaris-sparc 2.8 195.30 OK
r-patched-solaris-x86 2.8 43.10 OK
r-release-linux-x86_64 2.8 0.97 14.25 15.22 OK
r-release-osx-x86_64-mavericks 2.8 OK
r-release-windows-ix86+x86_64 2.8 4.00 27.00 31.00 OK
r-oldrel-windows-ix86+x86_64 2.8 8.00 31.00 39.00 OK

Check Details

Version: 2.8
Check: R code for possible problems
Result: NOTE
    .revfregexpr: no visible global function definition for ‘tail’
    Undefined global functions or variables:
     tail
    Consider adding
     importFrom("utils", "tail")
    to your NAMESPACE.
Flavors: r-devel-linux-x86_64-debian-clang, r-devel-linux-x86_64-debian-gcc, r-devel-linux-x86_64-fedora-clang, r-devel-linux-x86_64-fedora-gcc, r-devel-windows-ix86+x86_64