CRAN Package Check Results for Package readMzXmlData

Last updated on 2020-07-07 11:50:59 CEST.

Flavor Version Tinstall Tcheck Ttotal Status Flags
r-devel-linux-x86_64-debian-clang 2.8.1 3.17 28.52 31.69 OK
r-devel-linux-x86_64-debian-gcc 2.8.1 2.83 22.96 25.79 OK
r-devel-linux-x86_64-fedora-clang 2.8.1 47.85 NOTE
r-devel-linux-x86_64-fedora-gcc 2.8.1 37.79 OK
r-devel-windows-ix86+x86_64 2.8.1 7.00 42.00 49.00 OK
r-patched-linux-x86_64 2.8.1 3.29 28.41 31.70 OK
r-patched-solaris-x86 2.8.1 58.70 OK
r-release-linux-x86_64 2.8.1 3.13 28.57 31.70 OK
r-release-osx-x86_64 2.8.1 OK
r-release-windows-ix86+x86_64 2.8.1 7.00 42.00 49.00 OK
r-oldrel-osx-x86_64 2.8.1 OK
r-oldrel-windows-ix86+x86_64 2.8.1 7.00 51.00 58.00 OK

Check Details

Version: 2.8.1
Check: Rd cross-references
Result: NOTE
    Undeclared package ‘MALDIquantForeign’ in Rd xrefs
Flavor: r-devel-linux-x86_64-fedora-clang