CRAN Package Check Results for Package readMzXmlData

Last updated on 2014-08-22 03:48:06.

Flavor Version Tinstall Tcheck Ttotal Status Flags
r-devel-linux-x86_64-debian-clang 2.7 1.24 16.11 17.35 OK
r-devel-linux-x86_64-debian-gcc 2.7 1.16 15.82 16.98 OK
r-devel-linux-x86_64-fedora-clang 2.7 36.36 NOTE
r-devel-linux-x86_64-fedora-gcc 2.7 34.48 NOTE
r-devel-osx-x86_64-clang 2.7 33.41 NOTE
r-devel-windows-ix86+x86_64 2.7 4.00 26.00 30.00 OK
r-patched-linux-x86_64 2.7 1.23 16.40 17.63 OK
r-patched-solaris-sparc 2.7 204.30 OK
r-patched-solaris-x86 2.7 49.40 OK
r-release-linux-ix86 2.7 1.55 23.27 24.82 OK
r-release-linux-x86_64 2.7 1.19 16.92 18.11 OK
r-release-osx-x86_64-mavericks 2.7 NOTE
r-release-osx-x86_64-snowleopard 2.7 NOTE
r-release-windows-ix86+x86_64 2.7 4.00 27.00 31.00 OK
r-oldrel-windows-ix86+x86_64 2.7 4.00 29.00 33.00 OK

Check Details

Version: 2.7
Check: R code for possible problems
Result: NOTE
    mqReadMzXml : <anonymous>: no visible global function definition for
     ‘createMassSpectrum’
Flavors: r-devel-linux-x86_64-fedora-clang, r-devel-linux-x86_64-fedora-gcc, r-devel-osx-x86_64-clang

Version: 2.7
Check: Rd cross-references
Result: NOTE
    Package unavailable to check Rd xrefs: ‘MALDIquantForeign’
Flavors: r-release-osx-x86_64-mavericks, r-release-osx-x86_64-snowleopard