CRAN Package Check Results for Package readMzXmlData

Last updated on 2015-08-03 11:49:26.

Flavor Version Tinstall Tcheck Ttotal Status Flags
r-devel-linux-x86_64-debian-clang 2.8 0.98 14.55 15.53 NOTE
r-devel-linux-x86_64-debian-gcc 2.8 1.01 14.28 15.30 NOTE
r-devel-linux-x86_64-fedora-clang 2.8 29.60 NOTE
r-devel-linux-x86_64-fedora-gcc 2.8 28.66 NOTE
r-devel-osx-x86_64-clang 2.8 28.54 OK
r-devel-windows-ix86+x86_64 2.8 4.00 26.00 30.00 NOTE
r-patched-linux-x86_64 2.8 0.99 14.64 15.63 OK
r-patched-solaris-sparc 2.8 195.30 OK
r-patched-solaris-x86 2.8 42.10 OK
r-release-linux-x86_64 2.8 0.97 15.29 16.26 OK
r-release-osx-x86_64-mavericks 2.8 OK
r-release-windows-ix86+x86_64 2.8 6.00 24.00 30.00 OK
r-oldrel-windows-ix86+x86_64 2.8 8.00 31.00 39.00 OK

Check Details

Version: 2.8
Check: R code for possible problems
Result: NOTE
    .revfregexpr: no visible global function definition for ‘tail’
    Undefined global functions or variables:
     tail
    Consider adding
     importFrom("utils", "tail")
    to your NAMESPACE.
Flavors: r-devel-linux-x86_64-debian-clang, r-devel-linux-x86_64-debian-gcc, r-devel-linux-x86_64-fedora-clang, r-devel-linux-x86_64-fedora-gcc, r-devel-windows-ix86+x86_64