CRAN Package Check Results for Package readMzXmlData

Last updated on 2015-07-08 05:47:52.

Flavor Version Tinstall Tcheck Ttotal Status Flags
r-devel-linux-x86_64-debian-clang 2.8 1.00 14.29 15.29 NOTE
r-devel-linux-x86_64-debian-gcc 2.8 1.06 13.94 15.00 NOTE
r-devel-linux-x86_64-fedora-clang 2.8 28.76 NOTE
r-devel-linux-x86_64-fedora-gcc 2.8 27.27 NOTE
r-devel-osx-x86_64-clang 2.8 28.18 OK
r-devel-windows-ix86+x86_64 2.8 4.00 24.00 28.00 NOTE
r-patched-linux-x86_64 2.8 0.96 14.44 15.40 OK
r-patched-solaris-sparc 2.8 186.50 OK
r-patched-solaris-x86 2.8 42.10 OK
r-release-linux-x86_64 2.8 0.96 14.11 15.06 OK
r-release-osx-x86_64-mavericks 2.8 OK
r-release-windows-ix86+x86_64 2.8 4.00 25.00 29.00 OK
r-oldrel-windows-ix86+x86_64 2.8 6.00 27.00 33.00 OK

Check Details

Version: 2.8
Check: R code for possible problems
Result: NOTE
    .revfregexpr: no visible global function definition for ‘tail’
    Undefined global functions or variables:
     tail
Flavors: r-devel-linux-x86_64-debian-clang, r-devel-linux-x86_64-debian-gcc, r-devel-linux-x86_64-fedora-clang, r-devel-linux-x86_64-fedora-gcc, r-devel-windows-ix86+x86_64