CRAN Package Check Results for Package readMzXmlData

Last updated on 2014-04-24 11:48:53.

Flavor Version Tinstall Tcheck Ttotal Status Flags
r-devel-linux-x86_64-debian-clang 2.7 1.27 17.52 18.79 OK
r-devel-linux-x86_64-debian-gcc 2.7 1.24 17.37 18.60 OK
r-devel-linux-x86_64-fedora-clang 2.7 37.12 OK
r-devel-linux-x86_64-fedora-gcc 2.7 36.14 OK
r-devel-osx-x86_64-clang 2.7 36.27 OK
r-devel-osx-x86_64-gcc 2.7 ERROR
r-devel-windows-ix86+x86_64 2.7 3.00 23.00 26.00 OK
r-patched-linux-x86_64 2.7 1.21 17.32 18.53 OK
r-patched-solaris-sparc 2.7 207.20 OK
r-patched-solaris-x86 2.7 50.70 OK
r-release-linux-ix86 2.7 2.00 33.00 35.00 OK
r-release-linux-x86_64 2.7 1.23 17.40 18.62 OK
r-release-osx-x86_64-mavericks 2.7 NOTE
r-release-osx-x86_64-snowleopard 2.7 NOTE
r-release-windows-ix86+x86_64 2.7 4.00 30.00 34.00 OK
r-oldrel-windows-ix86+x86_64 2.7 4.00 29.00 33.00 OK

Check Details

Version: 2.7
Check: package dependencies
Result: ERROR
    Package required but not available: ‘XML’
    
    See the information on DESCRIPTION files in the chapter ‘Creating R
    packages’ of the ‘Writing R Extensions’ manual.
Flavor: r-devel-osx-x86_64-gcc

Version: 2.7
Check: Rd cross-references
Result: NOTE
    Package unavailable to check Rd xrefs: ‘MALDIquantForeign’
Flavors: r-release-osx-x86_64-mavericks, r-release-osx-x86_64-snowleopard