CRAN Package Check Results for Package readbitmap

Last updated on 2014-08-23 20:47:02.

Flavor Version Tinstall Tcheck Ttotal Status Flags
r-devel-linux-x86_64-debian-clang 0.1-2 0.53 9.63 10.16 NOTE
r-devel-linux-x86_64-debian-gcc 0.1-2 0.53 9.42 9.95 NOTE
r-devel-linux-x86_64-fedora-clang 0.1-2 20.65 NOTE
r-devel-linux-x86_64-fedora-gcc 0.1-2 19.17 NOTE
r-devel-osx-x86_64-clang 0.1-2 22.55 NOTE
r-devel-windows-ix86+x86_64 0.1-2 3.00 19.00 22.00 NOTE
r-patched-linux-x86_64 0.1-2 0.56 9.72 10.28 NOTE
r-patched-solaris-sparc 0.1-2 116.10 NOTE
r-patched-solaris-x86 0.1-2 30.70 NOTE
r-release-linux-ix86 0.1-2 0.92 16.13 17.06 NOTE
r-release-linux-x86_64 0.1-2 0.59 10.19 10.78 NOTE
r-release-osx-x86_64-mavericks 0.1-2 NOTE
r-release-osx-x86_64-snowleopard 0.1-2 NOTE
r-release-windows-ix86+x86_64 0.1-2 4.00 31.00 35.00 NOTE
r-oldrel-windows-ix86+x86_64 0.1-2 3.00 19.00 22.00 NOTE

Check Details

Version: 0.1-2
Check: dependencies in R code
Result: NOTE
    Packages in Depends field not imported from:
     ‘bmp’ ‘jpeg’ ‘png’
     These packages need to be imported from (in the NAMESPACE file)
     for when this namespace is loaded but not attached.
    See the information on DESCRIPTION files in the chapter ‘Creating R
    packages’ of the ‘Writing R Extensions’ manual.
Flavors: r-devel-linux-x86_64-debian-clang, r-devel-linux-x86_64-debian-gcc, r-devel-linux-x86_64-fedora-clang, r-devel-linux-x86_64-fedora-gcc, r-devel-osx-x86_64-clang, r-devel-windows-ix86+x86_64, r-patched-linux-x86_64, r-patched-solaris-sparc, r-patched-solaris-x86, r-release-linux-ix86, r-release-linux-x86_64, r-release-osx-x86_64-mavericks, r-release-windows-ix86+x86_64, r-oldrel-windows-ix86+x86_64

Version: 0.1-2
Check: R code for possible problems
Result: NOTE
    read.bitmap: no visible binding for global variable ‘readPNG’
    read.bitmap: no visible binding for global variable ‘readJPEG’
    read.bitmap: no visible binding for global variable ‘read.bmp’
Flavors: r-devel-linux-x86_64-debian-clang, r-devel-linux-x86_64-debian-gcc, r-devel-linux-x86_64-fedora-clang, r-devel-linux-x86_64-fedora-gcc, r-devel-osx-x86_64-clang

Version: 0.1-2
Check: dependencies in R code
Result: NOTE
    Packages in Depends field not imported from:
     ‘bmp’ ‘jpeg’ ‘png’
     These packages need to be imported from for the case when
     this namespace is loaded but not attached.
    See the information on DESCRIPTION files in the chapter ‘Creating R
    packages’ of the ‘Writing R Extensions’ manual.
Flavor: r-release-osx-x86_64-snowleopard