CRAN Package Check Results for Package readbitmap

Last updated on 2014-07-24 17:49:07.

Flavor Version Tinstall Tcheck Ttotal Status Flags
r-devel-linux-x86_64-debian-clang 0.1-2 0.53 10.00 10.53 NOTE
r-devel-linux-x86_64-debian-gcc 0.1-2 0.68 9.78 10.46 NOTE
r-devel-linux-x86_64-fedora-clang 0.1-2 22.05 NOTE
r-devel-linux-x86_64-fedora-gcc 0.1-2 21.35 NOTE
r-devel-osx-x86_64-clang 0.1-2 23.31 NOTE
r-devel-windows-ix86+x86_64 0.1-2 3.00 20.00 23.00 NOTE
r-patched-linux-x86_64 0.1-2 0.56 9.75 10.32 NOTE
r-patched-solaris-sparc 0.1-2 119.80 NOTE
r-patched-solaris-x86 0.1-2 30.30 NOTE
r-release-linux-ix86 0.1-2 0.93 16.16 17.09 NOTE
r-release-linux-x86_64 0.1-2 0.58 10.10 10.68 NOTE
r-release-osx-x86_64-mavericks 0.1-2 NOTE
r-release-osx-x86_64-snowleopard 0.1-2 NOTE
r-release-windows-ix86+x86_64 0.1-2 4.00 31.00 35.00 NOTE
r-oldrel-windows-ix86+x86_64 0.1-2 3.00 19.00 22.00 NOTE

Check Details

Version: 0.1-2
Check: dependencies in R code
Result: NOTE
    Packages in Depends field not imported from:
     ‘bmp’ ‘jpeg’ ‘png’
     These packages need to be imported from (in the NAMESPACE file)
     for when this namespace is loaded but not attached.
    See the information on DESCRIPTION files in the chapter ‘Creating R
    packages’ of the ‘Writing R Extensions’ manual.
Flavors: r-devel-linux-x86_64-debian-clang, r-devel-linux-x86_64-debian-gcc, r-devel-linux-x86_64-fedora-clang, r-devel-linux-x86_64-fedora-gcc, r-devel-osx-x86_64-clang, r-devel-windows-ix86+x86_64, r-patched-linux-x86_64, r-patched-solaris-sparc, r-patched-solaris-x86, r-release-linux-ix86, r-release-linux-x86_64, r-release-osx-x86_64-mavericks, r-release-windows-ix86+x86_64, r-oldrel-windows-ix86+x86_64

Version: 0.1-2
Check: dependencies in R code
Result: NOTE
    Packages in Depends field not imported from:
     ‘bmp’ ‘jpeg’ ‘png’
     These packages need to be imported from for the case when
     this namespace is loaded but not attached.
    See the information on DESCRIPTION files in the chapter ‘Creating R
    packages’ of the ‘Writing R Extensions’ manual.
Flavor: r-release-osx-x86_64-snowleopard