CRAN Package Check Results for Package readbitmap

Last updated on 2014-04-24 15:50:45.

Flavor Version Tinstall Tcheck Ttotal Status Flags
r-devel-linux-x86_64-debian-clang 0.1-2 0.60 10.75 11.34 NOTE
r-devel-linux-x86_64-debian-gcc 0.1-2 0.60 10.18 10.78 NOTE
r-devel-linux-x86_64-fedora-clang 0.1-2 21.21 NOTE
r-devel-linux-x86_64-fedora-gcc 0.1-2 20.14 NOTE
r-devel-osx-x86_64-clang 0.1-2 25.50 NOTE
r-devel-osx-x86_64-gcc 0.1-2 NOTE
r-devel-windows-ix86+x86_64 0.1-2 3.00 18.00 21.00 NOTE
r-patched-linux-x86_64 0.1-2 0.60 10.40 11.00 NOTE
r-patched-solaris-sparc 0.1-2 119.80 NOTE
r-patched-solaris-x86 0.1-2 31.40 NOTE
r-release-linux-ix86 0.1-2 2.00 23.00 25.00 NOTE
r-release-linux-x86_64 0.1-2 0.60 10.45 11.04 NOTE
r-release-osx-x86_64-mavericks 0.1-2 NOTE
r-release-osx-x86_64-snowleopard 0.1-2 NOTE
r-release-windows-ix86+x86_64 0.1-2 6.00 25.00 31.00 NOTE
r-oldrel-windows-ix86+x86_64 0.1-2 3.00 30.00 33.00 NOTE

Check Details

Version: 0.1-2
Check: dependencies in R code
Result: NOTE
    Packages in Depends field not imported from:
     ‘bmp’ ‘jpeg’ ‘png’
     These packages need to be imported from (in the NAMESPACE file)
     for when this namespace is loaded but not attached.
    See the information on DESCRIPTION files in the chapter ‘Creating R
    packages’ of the ‘Writing R Extensions’ manual.
Flavors: r-devel-linux-x86_64-debian-clang, r-devel-linux-x86_64-debian-gcc, r-devel-linux-x86_64-fedora-clang, r-devel-linux-x86_64-fedora-gcc, r-devel-osx-x86_64-clang, r-devel-osx-x86_64-gcc, r-devel-windows-ix86+x86_64, r-patched-linux-x86_64, r-patched-solaris-sparc, r-patched-solaris-x86, r-release-linux-ix86, r-release-linux-x86_64, r-release-osx-x86_64-mavericks, r-release-windows-ix86+x86_64, r-oldrel-windows-ix86+x86_64

Version: 0.1-2
Check: dependencies in R code
Result: NOTE
    Packages in Depends field not imported from:
     ‘bmp’ ‘jpeg’ ‘png’
     These packages need to be imported from for the case when
     this namespace is loaded but not attached.
    See the information on DESCRIPTION files in the chapter ‘Creating R
    packages’ of the ‘Writing R Extensions’ manual.
Flavor: r-release-osx-x86_64-snowleopard