CRAN Package Check Results for Package reader

Last updated on 2022-09-24 23:57:42 CEST.

Flavor Version Tinstall Tcheck Ttotal Status Flags
r-devel-linux-x86_64-debian-clang 1.0.6 2.15 31.33 33.48 NOTE
r-devel-linux-x86_64-debian-gcc 1.0.6 2.53 24.41 26.94 NOTE
r-devel-linux-x86_64-fedora-clang 1.0.6 52.79 NOTE
r-devel-linux-x86_64-fedora-gcc 1.0.6 51.94 NOTE
r-devel-windows-x86_64 1.0.6 14.00 59.00 73.00 OK
r-patched-linux-x86_64 1.0.6 3.69 30.24 33.93 NOTE
r-release-linux-x86_64 1.0.6 3.24 29.86 33.10 NOTE
r-release-macos-arm64 1.0.6 19.00 OK
r-release-macos-x86_64 1.0.6 24.00 OK
r-release-windows-x86_64 1.0.6 16.00 56.00 72.00 OK
r-oldrel-macos-arm64 1.0.6 23.00 OK
r-oldrel-macos-x86_64 1.0.6 31.00 OK
r-oldrel-windows-ix86+x86_64 1.0.6 7.00 54.00 61.00 OK

Check Details

Version: 1.0.6
Check: for non-standard things in the check directory
Result: NOTE
    Found the following files/directories:
     'temp.txt' 'temp2.csv' 'temp3.rda'
Flavors: r-devel-linux-x86_64-debian-clang, r-devel-linux-x86_64-debian-gcc, r-devel-linux-x86_64-fedora-clang, r-devel-linux-x86_64-fedora-gcc, r-patched-linux-x86_64, r-release-linux-x86_64