CRAN Package Check Results for Package readmoRe

Last updated on 2024-04-18 04:58:57 CEST.

Flavor Version Tinstall Tcheck Ttotal Status Flags
r-devel-linux-x86_64-debian-clang 0.2-12 5.05 40.36 45.41 NOTE
r-devel-linux-x86_64-debian-gcc 0.2-12 3.82 30.18 34.00 NOTE
r-devel-linux-x86_64-fedora-clang 0.2-12 54.99 NOTE
r-devel-linux-x86_64-fedora-gcc 0.2-12 52.68 NOTE
r-prerel-macos-arm64 0.2-12 20.00 NOTE
r-prerel-windows-x86_64 0.2-12 5.00 48.00 53.00 NOTE
r-patched-linux-x86_64 0.2-12 4.69 37.65 42.34 NOTE
r-release-linux-x86_64 0.2-12 4.20 37.73 41.93 OK
r-release-macos-arm64 0.2-12 19.00 OK
r-release-macos-x86_64 0.2-12 24.00 OK
r-release-windows-x86_64 0.2-12 7.00 52.00 59.00 OK
r-oldrel-macos-arm64 0.2-12 22.00 OK
r-oldrel-windows-x86_64 0.2-12 8.00 59.00 67.00 OK

Check Details

Version: 0.2-12
Check: Rd files
Result: NOTE checkRd: (-1) get.skip.Rd:15: Lost braces 15 | line in the file to determine the {code{skip}} value.} | ^ checkRd: (-1) get.skip.Rd:15: Lost braces 15 | line in the file to determine the {code{skip}} value.} | ^ Flavors: r-devel-linux-x86_64-debian-clang, r-devel-linux-x86_64-debian-gcc, r-devel-linux-x86_64-fedora-clang, r-devel-linux-x86_64-fedora-gcc, r-prerel-macos-arm64, r-prerel-windows-x86_64, r-patched-linux-x86_64