CRAN Package Check Results for Package readrba

Last updated on 2021-04-17 01:50:07 CEST.

Flavor Version Tinstall Tcheck Ttotal Status Flags
r-devel-linux-x86_64-debian-clang 0.1.1 5.29 55.94 61.23 OK
r-devel-linux-x86_64-debian-gcc 0.1.1 4.29 41.31 45.60 OK
r-devel-linux-x86_64-fedora-clang 0.1.1 79.49 NOTE
r-devel-linux-x86_64-fedora-gcc 0.1.1 69.52 OK
r-devel-windows-ix86+x86_64 0.1.1 15.00 112.00 127.00 OK
r-devel-windows-x86_64-gcc10-UCRT 0.1.1 OK
r-patched-linux-x86_64 0.1.1 5.70 51.28 56.98 OK
r-patched-solaris-x86 0.1.1 90.50 OK
r-release-linux-x86_64 0.1.1 4.47 51.65 56.12 OK
r-release-macos-x86_64 0.1.1 OK
r-release-windows-ix86+x86_64 0.1.1 12.00 117.00 129.00 OK
r-oldrel-macos-x86_64 0.1.1 OK
r-oldrel-windows-ix86+x86_64 0.1.1 7.00 122.00 129.00 OK

Check Details

Version: 0.1.1
Check: Rd cross-references
Result: NOTE
    Undeclared package ‘magrittr’ in Rd xrefs
Flavor: r-devel-linux-x86_64-fedora-clang