CRAN Package Check Results for Package readroper

Last updated on 2023-01-30 04:52:31 CET.

Flavor Version Tinstall Tcheck Ttotal Status Flags
r-devel-linux-x86_64-debian-clang 0.9.3 2.11 28.74 30.85 NOTE
r-devel-linux-x86_64-debian-gcc 0.9.3 1.30 21.79 23.09 NOTE
r-devel-linux-x86_64-fedora-clang 0.9.3 38.81 NOTE
r-devel-linux-x86_64-fedora-gcc 0.9.3 48.58 NOTE
r-devel-windows-x86_64 0.9.3 13.00 79.00 92.00 NOTE
r-patched-linux-x86_64 0.9.3 1.34 28.59 29.93 NOTE
r-release-linux-x86_64 0.9.3 1.93 28.65 30.58 NOTE
r-release-macos-arm64 0.9.3 20.00 NOTE
r-release-macos-x86_64 0.9.3 42.00 NOTE
r-release-windows-x86_64 0.9.3 9.00 66.00 75.00 NOTE
r-oldrel-macos-arm64 0.9.3 18.00 NOTE
r-oldrel-macos-x86_64 0.9.3 30.00 NOTE
r-oldrel-windows-ix86+x86_64 0.9.3 5.00 53.00 58.00 NOTE

Check Details

Version: 0.9.3
Check: LazyData
Result: NOTE
     'LazyData' is specified without a 'data' directory
Flavors: r-devel-linux-x86_64-debian-clang, r-devel-linux-x86_64-debian-gcc, r-devel-linux-x86_64-fedora-clang, r-devel-linux-x86_64-fedora-gcc, r-devel-windows-x86_64, r-patched-linux-x86_64, r-release-linux-x86_64, r-release-macos-arm64, r-release-macos-x86_64, r-release-windows-x86_64, r-oldrel-macos-arm64, r-oldrel-macos-x86_64, r-oldrel-windows-ix86+x86_64