CRAN Package Check Results for Package readsdmx

Last updated on 2022-10-02 17:51:50 CEST.

Flavor Version Tinstall Tcheck Ttotal Status Flags
r-devel-linux-x86_64-debian-clang 0.3.0 23.17 30.86 54.03 NOTE
r-devel-linux-x86_64-debian-gcc 0.3.0 17.71 23.99 41.70 NOTE
r-devel-linux-x86_64-fedora-clang 0.3.0 87.73 NOTE
r-devel-linux-x86_64-fedora-gcc 0.3.0 76.52 NOTE
r-devel-windows-x86_64 0.3.0 35.00 77.00 112.00 NOTE
r-patched-linux-x86_64 0.3.0 19.34 29.71 49.05 NOTE
r-release-linux-x86_64 0.3.0 17.84 29.60 47.44 NOTE
r-release-macos-arm64 0.3.0 23.00 NOTE
r-release-macos-x86_64 0.3.0 30.00 NOTE
r-release-windows-x86_64 0.3.0 39.00 75.00 114.00 NOTE
r-oldrel-macos-arm64 0.3.0 28.00 NOTE
r-oldrel-macos-x86_64 0.3.0 42.00 NOTE
r-oldrel-windows-ix86+x86_64 0.3.0 55.00 79.00 134.00 NOTE

Check Details

Version: 0.3.0
Check: LazyData
Result: NOTE
     'LazyData' is specified without a 'data' directory
Flavors: r-devel-linux-x86_64-debian-clang, r-devel-linux-x86_64-debian-gcc, r-devel-linux-x86_64-fedora-clang, r-devel-linux-x86_64-fedora-gcc, r-devel-windows-x86_64, r-patched-linux-x86_64, r-release-linux-x86_64, r-release-macos-arm64, r-release-macos-x86_64, r-release-windows-x86_64, r-oldrel-macos-arm64, r-oldrel-macos-x86_64, r-oldrel-windows-ix86+x86_64