CRAN Package Check Results for Package reams

Last updated on 2015-06-30 09:47:08.

Flavor Version Tinstall Tcheck Ttotal Status Flags
r-devel-linux-x86_64-debian-clang 0.1 2.74 34.85 37.59 NOTE
r-devel-linux-x86_64-debian-gcc 0.1 2.66 33.89 36.55 NOTE
r-devel-linux-x86_64-fedora-clang 0.1 77.46 NOTE
r-devel-linux-x86_64-fedora-gcc 0.1 74.16 NOTE
r-devel-osx-x86_64-clang 0.1 66.81 NOTE
r-devel-windows-ix86+x86_64 0.1 12.00 55.00 67.00 NOTE
r-patched-linux-x86_64 0.1 3.33 35.00 38.33 NOTE
r-patched-solaris-sparc 0.1 458.00 NOTE
r-patched-solaris-x86 0.1 106.00 NOTE
r-release-linux-x86_64 0.1 3.24 34.76 38.00 NOTE
r-release-osx-x86_64-mavericks 0.1 NOTE
r-release-windows-ix86+x86_64 0.1 10.00 56.00 66.00 NOTE
r-oldrel-windows-ix86+x86_64 0.1 10.00 97.00 107.00 NOTE

Check Details

Version: 0.1
Check: top-level files
Result: NOTE
    Non-standard file/directory found at top level:
     ‘devel’
Flavors: r-devel-linux-x86_64-debian-clang, r-devel-linux-x86_64-debian-gcc, r-devel-linux-x86_64-fedora-clang, r-devel-linux-x86_64-fedora-gcc, r-patched-linux-x86_64, r-release-linux-x86_64

Version: 0.1
Check: dependencies in R code
Result: NOTE
    'library' or 'require' calls to packages already attached by Depends:
     ‘leaps’ ‘mgcv’
     Please remove these calls from your code.
Flavors: r-devel-linux-x86_64-debian-clang, r-devel-linux-x86_64-debian-gcc, r-devel-linux-x86_64-fedora-clang, r-devel-linux-x86_64-fedora-gcc, r-devel-osx-x86_64-clang, r-devel-windows-ix86+x86_64, r-patched-linux-x86_64, r-patched-solaris-sparc, r-patched-solaris-x86, r-release-linux-x86_64, r-release-osx-x86_64-mavericks, r-release-windows-ix86+x86_64, r-oldrel-windows-ix86+x86_64

Version: 0.1
Check: R code for possible problems
Result: NOTE
    xy: warning in assign(xname, X, env = .GlobalEnv): partial argument
     match of ‘env’ to ‘envir’
    xy: warning in assign(yname, y, env = .GlobalEnv): partial argument
     match of ‘env’ to ‘envir’
    bestmods: no visible global function definition for ‘abline’
    bestmods: no visible global function definition for ‘axis’
    bestmods: no visible global function definition for ‘lines’
    cic: no visible global function definition for ‘lsfit’
    cic: no visible global function definition for ‘var’
    cvic: no visible global function definition for ‘lsfit’
    cvic: no visible global function definition for ‘lm’
    eic: no visible global function definition for ‘lsfit’
    eic: no visible global function definition for ‘lm’
    ic.min: no visible global function definition for ‘lsfit’
    scoremods: no visible global function definition for ‘lsfit’
    scoremods: no visible global function definition for ‘var’
    xy: no visible global function definition for ‘rnorm’
    
    Found the following assignments to the global environment:
    File ‘reams/R/xy.R’:
     assign(xname, X, env = .GlobalEnv)
     assign(yname, y, env = .GlobalEnv)
Flavors: r-devel-linux-x86_64-debian-clang, r-devel-linux-x86_64-debian-gcc

Version: 0.1
Check: Rd files
Result: NOTE
    prepare_Rd: bestmods.Rd:47-49: Dropping empty section \note
    prepare_Rd: bestmods.Rd:43-44: Dropping empty section \references
    prepare_Rd: cic.Rd:24-26: Dropping empty section \details
    prepare_Rd: cic.Rd:40-42: Dropping empty section \note
    prepare_Rd: cvic.Rd:49-51: Dropping empty section \note
    prepare_Rd: eic.Rd:31-33: Dropping empty section \details
    prepare_Rd: eic.Rd:50-52: Dropping empty section \note
    prepare_Rd: eic.Rd:56-58: Dropping empty section \seealso
    prepare_Rd: ic.min.Rd:22-24: Dropping empty section \details
    prepare_Rd: ic.min.Rd:47-49: Dropping empty section \note
    prepare_Rd: ic.min.Rd:53-55: Dropping empty section \seealso
    prepare_Rd: reams-package.Rd:16-17: Dropping empty section \references
    prepare_Rd: reams-package.Rd:19-20: Dropping empty section \seealso
    prepare_Rd: reams-package.Rd:21-22: Dropping empty section \examples
    prepare_Rd: scoremods.Rd:26-28: Dropping empty section \details
    prepare_Rd: scoremods.Rd:43-45: Dropping empty section \note
    prepare_Rd: xy.Rd:46-48: Dropping empty section \note
    prepare_Rd: xy.Rd:52: Dropping empty section \seealso
Flavors: r-devel-linux-x86_64-debian-clang, r-devel-linux-x86_64-debian-gcc, r-devel-linux-x86_64-fedora-clang, r-devel-linux-x86_64-fedora-gcc, r-devel-osx-x86_64-clang, r-devel-windows-ix86+x86_64, r-patched-linux-x86_64, r-patched-solaris-sparc, r-patched-solaris-x86, r-release-linux-x86_64, r-release-osx-x86_64-mavericks, r-release-windows-ix86+x86_64, r-oldrel-windows-ix86+x86_64

Version: 0.1
Check: R code for possible problems
Result: NOTE
    xy: warning in assign(xname, X, env = .GlobalEnv): partial argument
     match of 'env' to 'envir'
    xy: warning in assign(yname, y, env = .GlobalEnv): partial argument
     match of 'env' to 'envir'
    
    Found the following assignments to the global environment:
    File ‘reams/R/xy.R’:
     assign(xname, X, env = .GlobalEnv)
     assign(yname, y, env = .GlobalEnv)
Flavors: r-devel-linux-x86_64-fedora-clang, r-devel-osx-x86_64-clang, r-patched-linux-x86_64, r-release-linux-x86_64

Version: 0.1
Check: R code for possible problems
Result: NOTE
    xy: warning in assign(xname, X, env = .GlobalEnv): partial argument
     match of 'env' to 'envir'
    xy: warning in assign(yname, y, env = .GlobalEnv): partial argument
     match of 'env' to 'envir'
Flavors: r-devel-linux-x86_64-fedora-gcc, r-patched-solaris-sparc, r-patched-solaris-x86, r-release-osx-x86_64-mavericks, r-release-windows-ix86+x86_64, r-oldrel-windows-ix86+x86_64

Version: 0.1
Check: R code for possible problems
Result: NOTE
    xy: warning in assign(xname, X, env = .GlobalEnv): partial argument
     match of 'env' to 'envir'
    xy: warning in assign(yname, y, env = .GlobalEnv): partial argument
     match of 'env' to 'envir'
    bestmods: no visible global function definition for 'abline'
    bestmods: no visible global function definition for 'axis'
    bestmods: no visible global function definition for 'lines'
    cic: no visible global function definition for 'lsfit'
    cic: no visible global function definition for 'var'
    cvic: no visible global function definition for 'lsfit'
    cvic: no visible global function definition for 'lm'
    eic: no visible global function definition for 'lsfit'
    eic: no visible global function definition for 'lm'
    ic.min: no visible global function definition for 'lsfit'
    scoremods: no visible global function definition for 'lsfit'
    scoremods: no visible global function definition for 'var'
    xy: no visible global function definition for 'rnorm'
Flavor: r-devel-windows-ix86+x86_64