CRAN Package Check Results for Package reams

Last updated on 2014-07-29 01:47:28.

Flavor Version Tinstall Tcheck Ttotal Status Flags
r-devel-linux-x86_64-debian-clang 0.1 3.57 42.69 46.26 NOTE
r-devel-linux-x86_64-debian-gcc 0.1 3.36 42.69 46.06 NOTE
r-devel-linux-x86_64-fedora-clang 0.1 108.76 NOTE
r-devel-linux-x86_64-fedora-gcc 0.1 102.24 NOTE
r-devel-osx-x86_64-clang 0.1 84.58 NOTE
r-devel-windows-ix86+x86_64 0.1 11.00 62.00 73.00 NOTE
r-patched-linux-x86_64 0.1 3.65 43.25 46.90 NOTE
r-patched-solaris-sparc 0.1 558.20 NOTE
r-patched-solaris-x86 0.1 136.60 NOTE
r-release-linux-ix86 0.1 4.07 51.34 55.41 NOTE
r-release-linux-x86_64 0.1 3.48 42.92 46.40 NOTE
r-release-osx-x86_64-mavericks 0.1 NOTE
r-release-osx-x86_64-snowleopard 0.1 NOTE
r-release-windows-ix86+x86_64 0.1 10.00 60.00 70.00 NOTE
r-oldrel-windows-ix86+x86_64 0.1 9.00 59.00 68.00 NOTE

Check Details

Version: 0.1
Check: dependencies in R code
Result: NOTE
    'library' or 'require' calls to packages already attached by Depends:
     leaps mgcv
     Please remove these calls from your code.
    See the information on DESCRIPTION files in the chapter Creating R
    packages of the Writing R Extensions manual.
Flavors: r-devel-linux-x86_64-debian-clang, r-devel-linux-x86_64-debian-gcc, r-devel-linux-x86_64-fedora-clang, r-devel-linux-x86_64-fedora-gcc, r-devel-osx-x86_64-clang, r-devel-windows-ix86+x86_64, r-patched-linux-x86_64, r-patched-solaris-sparc, r-patched-solaris-x86, r-release-linux-ix86, r-release-linux-x86_64, r-release-osx-x86_64-mavericks, r-release-osx-x86_64-snowleopard, r-release-windows-ix86+x86_64, r-oldrel-windows-ix86+x86_64

Version: 0.1
Check: R code for possible problems
Result: NOTE
    xy: warning in assign(xname, X, env = .GlobalEnv): partial argument
     match of 'env' to 'envir'
    xy: warning in assign(yname, y, env = .GlobalEnv): partial argument
     match of 'env' to 'envir'
    
    Found the following assignments to the global environment:
    File reams/R/xy.R :
     assign(xname, X, env = .GlobalEnv)
     assign(yname, y, env = .GlobalEnv)
Flavors: r-devel-linux-x86_64-debian-clang, r-devel-linux-x86_64-debian-gcc, r-devel-linux-x86_64-fedora-clang, r-devel-osx-x86_64-clang, r-patched-linux-x86_64, r-release-linux-ix86, r-release-linux-x86_64

Version: 0.1
Check: Rd files
Result: NOTE
    prepare_Rd: bestmods.Rd:47-49: Dropping empty section \note
    prepare_Rd: bestmods.Rd:43-44: Dropping empty section \references
    prepare_Rd: cic.Rd:24-26: Dropping empty section \details
    prepare_Rd: cic.Rd:40-42: Dropping empty section \note
    prepare_Rd: cvic.Rd:49-51: Dropping empty section \note
    prepare_Rd: eic.Rd:31-33: Dropping empty section \details
    prepare_Rd: eic.Rd:50-52: Dropping empty section \note
    prepare_Rd: eic.Rd:56-58: Dropping empty section \seealso
    prepare_Rd: ic.min.Rd:22-24: Dropping empty section \details
    prepare_Rd: ic.min.Rd:47-49: Dropping empty section \note
    prepare_Rd: ic.min.Rd:53-55: Dropping empty section \seealso
    prepare_Rd: reams-package.Rd:16-17: Dropping empty section \references
    prepare_Rd: reams-package.Rd:19-20: Dropping empty section \seealso
    prepare_Rd: reams-package.Rd:21-22: Dropping empty section \examples
    prepare_Rd: scoremods.Rd:26-28: Dropping empty section \details
    prepare_Rd: scoremods.Rd:43-45: Dropping empty section \note
    prepare_Rd: xy.Rd:46-48: Dropping empty section \note
    prepare_Rd: xy.Rd:52: Dropping empty section \seealso
Flavors: r-devel-linux-x86_64-debian-clang, r-devel-linux-x86_64-debian-gcc, r-devel-linux-x86_64-fedora-clang, r-devel-linux-x86_64-fedora-gcc, r-devel-osx-x86_64-clang, r-devel-windows-ix86+x86_64, r-patched-linux-x86_64, r-patched-solaris-sparc, r-patched-solaris-x86, r-release-linux-ix86, r-release-linux-x86_64, r-release-osx-x86_64-mavericks, r-release-osx-x86_64-snowleopard, r-release-windows-ix86+x86_64, r-oldrel-windows-ix86+x86_64

Version: 0.1
Check: top-level files
Result: NOTE
    Non-standard file/directory found at top level:
     devel
Flavors: r-devel-linux-x86_64-fedora-clang, r-devel-linux-x86_64-fedora-gcc

Version: 0.1
Check: R code for possible problems
Result: NOTE
    xy: warning in assign(xname, X, env = .GlobalEnv): partial argument
     match of 'env' to 'envir'
    xy: warning in assign(yname, y, env = .GlobalEnv): partial argument
     match of 'env' to 'envir'
Flavors: r-devel-linux-x86_64-fedora-gcc, r-devel-windows-ix86+x86_64, r-patched-solaris-sparc, r-patched-solaris-x86, r-release-osx-x86_64-mavericks, r-release-osx-x86_64-snowleopard, r-release-windows-ix86+x86_64, r-oldrel-windows-ix86+x86_64