CRAN Package Check Results for Package rebird

Last updated on 2015-05-25 16:47:21.

Flavor Version Tinstall Tcheck Ttotal Status Flags
r-devel-linux-x86_64-debian-clang 0.1.1 1.16 15.34 16.50 NOTE
r-devel-linux-x86_64-debian-gcc 0.1.1 1.07 15.20 16.28 NOTE
r-devel-linux-x86_64-fedora-clang 0.1.1 34.18 NOTE
r-devel-linux-x86_64-fedora-gcc 0.1.1 31.64 NOTE
r-devel-osx-x86_64-clang 0.1.1 34.18 NOTE
r-devel-windows-ix86+x86_64 0.1.1 3.00 28.00 31.00 NOTE
r-patched-linux-x86_64 0.1.1 1.36 14.96 16.32 NOTE
r-patched-solaris-sparc 0.1.1 207.30 NOTE
r-patched-solaris-x86 0.1.1 51.50 NOTE
r-release-linux-x86_64 0.1.1 1.06 14.89 15.95 NOTE
r-release-osx-x86_64-mavericks 0.1.1 NOTE
r-release-osx-x86_64-snowleopard 0.1.1 NOTE
r-release-windows-ix86+x86_64 0.1.1 4.00 28.00 32.00 NOTE
r-oldrel-windows-ix86+x86_64 0.1.1 7.00 40.00 47.00 OK

Check Details

Version: 0.1.1
Check: DESCRIPTION meta-information
Result: NOTE
    Malformed Description field: should contain one or more complete sentences.
Flavors: r-devel-linux-x86_64-debian-clang, r-devel-linux-x86_64-debian-gcc, r-devel-linux-x86_64-fedora-clang, r-devel-linux-x86_64-fedora-gcc, r-devel-osx-x86_64-clang, r-devel-windows-ix86+x86_64, r-patched-linux-x86_64, r-patched-solaris-sparc, r-patched-solaris-x86, r-release-linux-x86_64, r-release-osx-x86_64-mavericks, r-release-osx-x86_64-snowleopard, r-release-windows-ix86+x86_64