CRAN Package Check Results for Package rebird

Last updated on 2015-04-21 03:49:38.

Flavor Version Tinstall Tcheck Ttotal Status Flags
r-devel-linux-x86_64-debian-clang 0.1.1 1.06 15.18 16.25 NOTE
r-devel-linux-x86_64-debian-gcc 0.1.1 1.42 15.18 16.60 NOTE
r-devel-linux-x86_64-fedora-clang 0.1.1 32.48 NOTE
r-devel-linux-x86_64-fedora-gcc 0.1.1 31.15 NOTE
r-devel-osx-x86_64-clang 0.1.1 31.28 NOTE
r-devel-windows-ix86+x86_64 0.1.1 5.00 31.00 36.00 NOTE
r-patched-linux-x86_64 0.1.1 1.18 15.21 16.40 NOTE
r-patched-solaris-sparc 0.1.1 197.00 NOTE
r-patched-solaris-x86 0.1.1 45.20 NOTE
r-release-linux-x86_64 0.1.1 1.11 14.93 16.04 NOTE
r-release-osx-x86_64-mavericks 0.1.1 NOTE
r-release-osx-x86_64-snowleopard 0.1.1 NOTE
r-release-windows-ix86+x86_64 0.1.1 2.00 22.00 24.00 NOTE
r-oldrel-windows-ix86+x86_64 0.1.1 6.00 36.00 42.00 OK

Check Details

Version: 0.1.1
Check: DESCRIPTION meta-information
Result: NOTE
    Malformed Description field: should contain one or more complete sentences.
Flavors: r-devel-linux-x86_64-debian-clang, r-devel-linux-x86_64-debian-gcc, r-devel-linux-x86_64-fedora-clang, r-devel-linux-x86_64-fedora-gcc, r-devel-osx-x86_64-clang, r-devel-windows-ix86+x86_64, r-patched-linux-x86_64, r-patched-solaris-sparc, r-patched-solaris-x86, r-release-linux-x86_64, r-release-osx-x86_64-mavericks, r-release-osx-x86_64-snowleopard, r-release-windows-ix86+x86_64