CRAN Package Check Results for Package rebird

Last updated on 2015-03-31 03:48:39.

Flavor Version Tinstall Tcheck Ttotal Status Flags
r-devel-linux-x86_64-debian-clang 0.1.1 1.14 14.70 15.84 NOTE
r-devel-linux-x86_64-debian-gcc 0.1.1 1.06 14.68 15.74 NOTE
r-devel-linux-x86_64-fedora-clang 0.1.1 32.21 NOTE
r-devel-linux-x86_64-fedora-gcc 0.1.1 32.92 NOTE
r-devel-osx-x86_64-clang 0.1.1 33.25 NOTE
r-prerel-windows-ix86+x86_64 0.1.1 4.00 24.00 28.00 NOTE
r-prerel-linux-x86_64 0.1.1 1.44 15.13 16.57 NOTE
r-prerel-solaris-sparc 0.1.1 197.00 NOTE
r-prerel-solaris-x86 0.1.1 44.90 NOTE
r-release-linux-x86_64 0.1.1 1.52 19.80 21.32 OK
r-release-osx-x86_64-mavericks 0.1.1 OK
r-release-osx-x86_64-snowleopard 0.1.1 OK
r-release-windows-ix86+x86_64 0.1.1 6.00 32.00 38.00 OK
r-oldrel-windows-ix86+x86_64 0.1.1 7.00 33.00 40.00 OK

Check Details

Version: 0.1.1
Check: DESCRIPTION meta-information
Result: NOTE
    Malformed Description field: should contain one or more complete sentences.
Flavors: r-devel-linux-x86_64-debian-clang, r-devel-linux-x86_64-debian-gcc, r-devel-linux-x86_64-fedora-clang, r-devel-linux-x86_64-fedora-gcc, r-devel-osx-x86_64-clang, r-prerel-windows-ix86+x86_64, r-prerel-linux-x86_64, r-prerel-solaris-sparc, r-prerel-solaris-x86