CRAN Package Check Results for Package rebmix

Last updated on 2017-02-26 10:48:18.

Flavor Version Tinstall Tcheck Ttotal Status Flags
r-devel-linux-x86_64-debian-clang 2.9.0 9.70 115.80 125.49 NOTE
r-devel-linux-x86_64-debian-gcc 2.9.0 8.26 113.29 121.55 NOTE
r-devel-linux-x86_64-fedora-clang 2.9.0 263.08 NOTE --no-stop-on-test-error
r-devel-linux-x86_64-fedora-gcc 2.9.0 251.12 NOTE --no-stop-on-test-error
r-devel-macos-x86_64-clang 2.9.0 157.64 NOTE --no-stop-on-test-error
r-devel-windows-ix86+x86_64 2.9.0 46.00 255.00 301.00 OK
r-patched-linux-x86_64 2.9.0 7.82 105.03 112.86 OK
r-patched-solaris-sparc 2.9.0 1498.00 OK
r-patched-solaris-x86 2.9.0 276.50 OK
r-release-linux-x86_64 2.9.0 7.61 104.73 112.34 OK
r-release-osx-x86_64-mavericks 2.9.0 OK
r-release-windows-ix86+x86_64 2.9.0 42.00 239.00 281.00 OK
r-oldrel-windows-ix86+x86_64 2.9.0 45.00 331.00 376.00 OK

Check Details

Version: 2.9.0
Check: compiled code
Result: NOTE
    File ‘rebmix/libs/rebmix.so’:
     Found no calls to: ‘R_registerRoutines’, ‘R_useDynamicSymbols’
    
    It is good practice to register native routines and to disable symbol
    search.
    
    See ‘Writing portable packages’ in the ‘Writing R Extensions’ manual.
Flavors: r-devel-linux-x86_64-debian-clang, r-devel-linux-x86_64-debian-gcc

Version: 2.9.0
Flags: --no-stop-on-test-error
Check: compiled code
Result: NOTE
    File ‘rebmix/libs/rebmix.so’:
     Found no calls to: ‘R_registerRoutines’, ‘R_useDynamicSymbols’
    
    It is good practice to register native routines and to disable symbol
    search.
    
    See ‘Writing portable packages’ in the ‘Writing R Extensions’ manual.
Flavors: r-devel-linux-x86_64-fedora-clang, r-devel-linux-x86_64-fedora-gcc, r-devel-macos-x86_64-clang