CRAN Package Check Results for Package rebmix

Last updated on 2014-04-25 05:47:23.

Flavor Version Tinstall Tcheck Ttotal Status Flags
r-devel-linux-x86_64-debian-clang 2.5.1 3.63 140.41 144.04 OK
r-devel-linux-x86_64-debian-gcc 2.5.1 5.24 139.50 144.74 OK
r-devel-linux-x86_64-fedora-clang 2.5.1 159.66 OK --no-build-vignettes
r-devel-linux-x86_64-fedora-gcc 2.5.1 159.16 OK --no-build-vignettes
r-devel-osx-x86_64-clang 2.5.1 104.63 OK --no-build-vignettes
r-devel-osx-x86_64-gcc 2.5.1 OK
r-devel-windows-ix86+x86_64 2.5.1 17.00 64.00 81.00 OK --no-vignettes
r-patched-linux-x86_64 2.5.1 5.46 139.08 144.54 OK
r-patched-solaris-sparc 2.5.1 389.10 OK --no-vignettes
r-patched-solaris-x86 2.5.1 208.10 OK --no-build-vignettes
r-release-linux-ix86 2.5.1 9.00 316.00 325.00 OK
r-release-linux-x86_64 2.5.1 5.20 139.00 144.20 OK
r-release-osx-x86_64-mavericks 2.5.1 WARN
r-release-windows-ix86+x86_64 2.5.1 17.00 65.00 82.00 OK --no-vignettes
r-oldrel-windows-ix86+x86_64 2.5.1 19.00 62.00 81.00 OK --no-vignettes

Memtest notes: valgrind valgrind

Check Details

Version: 2.5.1
Check: re-building of vignette outputs
Result: NOTE
    Error in re-building vignettes:
     ...
    Dataset = Simulated1_88
    Dataset = Simulated1_89
    Dataset = Simulated1_90
    Dataset = Simulated1_91
    Dataset = Simulated1_92
    Dataset = Simulated1_93
    Dataset = Simulated1_94
    Dataset = Simulated1_95
    Dataset = Simulated1_96
    Dataset = Simulated1_97
    Dataset = Simulated1_98
    Dataset = Simulated1_99
    Dataset = Simulated1_100
    Error in texi2dvi(file = file, pdf = TRUE, clean = clean, quiet = quiet, :
     Running 'texi2dvi' on 'rebmix.tex' failed.
    LaTeX errors:
    ! LaTeX Error: File `upgreek.sty' not found.
    
    Type X to quit or <RETURN> to proceed,
    or enter new name. (Default extension: sty)
    
    test/rebmix/vignettes/rebmix.tex:55: ==> Fatal error occurred, no output PDF f
    ile produced!
    Calls: buildVignettes -> texi2pdf -> texi2dvi
    Execution halted
Flavor: r-release-osx-x86_64-mavericks

Version: 2.5.1
Check: PDF version of manual
Result: WARNING
    LaTeX errors when creating PDF version.
    This typically indicates Rd problems.
    LaTeX errors found:
    ! LaTeX Error: File `upquote.sty' not found.
    
    Type X to quit or <RETURN> to proceed,
    or enter new name. (Default extension: sty)
    
    42c99d11/Rd2.tex:8: ==> Fatal error occurred, no output PDF file produced!
Flavor: r-release-osx-x86_64-mavericks