CRAN Package Check Results for Package rebmix

Last updated on 2019-07-17 18:48:10 CEST.

Flavor Version Tinstall Tcheck Ttotal Status Flags
r-devel-linux-x86_64-debian-clang 2.10.3 27.83 241.03 268.86 NOTE
r-devel-linux-x86_64-debian-gcc 2.10.3 23.05 176.86 199.91 NOTE
r-devel-linux-x86_64-fedora-clang 2.10.3 317.13 NOTE
r-devel-linux-x86_64-fedora-gcc 2.10.3 313.88 NOTE
r-devel-windows-ix86+x86_64 2.10.3 71.00 277.00 348.00 OK
r-patched-linux-x86_64 2.10.3 26.22 239.22 265.44 OK
r-patched-solaris-x86 2.10.3 556.10 OK
r-release-linux-x86_64 2.10.3 28.00 238.90 266.90 OK
r-release-windows-ix86+x86_64 2.10.3 54.00 281.00 335.00 OK
r-release-osx-x86_64 2.10.3 OK
r-oldrel-windows-ix86+x86_64 2.10.3 51.00 360.00 411.00 OK
r-oldrel-osx-x86_64 2.10.3 OK

Check Details

Version: 2.10.3
Check: for non-standard things in the check directory
Result: NOTE
    Found the following files/directories:
     'adult_complete_cases.rda' 'galaxy.rda' 'galaxy.txt'
Flavors: r-devel-linux-x86_64-debian-clang, r-devel-linux-x86_64-debian-gcc, r-devel-linux-x86_64-fedora-clang, r-devel-linux-x86_64-fedora-gcc