CRAN Package Check Results for Package rebmix

Last updated on 2016-02-09 23:48:36.

Flavor Version Tinstall Tcheck Ttotal Status Flags
r-devel-linux-x86_64-debian-gcc 2.7.2 4.51 47.81 52.32 OK
r-devel-linux-x86_64-fedora-clang 2.7.2 90.73 OK
r-devel-linux-x86_64-fedora-gcc 2.7.2 88.24 OK
r-devel-osx-x86_64-clang 2.7.2 78.93 OK
r-devel-windows-ix86+x86_64 2.7.2 28.00 86.00 114.00 OK
r-patched-linux-x86_64 2.7.2 4.73 74.04 78.77 OK
r-patched-solaris-sparc 2.7.2 727.20 OK
r-patched-solaris-x86 2.7.2 158.10 OK
r-release-linux-x86_64 2.7.2 4.83 73.19 78.02 OK
r-release-osx-x86_64-mavericks 2.7.2 OK
r-release-windows-ix86+x86_64 2.7.2 26.00 133.00 159.00 OK
r-oldrel-windows-ix86+x86_64 2.7.2 28.00 129.00 157.00 NOTE

Check Details

Version: 2.7.2
Check: re-building of vignette outputs
Result: NOTE
    Error in re-building vignettes:
     ...
    Dataset = Poisson_81
    Dataset = Poisson_82
    Dataset = Poisson_83
    Dataset = Poisson_84
    Dataset = Poisson_85
    Dataset = Poisson_86
    Dataset = Poisson_87
    Dataset = Poisson_88
    Dataset = Poisson_89
    Dataset = Poisson_90
    Dataset = Poisson_91
    Dataset = Poisson_92
    Dataset = Poisson_93
    Dataset = Poisson_94
    Dataset = Poisson_95
    Dataset = Poisson_96
    Dataset = Poisson_97
    Dataset = Poisson_98
    Dataset = Poisson_99
    Dataset = Poisson_100
    Warning: running command '"D:\compiler\texmf\miktex\bin\texi2dvi.exe" --quiet --pdf "rebmix.tex" --max-iterations=20 -I "D:/RCompile/recent/R-3.1.3/share/texmf/tex/latex" -I "D:/RCompile/recent/R-3.1.3/share/texmf/bibtex/bst"' had status 1
    Error in find_vignette_product(name, by = "texi2pdf", engine = engine) :
     Failed to locate the 'texi2pdf' output file (by engine 'utils::Sweave') for vignette with name 'rebmix'. The following files exist in directory '.': 'Rplots.pdf', 'rebmix-gamma2-fig.pdf', 'rebmix-poisson-fig.pdf', 'rebmix.Rnw', 'rebmix.bib', 'rebmix.tex'
    Calls: buildVignettes -> find_vignette_product
    Execution halted
Flavor: r-oldrel-windows-ix86+x86_64