CRAN Package Check Results for Package rebmix

Last updated on 2015-06-30 22:47:33.

Flavor Version Tinstall Tcheck Ttotal Status Flags
r-devel-linux-x86_64-debian-clang 2.7.1 3.92 74.64 78.56 NOTE
r-devel-linux-x86_64-debian-gcc 2.7.1 4.62 74.52 79.14 NOTE
r-devel-linux-x86_64-fedora-clang 2.7.1 132.23 NOTE
r-devel-linux-x86_64-fedora-gcc 2.7.1 129.77 NOTE
r-devel-osx-x86_64-clang 2.7.1 84.88 OK
r-devel-windows-ix86+x86_64 2.7.1 25.00 114.00 139.00 NOTE
r-patched-linux-x86_64 2.7.1 5.66 75.00 80.66 OK
r-patched-solaris-sparc 2.7.1 746.90 OK
r-patched-solaris-x86 2.7.1 165.00 OK
r-release-linux-x86_64 2.7.1 4.55 75.00 79.55 OK
r-release-osx-x86_64-mavericks 2.7.1 OK
r-release-windows-ix86+x86_64 2.7.1 24.00 122.00 146.00 OK
r-oldrel-windows-ix86+x86_64 2.7.1 25.00 115.00 140.00 OK

Check Details

Version: 2.7.1
Check: R code for possible problems
Result: NOTE
    .REBMIX: no visible global function definition for ‘flush.console’
    .dfmix.x: no visible global function definition for ‘dnorm’
    .dfmix.x: no visible global function definition for ‘dlnorm’
    .dfmix.x: no visible global function definition for ‘dweibull’
    .dfmix.x: no visible global function definition for ‘dbinom’
    .dfmix.x: no visible global function definition for ‘dpois’
    .dfmix.x: no visible global function definition for ‘dgamma’
    .dfmix.xy: no visible global function definition for ‘dnorm’
    .dfmix.xy: no visible global function definition for ‘dlnorm’
    .dfmix.xy: no visible global function definition for ‘dweibull’
    .dfmix.xy: no visible global function definition for ‘dbinom’
    .dfmix.xy: no visible global function definition for ‘dpois’
    .dfmix.xy: no visible global function definition for ‘dgamma’
    .pfmix.x: no visible global function definition for ‘pnorm’
    .pfmix.x: no visible global function definition for ‘plnorm’
    .pfmix.x: no visible global function definition for ‘pweibull’
    .pfmix.x: no visible global function definition for ‘pbinom’
    .pfmix.x: no visible global function definition for ‘ppois’
    .pfmix.x: no visible global function definition for ‘pgamma’
    .pfmix.xy: no visible global function definition for ‘pnorm’
    .pfmix.xy: no visible global function definition for ‘plnorm’
    .pfmix.xy: no visible global function definition for ‘pweibull’
    .pfmix.xy: no visible global function definition for ‘pbinom’
    .pfmix.xy: no visible global function definition for ‘ppois’
    .pfmix.xy: no visible global function definition for ‘pgamma’
    RCLSMIX: no visible global function definition for ‘flush.console’
    REBMIX: no visible global function definition for ‘flush.console’
    RNGMIX: no visible global function definition for ‘flush.console’
    RNGMIX: no visible global function definition for ‘na.omit’
    boot.REBMIX: no visible global function definition for ‘sd’
    boot.REBMIX: no visible binding for global variable ‘sd’
    dfmix: no visible global function definition for ‘dnorm’
    dfmix: no visible global function definition for ‘dlnorm’
    dfmix: no visible global function definition for ‘dweibull’
    dfmix: no visible global function definition for ‘dbinom’
    dfmix: no visible global function definition for ‘dpois’
    dfmix: no visible global function definition for ‘dgamma’
    pfmix: no visible global function definition for ‘pnorm’
    pfmix: no visible global function definition for ‘plnorm’
    pfmix: no visible global function definition for ‘pweibull’
    pfmix: no visible global function definition for ‘pbinom’
    pfmix: no visible global function definition for ‘ppois’
    pfmix: no visible global function definition for ‘pgamma’
    plot.REBMIX: no visible global function definition for ‘par’
    plot.REBMIX: no visible global function definition for ‘strwidth’
    plot.REBMIX: no visible global function definition for ‘colorRamp’
    plot.REBMIX: no visible global function definition for ‘plot’
    plot.REBMIX: no visible global function definition for ‘rgb’
    plot.REBMIX: no visible global function definition for ‘points’
    plot.REBMIX: no visible global function definition for ‘segments’
    plot.REBMIX: no visible global function definition for ‘contour’
    plot.REBMIX: no visible global function definition for ‘box’
    plot.REBMIX: no visible global function definition for ‘axis’
    plot.REBMIX: no visible global function definition for ‘mtext’
Flavors: r-devel-linux-x86_64-debian-clang, r-devel-linux-x86_64-debian-gcc, r-devel-linux-x86_64-fedora-clang, r-devel-linux-x86_64-fedora-gcc, r-devel-windows-ix86+x86_64