CRAN Package Check Results for Package rebmix

Last updated on 2014-07-25 03:49:52.

Flavor Version Tinstall Tcheck Ttotal Status Flags
r-devel-linux-x86_64-debian-clang 2.6.0 3.28 305.76 309.04 OK
r-devel-linux-x86_64-debian-gcc 2.6.1 4.66 59.40 64.06 OK
r-devel-linux-x86_64-fedora-clang 2.6.1 81.41 OK
r-devel-linux-x86_64-fedora-gcc 2.6.1 73.93 OK
r-devel-osx-x86_64-clang 2.6.1 71.85 OK
r-devel-windows-ix86+x86_64 2.6.1 14.00 39.00 53.00 OK --no-vignettes
r-patched-linux-x86_64 2.6.0 4.76 304.45 309.21 OK
r-patched-solaris-sparc 2.6.1 565.70 OK
r-patched-solaris-x86 2.6.1 128.30 OK
r-release-linux-ix86 2.6.0 6.22 558.81 565.03 OK
r-release-linux-x86_64 2.6.0 4.75 301.38 306.13 OK
r-release-osx-x86_64-mavericks 2.6.0 NOTE
r-release-osx-x86_64-snowleopard 2.6.0 OK
r-release-windows-ix86+x86_64 2.6.1 15.00 91.00 106.00 OK
r-oldrel-windows-ix86+x86_64 2.6.0 17.00 45.00 62.00 OK --no-vignettes

Check Details

Version: 2.6.0
Check: re-building of vignette outputs
Result: NOTE
    Error in re-building vignettes:
     ...
    Dataset = Simulated1_88
    Dataset = Simulated1_89
    Dataset = Simulated1_90
    Dataset = Simulated1_91
    Dataset = Simulated1_92
    Dataset = Simulated1_93
    Dataset = Simulated1_94
    Dataset = Simulated1_95
    Dataset = Simulated1_96
    Dataset = Simulated1_97
    Dataset = Simulated1_98
    Dataset = Simulated1_99
    Dataset = Simulated1_100
    Error in texi2dvi(file = file, pdf = TRUE, clean = clean, quiet = quiet, :
     Running 'texi2dvi' on 'rebmix.tex' failed.
    LaTeX errors:
    ! LaTeX Error: File `algorithmic.sty' not found.
    
    Type X to quit or <RETURN> to proceed,
    or enter new name. (Default extension: sty)
    
    test/rebmix/vignettes/rebmix.tex:58: ==> Fatal error occurred, no output PDF f
    ile produced!
    Calls: buildVignettes -> texi2pdf -> texi2dvi
    Execution halted
Flavor: r-release-osx-x86_64-mavericks