CRAN Package Check Results for Package rebmix

Last updated on 2015-02-01 05:48:03.

Flavor Version Tinstall Tcheck Ttotal Status Flags
r-devel-linux-x86_64-debian-clang 2.6.2 3.60 97.28 100.88 NOTE
r-devel-linux-x86_64-debian-gcc 2.6.2 5.17 98.12 103.30 NOTE
r-devel-linux-x86_64-fedora-clang 2.6.2 170.95 NOTE
r-devel-linux-x86_64-fedora-gcc 2.6.2 167.60 NOTE
r-devel-osx-x86_64-clang 2.6.2 113.74 NOTE
r-devel-windows-ix86+x86_64 2.6.2 24.00 142.00 166.00 NOTE
r-patched-linux-x86_64 2.6.2 4.72 98.84 103.56 NOTE
r-patched-solaris-sparc 2.6.2 909.40 OK
r-patched-solaris-x86 2.6.2 209.20 NOTE
r-release-linux-ix86 2.6.2 6.06 121.51 127.57 OK
r-release-linux-x86_64 2.6.2 4.78 103.71 108.49 OK
r-release-osx-x86_64-mavericks 2.6.2 NOTE
r-release-osx-x86_64-snowleopard 2.6.2 OK
r-release-windows-ix86+x86_64 2.6.2 18.00 152.00 170.00 OK
r-oldrel-windows-ix86+x86_64 2.6.2 18.00 142.00 160.00 OK

Check Details

Version: 2.6.2
Check: S3 generic/method consistency
Result: NOTE
    Found the following apparent S3 methods exported but not registered:
     AIC3.REBMIX AIC3.default AIC4.REBMIX AIC4.default AICc.REBMIX
     AICc.default AWE.REBMIX AWE.default CAIC.REBMIX CAIC.default
     CLC.REBMIX CLC.default HQC.REBMIX HQC.default ICL.REBMIX ICL.default
     ICLBIC.REBMIX ICLBIC.default MDL2.REBMIX MDL2.default MDL5.REBMIX
     MDL5.default PRD.REBMIX PRD.default SSE.REBMIX SSE.default
     boot.REBMIX boot.default logL.REBMIX logL.default print.REBMIX
     print.RNGMIX print.boot.REBMIX summary.REBMIX summary.boot.REBMIX
     plot.REBMIX AIC.REBMIX BIC.REBMIX coef.REBMIX predict.list
    See section ‘Registering S3 methods’ in the ‘Writing R Extensions’
    manual.
Flavors: r-devel-linux-x86_64-debian-clang, r-devel-linux-x86_64-debian-gcc, r-devel-linux-x86_64-fedora-clang, r-devel-linux-x86_64-fedora-gcc, r-devel-osx-x86_64-clang

Version: 2.6.2
Check: line endings in Makefiles
Result: NOTE
    Found the following Makefile(s) without a final LF:
     src/Makevars
    Some ‘make’ programs ignore lines not ending in LF.
Flavors: r-devel-linux-x86_64-debian-clang, r-devel-linux-x86_64-debian-gcc, r-devel-linux-x86_64-fedora-clang, r-devel-linux-x86_64-fedora-gcc, r-devel-osx-x86_64-clang, r-devel-windows-ix86+x86_64, r-patched-linux-x86_64, r-patched-solaris-x86, r-release-osx-x86_64-mavericks