CRAN Package Check Results for Package rebus.numbers

Last updated on 2022-01-17 04:48:47 CET.

Flavor Version Tinstall Tcheck Ttotal Status Flags
r-devel-linux-x86_64-debian-clang 0.0-1 2.10 31.18 33.28 NOTE
r-devel-linux-x86_64-debian-gcc 0.0-1 1.64 24.02 25.66 NOTE
r-devel-linux-x86_64-fedora-clang 0.0-1 41.25 NOTE
r-devel-linux-x86_64-fedora-gcc 0.0-1 30.28 NOTE
r-devel-windows-x86_64-new-UL 0.0-1 26.00 48.00 74.00 NOTE
r-devel-windows-x86_64-new-TK 0.0-1 NOTE
r-patched-linux-x86_64 0.0-1 3.41 29.94 33.35 NOTE
r-release-linux-x86_64 0.0-1 NOTE
r-release-macos-arm64 0.0-1 NOTE
r-release-macos-x86_64 0.0-1 NOTE
r-release-windows-ix86+x86_64 0.0-1 5.00 38.00 43.00 NOTE
r-oldrel-macos-x86_64 0.0-1 OK
r-oldrel-windows-ix86+x86_64 0.0-1 5.00 39.00 44.00 OK

Check Details

Version: 0.0-1
Check: LazyData
Result: NOTE
     'LazyData' is specified without a 'data' directory
Flavors: r-devel-linux-x86_64-debian-clang, r-devel-linux-x86_64-debian-gcc, r-devel-linux-x86_64-fedora-clang, r-devel-linux-x86_64-fedora-gcc, r-devel-windows-x86_64-new-UL, r-devel-windows-x86_64-new-TK, r-patched-linux-x86_64, r-release-linux-x86_64, r-release-macos-arm64, r-release-macos-x86_64, r-release-windows-ix86+x86_64