CRAN Package Check Results for Package recexcavAAR

Last updated on 2022-08-09 23:54:04 CEST.

Flavor Version Tinstall Tcheck Ttotal Status Flags
r-devel-linux-x86_64-debian-clang 0.3.0 69.75 63.19 132.94 OK
r-devel-linux-x86_64-debian-gcc 0.3.0 58.33 51.19 109.52 OK
r-devel-linux-x86_64-fedora-clang 0.3.0 206.09 OK
r-devel-linux-x86_64-fedora-gcc 0.3.0 187.14 OK
r-devel-windows-x86_64 0.3.0 86.00 125.00 211.00 OK
r-patched-linux-x86_64 0.3.0 64.03 62.63 126.66 OK
r-release-linux-x86_64 0.3.0 OK
r-release-macos-arm64 0.3.0 49.00 NOTE
r-release-macos-x86_64 0.3.0 72.00 NOTE
r-release-windows-x86_64 0.3.0 78.00 123.00 201.00 OK
r-oldrel-macos-arm64 0.3.0 58.00 NOTE
r-oldrel-macos-x86_64 0.3.0 78.00 NOTE
r-oldrel-windows-ix86+x86_64 0.3.0 182.00 131.00 313.00 NOTE

Check Details

Version: 0.3.0
Check: installed package size
Result: NOTE
     installed size is 5.2Mb
     sub-directories of 1Mb or more:
     doc 2.5Mb
     libs 2.6Mb
Flavors: r-release-macos-arm64, r-release-macos-x86_64, r-oldrel-macos-arm64, r-oldrel-macos-x86_64, r-oldrel-windows-ix86+x86_64