CRAN Package Check Results for Package recommenderlab

Last updated on 2014-04-17 20:47:41.

Flavor Version Tinstall Tcheck Ttotal Status Flags
r-devel-linux-x86_64-debian-clang 0.1-4 5.59 101.66 107.24 OK
r-devel-linux-x86_64-debian-gcc 0.1-4 5.90 100.14 106.04 OK
r-devel-linux-x86_64-fedora-clang 0.1-4 248.61 OK
r-devel-linux-x86_64-fedora-gcc 0.1-4 240.28 OK
r-devel-macosx-x86_64-clang 0.1-4 195.01 OK
r-devel-macosx-x86_64-gcc 0.1-4 ERROR
r-devel-windows-ix86+x86_64 0.1-4 15.00 149.00 164.00 OK
r-patched-linux-x86_64 0.1-4 5.54 102.48 108.02 OK
r-patched-solaris-sparc 0.1-4 1271.90 OK
r-patched-solaris-x86 0.1-4 303.20 OK
r-release-linux-ix86 0.1-4 12.00 140.00 152.00 OK
r-release-linux-x86_64 0.1-4 5.86 100.83 106.69 OK
r-release-macosx-x86_64 0.1-4 OK
r-release-windows-ix86+x86_64 0.1-4 13.00 148.00 161.00 OK
r-oldrel-windows-ix86+x86_64 0.1-4 13.00 134.00 147.00 OK

Check Details

Version: 0.1-4
Check: package dependencies
Result: ERROR
    Packages required but not available: ‘arules’ ‘proxy’
    
    See the information on DESCRIPTION files in the chapter ‘Creating R
    packages’ of the ‘Writing R Extensions’ manual.
Flavor: r-devel-macosx-x86_64-gcc