CRAN Package Check Results for Package recommenderlab

Last updated on 2015-05-26 04:47:08.

Flavor Version Tinstall Tcheck Ttotal Status Flags
r-devel-linux-x86_64-debian-clang 0.1-5 4.12 85.42 89.54 OK
r-devel-linux-x86_64-debian-gcc 0.1-5 3.97 85.43 89.40 OK
r-devel-linux-x86_64-fedora-clang 0.1-5 179.90 OK
r-devel-linux-x86_64-fedora-gcc 0.1-5 171.71 OK
r-devel-osx-x86_64-clang 0.1-5 153.28 OK
r-devel-windows-ix86+x86_64 0.1-5 11.00 135.00 146.00 OK
r-patched-linux-x86_64 0.1-5 3.97 80.84 84.81 OK
r-patched-solaris-sparc 0.1-5 1003.70 OK
r-patched-solaris-x86 0.1-5 234.80 OK
r-release-linux-x86_64 0.1-5 3.98 83.24 87.21 OK
r-release-osx-x86_64-mavericks 0.1-5 OK
r-release-osx-x86_64-snowleopard 0.1-5 ERROR
r-release-windows-ix86+x86_64 0.1-5 10.00 131.00 141.00 OK
r-oldrel-windows-ix86+x86_64 0.1-5 14.00 129.00 143.00 OK

Check Details

Version: 0.1-5
Check: package dependencies
Result: ERROR
    Packages required but not available: ‘arules’ ‘proxy’
    
    See section ‘The DESCRIPTION file’ in the ‘Writing R Extensions’
    manual.
Flavor: r-release-osx-x86_64-snowleopard