CRAN Package Check Results for Package recommenderlab

Last updated on 2015-06-30 22:47:33.

Flavor Version Tinstall Tcheck Ttotal Status Flags
r-devel-linux-x86_64-debian-clang 0.1-5 4.44 81.65 86.09 NOTE
r-devel-linux-x86_64-debian-gcc 0.1-5 5.36 81.29 86.65 NOTE
r-devel-linux-x86_64-fedora-clang 0.1-5 175.82 NOTE
r-devel-linux-x86_64-fedora-gcc 0.1-5 168.04 NOTE
r-devel-osx-x86_64-clang 0.1-5 141.95 OK
r-devel-windows-ix86+x86_64 0.1-5 15.00 127.00 142.00 NOTE
r-patched-linux-x86_64 0.1-5 4.01 82.17 86.18 OK
r-patched-solaris-sparc 0.1-5 1003.70 OK
r-patched-solaris-x86 0.1-5 234.40 OK
r-release-linux-x86_64 0.1-5 4.02 85.19 89.20 OK
r-release-osx-x86_64-mavericks 0.1-5 OK
r-release-windows-ix86+x86_64 0.1-5 15.00 135.00 150.00 OK
r-oldrel-windows-ix86+x86_64 0.1-5 16.00 215.00 231.00 OK

Check Details

Version: 0.1-5
Check: R code for possible problems
Result: NOTE
    .conditional: no visible global function definition for ‘as.dist’
    .karypis: no visible global function definition for ‘as.dist’
    .knn : <anonymous>: no visible global function definition for ‘head’
    BIN_AR : predict: no visible global function definition for ‘head’
    BIN_IBCF: no visible global function definition for ‘head’
    BIN_IBCF : predict : <anonymous>: no visible global function definition
     for ‘head’
    RANDOM : predict: no visible global function definition for ‘runif’
    REAL_IBCF: no visible global function definition for ‘head’
    REAL_PCA: no visible global function definition for ‘princomp’
    REAL_PCA: no visible global function definition for ‘loadings’
    REAL_SVD : predict: no visible global function definition for ‘median’
    colSds,realRatingMatrix: no visible binding for global variable ‘sd’
    rowSds,realRatingMatrix: no visible binding for global variable ‘sd’
Flavors: r-devel-linux-x86_64-debian-clang, r-devel-linux-x86_64-debian-gcc, r-devel-linux-x86_64-fedora-clang, r-devel-linux-x86_64-fedora-gcc, r-devel-windows-ix86+x86_64