CRAN Package Check Results for Package recommenderlab

Last updated on 2015-04-19 17:48:46.

Flavor Version Tinstall Tcheck Ttotal Status Flags
r-devel-linux-x86_64-debian-clang 0.1-5 4.11 83.34 87.45 OK
r-devel-linux-x86_64-debian-gcc 0.1-5 4.00 82.50 86.50 OK
r-devel-linux-x86_64-fedora-clang 0.1-5 175.68 OK
r-devel-linux-x86_64-fedora-gcc 0.1-5 171.05 OK
r-devel-osx-x86_64-clang 0.1-5 150.78 OK
r-devel-windows-ix86+x86_64 0.1-5 14.00 173.00 187.00 OK
r-patched-linux-x86_64 0.1-5 4.26 85.23 89.48 OK
r-patched-solaris-sparc 0.1-5 984.30 OK
r-patched-solaris-x86 0.1-5 226.80 OK
r-release-linux-x86_64 0.1-5 4.48 81.12 85.60 OK
r-release-osx-x86_64-mavericks 0.1-5 OK
r-release-osx-x86_64-snowleopard 0.1-5 ERROR
r-release-windows-ix86+x86_64 0.1-5 9.00 127.00 136.00 OK
r-oldrel-windows-ix86+x86_64 0.1-5 17.00 196.00 213.00 OK

Check Details

Version: 0.1-5
Check: package dependencies
Result: ERROR
    Packages required but not available: ‘arules’ ‘proxy’
    
    See section ‘The DESCRIPTION file’ in the ‘Writing R Extensions’
    manual.
Flavor: r-release-osx-x86_64-snowleopard