Last updated on 2022-06-30 11:53:17 CEST.
Flavor | Version | Tinstall | Tcheck | Ttotal | Status | Flags |
---|---|---|---|---|---|---|
r-devel-linux-x86_64-debian-clang | 0.4.0 | 9.56 | 83.58 | 93.14 | NOTE | |
r-devel-linux-x86_64-debian-gcc | 0.4.0 | 6.58 | 62.49 | 69.07 | NOTE | |
r-devel-linux-x86_64-fedora-clang | 0.4.0 | 118.42 | NOTE | |||
r-devel-linux-x86_64-fedora-gcc | 0.4.0 | 118.84 | NOTE | |||
r-devel-windows-x86_64 | 0.4.0 | 19.00 | 127.00 | 146.00 | OK | |
r-patched-linux-x86_64 | 0.4.0 | 5.62 | 79.62 | 85.24 | NOTE | |
r-release-linux-x86_64 | 0.4.0 | 6.61 | 79.02 | 85.63 | NOTE | |
r-release-macos-arm64 | 0.4.0 | 37.00 | OK | |||
r-release-macos-x86_64 | 0.4.0 | 67.00 | OK | |||
r-release-windows-x86_64 | 0.4.0 | 15.00 | 128.00 | 143.00 | OK | |
r-oldrel-macos-arm64 | 0.4.0 | 36.00 | OK | |||
r-oldrel-macos-x86_64 | 0.4.0 | 49.00 | OK | |||
r-oldrel-windows-ix86+x86_64 | 0.4.0 | 21.00 | 123.00 | 144.00 | OK |
Version: 0.4.0
Check: for non-standard things in the check directory
Result: NOTE
Found the following files/directories:
'Filled.RData' 'cleaned.RData' 'days' 'gridded'
Flavors: r-devel-linux-x86_64-debian-clang, r-devel-linux-x86_64-debian-gcc, r-devel-linux-x86_64-fedora-clang, r-devel-linux-x86_64-fedora-gcc, r-patched-linux-x86_64, r-release-linux-x86_64