CRAN Package Check Results for Package redist

Last updated on 2020-08-10 18:48:21 CEST.

Flavor Version Tinstall Tcheck Ttotal Status Flags
r-devel-linux-x86_64-debian-clang 1.3-3 142.48 138.38 280.86 OK
r-devel-linux-x86_64-debian-gcc 1.3-3 110.28 102.47 212.75 OK
r-devel-linux-x86_64-fedora-clang 1.3-3 371.03 NOTE
r-devel-linux-x86_64-fedora-gcc 1.3-3 351.47 OK
r-devel-windows-ix86+x86_64 1.3-3 282.00 271.00 553.00 OK
r-patched-linux-x86_64 1.3-3 117.45 131.13 248.58 OK
r-patched-solaris-x86 1.3-3 395.10 OK
r-release-linux-x86_64 1.3-3 112.98 132.44 245.42 OK
r-release-macos-x86_64 1.3-3 NOTE
r-release-windows-ix86+x86_64 1.3-3 345.00 262.00 607.00 OK
r-oldrel-macos-x86_64 1.3-3 NOTE
r-oldrel-windows-ix86+x86_64 1.3-3 229.00 184.00 413.00 OK

Check Details

Version: 1.3-3
Check: installed package size
Result: NOTE
     installed size is 8.0Mb
     sub-directories of 1Mb or more:
     data 1.7Mb
     libs 6.1Mb
Flavors: r-devel-linux-x86_64-fedora-clang, r-release-macos-x86_64, r-oldrel-macos-x86_64

Version: 1.3-3
Check: package dependencies
Result: NOTE
    Package suggested but not available for checking: ‘Rmpi’
Flavors: r-release-macos-x86_64, r-oldrel-macos-x86_64