CRAN Package Check Results for Package redland

Last updated on 2019-04-24 05:48:24 CEST.

Flavor Version Tinstall Tcheck Ttotal Status Flags
r-devel-linux-x86_64-debian-clang 1.0.17-10 10.99 57.33 68.32 OK
r-devel-linux-x86_64-debian-gcc 1.0.17-10 10.04 45.66 55.70 OK
r-devel-linux-x86_64-fedora-clang 1.0.17-10 85.10 OK
r-devel-linux-x86_64-fedora-gcc 1.0.17-10 79.92 OK
r-devel-windows-ix86+x86_64 1.0.17-10 52.00 104.00 156.00 NOTE
r-patched-linux-x86_64 1.0.17-10 10.34 57.35 67.69 OK
r-patched-solaris-x86 1.0.17-10 111.10 OK
r-release-linux-x86_64 1.0.17-10 11.33 54.63 65.96 OK
r-release-windows-ix86+x86_64 1.0.17-10 34.00 161.00 195.00 NOTE
r-release-osx-x86_64 1.0.17-10 OK
r-oldrel-windows-ix86+x86_64 1.0.17-10 42.00 149.00 191.00 NOTE
r-oldrel-osx-x86_64 1.0.17-10 OK

Additional issues

rchk

Check Details

Version: 1.0.17-10
Check: installed package size
Result: NOTE
     installed size is 5.9Mb
     sub-directories of 1Mb or more:
     libs 5.0Mb
Flavors: r-devel-windows-ix86+x86_64, r-release-windows-ix86+x86_64, r-oldrel-windows-ix86+x86_64