CRAN Package Check Results for Package redux

Last updated on 2022-06-30 20:49:13 CEST.

Flavor Version Tinstall Tcheck Ttotal Status Flags
r-devel-linux-x86_64-debian-clang 1.1.3 8.06 38.82 46.88 OK
r-devel-linux-x86_64-debian-gcc 1.1.3 6.29 30.14 36.43 OK
r-devel-linux-x86_64-fedora-clang 1.1.3 69.05 OK
r-devel-linux-x86_64-fedora-gcc 1.1.3 68.30 OK
r-devel-windows-x86_64 1.1.3 47.00 86.00 133.00 OK
r-patched-linux-x86_64 1.1.3 7.76 37.74 45.50 OK
r-release-linux-x86_64 1.1.3 7.16 38.46 45.62 OK
r-release-macos-arm64 1.1.3 27.00 OK
r-release-macos-x86_64 1.1.3 35.00 OK
r-release-windows-x86_64 1.1.3 53.00 80.00 133.00 OK
r-oldrel-macos-arm64 1.1.3 28.00 OK
r-oldrel-macos-x86_64 1.1.3 34.00 OK
r-oldrel-windows-ix86+x86_64 1.1.3 24.00 0.00 24.00 FAIL

Check Details

Version: 1.1.3
Check: running examples for arch ‘i386’
Result: FAIL
    Check process probably crashed or hung up for 20 minutes ... killed
    Most likely this happened in the example checks (?),
    if not, ignore the following last lines of example output:
    
    ======== End of example output (where/before crash/hang up occured ?) ========
Flavor: r-oldrel-windows-ix86+x86_64