CRAN Package Check Results for Package ref.ICAR

Last updated on 2019-04-23 07:48:06 CEST.

Flavor Version Tinstall Tcheck Ttotal Status Flags
r-devel-linux-x86_64-debian-clang 1.0 9.15 460.62 469.77 OK
r-devel-linux-x86_64-debian-gcc 1.0 8.72 354.52 363.24 OK
r-devel-linux-x86_64-fedora-clang 1.0 565.59 NOTE
r-devel-linux-x86_64-fedora-gcc 1.0 553.85 NOTE
r-devel-windows-ix86+x86_64 1.0 23.00 404.00 427.00 OK
r-patched-linux-x86_64 1.0 8.98 446.33 455.31 OK
r-patched-solaris-x86 1.0 898.10 NOTE
r-release-linux-x86_64 1.0 7.47 449.93 457.40 OK
r-release-windows-ix86+x86_64 1.0 12.00 514.00 526.00 OK
r-release-osx-x86_64 1.0 NOTE
r-oldrel-windows-ix86+x86_64 1.0 10.00 546.00 556.00 OK
r-oldrel-osx-x86_64 1.0 NOTE

Check Details

Version: 1.0
Check: dependencies in R code
Result: NOTE
    Namespace in Imports field not imported from: ‘Rdpack’
     All declared Imports should be used.
Flavors: r-devel-linux-x86_64-fedora-clang, r-devel-linux-x86_64-fedora-gcc, r-patched-solaris-x86, r-release-osx-x86_64, r-oldrel-osx-x86_64