CRAN Package Check Results for Package ref.ICAR

Last updated on 2021-12-01 10:53:32 CET.

Flavor Version Tinstall Tcheck Ttotal Status Flags
r-devel-linux-x86_64-debian-clang 1.0 27.40 693.61 721.01 NOTE
r-devel-linux-x86_64-debian-gcc 1.0 28.10 536.61 564.71 NOTE
r-devel-linux-x86_64-fedora-clang 1.0 866.65 NOTE
r-devel-linux-x86_64-fedora-gcc 1.0 845.63 NOTE
r-devel-windows-x86_64-new-UL 1.0 48.00 734.00 782.00 NOTE
r-devel-windows-x86_64-new-TK 1.0 NOTE
r-devel-windows-x86_64-old 1.0 48.00 606.00 654.00 NOTE
r-patched-linux-x86_64 1.0 30.55 662.09 692.64 NOTE
r-patched-solaris-x86 1.0 515.70 NOTE
r-release-linux-x86_64 1.0 28.04 657.87 685.91 NOTE
r-release-macos-arm64 1.0 NOTE
r-release-macos-x86_64 1.0 NOTE
r-release-windows-ix86+x86_64 1.0 72.00 582.00 654.00 NOTE
r-oldrel-macos-x86_64 1.0 NOTE
r-oldrel-windows-ix86+x86_64 1.0 56.00 602.00 658.00 OK

Check Details

Version: 1.0
Check: LazyData
Result: NOTE
     'LazyData' is specified without a 'data' directory
Flavors: r-devel-linux-x86_64-debian-clang, r-devel-linux-x86_64-debian-gcc, r-devel-linux-x86_64-fedora-clang, r-devel-linux-x86_64-fedora-gcc, r-devel-windows-x86_64-new-UL, r-devel-windows-x86_64-new-TK, r-devel-windows-x86_64-old, r-patched-linux-x86_64, r-patched-solaris-x86, r-release-linux-x86_64, r-release-macos-arm64, r-release-macos-x86_64, r-release-windows-ix86+x86_64

Version: 1.0
Check: dependencies in R code
Result: NOTE
    Namespace in Imports field not imported from: ‘Rdpack’
     All declared Imports should be used.
Flavors: r-devel-linux-x86_64-fedora-clang, r-devel-linux-x86_64-fedora-gcc, r-devel-windows-x86_64-new-TK, r-patched-solaris-x86, r-release-macos-arm64, r-release-macos-x86_64, r-oldrel-macos-x86_64