CRAN Package Check Results for Package ref

Last updated on 2014-10-24 16:46:52.

Flavor Version Tinstall Tcheck Ttotal Status Flags
r-devel-linux-x86_64-debian-clang 0.99 0.63 10.46 11.10 OK
r-devel-linux-x86_64-debian-gcc 0.99 0.62 10.19 10.82 OK
r-devel-linux-x86_64-fedora-clang 0.99 22.40 OK
r-devel-linux-x86_64-fedora-gcc 0.99 20.29 OK
r-devel-osx-x86_64-clang 0.99 24.16 OK
r-devel-windows-ix86+x86_64 0.99 2.00 17.00 19.00 OK
r-patched-linux-x86_64 0.99 0.64 10.79 11.43 OK
r-patched-solaris-sparc 0.99 122.20 OK
r-patched-solaris-x86 0.99 31.30 OK
r-release-linux-ix86 0.99 0.92 15.92 16.84 OK
r-release-linux-x86_64 0.99 0.63 10.62 11.25 OK
r-release-osx-x86_64-mavericks 0.99 OK
r-release-osx-x86_64-snowleopard 0.99 WARN
r-release-windows-ix86+x86_64 0.99 3.00 27.00 30.00 OK
r-oldrel-windows-ix86+x86_64 0.99 2.00 26.00 28.00 OK

Check Details

Version: 0.99
Check: examples
Result: WARN
    checking a package with encoding 'latin1' in an ASCII locale
    
     OK
Flavor: r-release-osx-x86_64-snowleopard