CRAN Package Check Results for Package ref

Last updated on 2015-05-24 14:47:06.

Flavor Version Tinstall Tcheck Ttotal Status Flags
r-devel-linux-x86_64-debian-clang 0.99 0.62 10.10 10.73 NOTE
r-devel-linux-x86_64-debian-gcc 0.99 0.61 9.97 10.58 NOTE
r-devel-linux-x86_64-fedora-clang 0.99 20.33 NOTE
r-devel-linux-x86_64-fedora-gcc 0.99 19.37 NOTE
r-devel-osx-x86_64-clang 0.99 23.68 NOTE
r-devel-windows-ix86+x86_64 0.99 3.00 17.00 20.00 NOTE
r-patched-linux-x86_64 0.99 0.70 9.99 10.70 NOTE
r-patched-solaris-sparc 0.99 123.80 NOTE
r-patched-solaris-x86 0.99 29.20 NOTE
r-release-linux-x86_64 0.99 0.71 10.66 11.37 NOTE
r-release-osx-x86_64-mavericks 0.99 NOTE
r-release-osx-x86_64-snowleopard 0.99 NOTE
r-release-windows-ix86+x86_64 0.99 2.00 19.00 21.00 NOTE
r-oldrel-windows-ix86+x86_64 0.99 5.00 19.00 24.00 OK

Check Details

Version: 0.99
Check: DESCRIPTION meta-information
Result: NOTE
    Malformed Description field: should contain one or more complete sentences.
Flavors: r-devel-linux-x86_64-debian-clang, r-devel-linux-x86_64-debian-gcc, r-devel-linux-x86_64-fedora-clang, r-devel-linux-x86_64-fedora-gcc, r-devel-osx-x86_64-clang, r-devel-windows-ix86+x86_64, r-patched-linux-x86_64, r-patched-solaris-sparc, r-patched-solaris-x86, r-release-linux-x86_64, r-release-osx-x86_64-mavericks, r-release-osx-x86_64-snowleopard, r-release-windows-ix86+x86_64

Version: 0.99
Check: S3 generic/method consistency
Result: NOTE
    Found the following apparent S3 methods exported but not registered:
     dim.refdata dimnames.refdata names.refdata plot.HanoiTower
     print.HanoiTower print.ref print.refdata row.names.refdata
    See section ‘Registering S3 methods’ in the ‘Writing R Extensions’
    manual.
Flavors: r-devel-linux-x86_64-debian-clang, r-devel-linux-x86_64-debian-gcc, r-devel-linux-x86_64-fedora-clang, r-devel-linux-x86_64-fedora-gcc, r-devel-osx-x86_64-clang, r-patched-linux-x86_64, r-patched-solaris-sparc, r-patched-solaris-x86, r-release-linux-x86_64