CRAN Package Check Results for Package ref

Last updated on 2014-09-21 19:48:01.

Flavor Version Tinstall Tcheck Ttotal Status Flags
r-devel-linux-x86_64-debian-clang 0.99 0.56 10.47 11.02 OK
r-devel-linux-x86_64-debian-gcc 0.99 0.54 9.98 10.53 OK
r-devel-linux-x86_64-fedora-clang 0.99 21.66 OK
r-devel-linux-x86_64-fedora-gcc 0.99 19.67 OK
r-devel-osx-x86_64-clang 0.99 24.60 OK
r-devel-windows-ix86+x86_64 0.99 2.00 18.00 20.00 OK
r-patched-linux-x86_64 0.99 0.60 10.21 10.82 OK
r-patched-solaris-sparc 0.99 122.20 OK
r-patched-solaris-x86 0.99 29.80 OK
r-release-linux-ix86 0.99 0.91 15.26 16.18 OK
r-release-linux-x86_64 0.99 0.67 10.39 11.06 OK
r-release-osx-x86_64-mavericks 0.99 OK
r-release-osx-x86_64-snowleopard 0.99 WARN
r-release-windows-ix86+x86_64 0.99 3.00 27.00 30.00 OK
r-oldrel-windows-ix86+x86_64 0.99 2.00 26.00 28.00 OK

Check Details

Version: 0.99
Check: examples
Result: WARN
    checking a package with encoding 'latin1' in an ASCII locale
    
     OK
Flavor: r-release-osx-x86_64-snowleopard