CRAN Package Check Results for Package ref

Last updated on 2017-12-12 06:47:30 CET.

Flavor Version Tinstall Tcheck Ttotal Status Flags
r-devel-linux-x86_64-debian-clang 0.99 0.59 15.99 16.58 NOTE
r-devel-linux-x86_64-debian-gcc 0.99 0.69 14.40 15.09 NOTE
r-devel-linux-x86_64-fedora-clang 0.99 21.27 NOTE
r-devel-linux-x86_64-fedora-gcc 0.99 19.65 NOTE
r-devel-windows-ix86+x86_64 0.99 5.00 26.00 31.00 NOTE
r-patched-linux-x86_64 0.99 0.75 17.82 18.57 NOTE
r-patched-solaris-x86 0.99 29.50 NOTE
r-release-linux-x86_64 0.99 0.75 18.53 19.28 NOTE
r-release-windows-ix86+x86_64 0.99 3.00 28.00 31.00 NOTE
r-release-osx-x86_64 0.99 NOTE
r-oldrel-windows-ix86+x86_64 0.99 2.00 25.00 27.00 NOTE
r-oldrel-osx-x86_64 0.99 NOTE

Check Details

Version: 0.99
Check: DESCRIPTION meta-information
Result: NOTE
    Malformed Description field: should contain one or more complete sentences.
Flavors: r-devel-linux-x86_64-debian-clang, r-devel-linux-x86_64-debian-gcc, r-devel-linux-x86_64-fedora-clang, r-devel-linux-x86_64-fedora-gcc, r-devel-windows-ix86+x86_64, r-patched-linux-x86_64, r-patched-solaris-x86, r-release-linux-x86_64, r-release-windows-ix86+x86_64, r-release-osx-x86_64, r-oldrel-windows-ix86+x86_64, r-oldrel-osx-x86_64

Version: 0.99
Check: S3 generic/method consistency
Result: NOTE
    Found the following apparent S3 methods exported but not registered:
     $.refdata $<-.refdata [.refdata [<-.refdata [[.refdata [[<-.refdata
     dim.refdata dimnames.refdata names.refdata plot.HanoiTower
     print.HanoiTower print.ref print.refdata row.names.refdata
    See section ‘Registering S3 methods’ in the ‘Writing R Extensions’
    manual.
Flavors: r-devel-linux-x86_64-debian-clang, r-devel-linux-x86_64-debian-gcc, r-devel-linux-x86_64-fedora-clang, r-devel-linux-x86_64-fedora-gcc, r-patched-linux-x86_64, r-patched-solaris-x86, r-release-linux-x86_64

Version: 0.99
Check: R code for possible problems
Result: NOTE
    HanoiTower: no visible global function definition for ‘object.size’
    plot.HanoiTower: no visible global function definition for ‘plot’
    plot.HanoiTower: no visible global function definition for ‘polygon’
    plot.HanoiTower: no visible global function definition for ‘text’
    Undefined global functions or variables:
     object.size plot polygon text
    Consider adding
     importFrom("graphics", "plot", "polygon", "text")
     importFrom("utils", "object.size")
    to your NAMESPACE file.
Flavors: r-devel-linux-x86_64-debian-clang, r-devel-linux-x86_64-debian-gcc, r-devel-linux-x86_64-fedora-clang, r-devel-linux-x86_64-fedora-gcc, r-devel-windows-ix86+x86_64, r-patched-linux-x86_64, r-patched-solaris-x86, r-release-linux-x86_64, r-release-windows-ix86+x86_64, r-release-osx-x86_64, r-oldrel-windows-ix86+x86_64, r-oldrel-osx-x86_64