CRAN Package Check Results for Package ref

Last updated on 2014-07-23 09:49:55.

Flavor Version Tinstall Tcheck Ttotal Status Flags
r-devel-linux-x86_64-debian-clang 0.99 0.58 10.18 10.76 OK
r-devel-linux-x86_64-debian-gcc 0.99 0.58 10.08 10.66 OK
r-devel-linux-x86_64-fedora-clang 0.99 22.52 OK
r-devel-linux-x86_64-fedora-gcc 0.99 20.23 OK
r-devel-osx-x86_64-clang 0.99 24.16 OK
r-devel-windows-ix86+x86_64 0.99 2.00 18.00 20.00 OK
r-patched-linux-x86_64 0.99 0.60 9.97 10.58 OK
r-patched-solaris-sparc 0.99 120.80 OK
r-patched-solaris-x86 0.99 29.90 OK
r-release-linux-ix86 0.99 0.90 15.25 16.15 OK
r-release-linux-x86_64 0.99 0.67 10.73 11.40 OK
r-release-osx-x86_64-mavericks 0.99 OK
r-release-osx-x86_64-snowleopard 0.99 WARN
r-release-windows-ix86+x86_64 0.99 3.00 27.00 30.00 OK
r-oldrel-windows-ix86+x86_64 0.99 2.00 26.00 28.00 OK

Check Details

Version: 0.99
Check: examples
Result: WARNING
    checking a package with encoding 'latin1' in an ASCII locale
    
     OK
Flavor: r-release-osx-x86_64-snowleopard