CRAN Package Check Results for Package ref

Last updated on 2015-04-25 22:46:56.

Flavor Version Tinstall Tcheck Ttotal Status Flags
r-devel-linux-x86_64-debian-clang 0.99 0.79 9.84 10.62 NOTE
r-devel-linux-x86_64-debian-gcc 0.99 0.72 9.83 10.55 NOTE
r-devel-linux-x86_64-fedora-clang 0.99 20.83 NOTE
r-devel-linux-x86_64-fedora-gcc 0.99 19.16 NOTE
r-devel-osx-x86_64-clang 0.99 23.70 NOTE
r-devel-windows-ix86+x86_64 0.99 2.00 19.00 21.00 NOTE
r-patched-linux-x86_64 0.99 0.72 10.07 10.79 NOTE
r-patched-solaris-sparc 0.99 133.10 NOTE
r-patched-solaris-x86 0.99 28.40 NOTE
r-release-linux-x86_64 0.99 0.73 9.82 10.56 NOTE
r-release-osx-x86_64-mavericks 0.99 NOTE
r-release-osx-x86_64-snowleopard 0.99 NOTE
r-release-windows-ix86+x86_64 0.99 2.00 19.00 21.00 NOTE
r-oldrel-windows-ix86+x86_64 0.99 5.00 19.00 24.00 OK

Check Details

Version: 0.99
Check: DESCRIPTION meta-information
Result: NOTE
    Malformed Description field: should contain one or more complete sentences.
Flavors: r-devel-windows-ix86+x86_64, r-release-windows-ix86+x86_64