CRAN Package Check Results for Package ref

Last updated on 2015-09-02 03:48:39.

Flavor Version Tinstall Tcheck Ttotal Status Flags
r-devel-linux-x86_64-debian-clang 0.99 0.58 9.55 10.13 NOTE
r-devel-linux-x86_64-debian-gcc 0.99 0.56 9.13 9.69 NOTE
r-devel-linux-x86_64-fedora-clang 0.99 18.94 NOTE
r-devel-linux-x86_64-fedora-gcc 0.99 17.31 NOTE
r-devel-osx-x86_64-clang 0.99 18.96 NOTE
r-devel-windows-ix86+x86_64 0.99 3.00 20.00 23.00 NOTE
r-patched-linux-x86_64 0.99 0.63 10.30 10.93 NOTE
r-patched-solaris-sparc 0.99 126.10 NOTE
r-patched-solaris-x86 0.99 29.60 NOTE
r-release-linux-x86_64 0.99 0.62 10.58 11.19 NOTE
r-release-osx-x86_64-mavericks 0.99 NOTE
r-release-windows-ix86+x86_64 0.99 5.00 18.00 23.00 NOTE
r-oldrel-windows-ix86+x86_64 0.99 5.00 19.00 24.00 OK

Check Details

Version: 0.99
Check: DESCRIPTION meta-information
Result: NOTE
    Malformed Description field: should contain one or more complete sentences.
Flavors: r-devel-linux-x86_64-debian-clang, r-devel-linux-x86_64-debian-gcc, r-devel-linux-x86_64-fedora-clang, r-devel-linux-x86_64-fedora-gcc, r-devel-osx-x86_64-clang, r-devel-windows-ix86+x86_64, r-patched-linux-x86_64, r-patched-solaris-sparc, r-patched-solaris-x86, r-release-linux-x86_64, r-release-osx-x86_64-mavericks, r-release-windows-ix86+x86_64

Version: 0.99
Check: S3 generic/method consistency
Result: NOTE
    Found the following apparent S3 methods exported but not registered:
     dim.refdata dimnames.refdata names.refdata plot.HanoiTower
     print.HanoiTower print.ref print.refdata row.names.refdata
    See section ‘Registering S3 methods’ in the ‘Writing R Extensions’
    manual.
Flavors: r-devel-linux-x86_64-debian-clang, r-devel-linux-x86_64-debian-gcc, r-devel-linux-x86_64-fedora-clang, r-devel-linux-x86_64-fedora-gcc, r-devel-osx-x86_64-clang, r-patched-linux-x86_64, r-patched-solaris-sparc, r-patched-solaris-x86, r-release-linux-x86_64

Version: 0.99
Check: R code for possible problems
Result: NOTE
    HanoiTower: no visible global function definition for ‘object.size’
    plot.HanoiTower: no visible global function definition for ‘plot’
    plot.HanoiTower: no visible global function definition for ‘polygon’
    plot.HanoiTower: no visible global function definition for ‘text’
    Undefined global functions or variables:
     object.size plot polygon text
    Consider adding
     importFrom("graphics", "plot", "polygon", "text")
     importFrom("utils", "object.size")
    to your NAMESPACE.
Flavors: r-devel-linux-x86_64-debian-clang, r-devel-linux-x86_64-debian-gcc, r-devel-linux-x86_64-fedora-clang, r-devel-linux-x86_64-fedora-gcc, r-devel-windows-ix86+x86_64