CRAN Package Check Results for Package ref

Last updated on 2015-03-29 04:50:29.

Flavor Version Tinstall Tcheck Ttotal Status Flags
r-devel-linux-x86_64-debian-clang 0.99 0.76 9.73 10.49 NOTE
r-devel-linux-x86_64-debian-gcc 0.99 0.60 9.72 10.32 NOTE
r-devel-linux-x86_64-fedora-clang 0.99 20.49 NOTE
r-devel-linux-x86_64-fedora-gcc 0.99 20.13 NOTE
r-devel-osx-x86_64-clang 0.99 26.11 NOTE
r-prerel-windows-ix86+x86_64 0.99 4.00 17.00 21.00 NOTE
r-prerel-linux-x86_64 0.99 0.66 10.15 10.81 NOTE
r-prerel-solaris-sparc 0.99 133.10 NOTE
r-prerel-solaris-x86 0.99 28.50 NOTE
r-release-linux-x86_64 0.99 0.62 10.36 10.97 OK
r-release-osx-x86_64-mavericks 0.99 OK
r-release-osx-x86_64-snowleopard 0.99 WARN
r-release-windows-ix86+x86_64 0.99 5.00 19.00 24.00 OK
r-oldrel-windows-ix86+x86_64 0.99 2.00 26.00 28.00 OK

Check Details

Version: 0.99
Check: DESCRIPTION meta-information
Result: NOTE
    Malformed Description field: should contain one or more complete sentences.
Flavors: r-devel-linux-x86_64-debian-clang, r-devel-linux-x86_64-debian-gcc, r-devel-linux-x86_64-fedora-clang, r-devel-linux-x86_64-fedora-gcc, r-devel-osx-x86_64-clang, r-prerel-windows-ix86+x86_64, r-prerel-linux-x86_64, r-prerel-solaris-sparc, r-prerel-solaris-x86

Version: 0.99
Check: S3 generic/method consistency
Result: NOTE
    Found the following apparent S3 methods exported but not registered:
     dim.refdata dimnames.refdata names.refdata plot.HanoiTower
     print.HanoiTower print.ref print.refdata row.names.refdata
    See section ‘Registering S3 methods’ in the ‘Writing R Extensions’
    manual.
Flavors: r-devel-linux-x86_64-debian-clang, r-devel-linux-x86_64-debian-gcc, r-devel-linux-x86_64-fedora-clang, r-devel-linux-x86_64-fedora-gcc, r-devel-osx-x86_64-clang, r-prerel-linux-x86_64

Version: 0.99
Check: examples
Result: WARN
    checking a package with encoding 'latin1' in an ASCII locale
    
     OK
Flavor: r-release-osx-x86_64-snowleopard