CRAN Package Check Results for Package ref

Last updated on 2018-02-19 22:49:00 CET.

Flavor Version Tinstall Tcheck Ttotal Status Flags
r-devel-linux-x86_64-debian-clang 0.99 1.17 16.24 17.41 NOTE
r-devel-linux-x86_64-debian-gcc 0.99 1.22 14.60 15.82 NOTE
r-devel-linux-x86_64-fedora-clang 0.99 24.03 NOTE
r-devel-linux-x86_64-fedora-gcc 0.99 22.79 NOTE
r-devel-windows-ix86+x86_64 0.99 5.00 28.00 33.00 NOTE
r-patched-linux-x86_64 0.99 0.73 18.18 18.91 NOTE
r-patched-solaris-x86 0.99 29.80 NOTE
r-release-linux-x86_64 0.99 0.78 18.68 19.46 NOTE
r-release-windows-ix86+x86_64 0.99 3.00 28.00 31.00 NOTE
r-release-osx-x86_64 0.99 NOTE
r-oldrel-windows-ix86+x86_64 0.99 2.00 25.00 27.00 NOTE
r-oldrel-osx-x86_64 0.99 NOTE

Check Details

Version: 0.99
Check: DESCRIPTION meta-information
Result: NOTE
    Malformed Description field: should contain one or more complete sentences.
Flavors: r-devel-linux-x86_64-debian-clang, r-devel-linux-x86_64-debian-gcc, r-devel-linux-x86_64-fedora-clang, r-devel-linux-x86_64-fedora-gcc, r-devel-windows-ix86+x86_64, r-patched-linux-x86_64, r-patched-solaris-x86, r-release-linux-x86_64, r-release-windows-ix86+x86_64, r-release-osx-x86_64, r-oldrel-windows-ix86+x86_64, r-oldrel-osx-x86_64

Version: 0.99
Check: S3 generic/method consistency
Result: NOTE
    Found the following apparent S3 methods exported but not registered:
     $.refdata $<-.refdata [.refdata [<-.refdata [[.refdata [[<-.refdata
     dim.refdata dimnames.refdata names.refdata plot.HanoiTower
     print.HanoiTower print.ref print.refdata row.names.refdata
    See section ‘Registering S3 methods’ in the ‘Writing R Extensions’
    manual.
Flavors: r-devel-linux-x86_64-debian-clang, r-devel-linux-x86_64-debian-gcc, r-devel-linux-x86_64-fedora-clang, r-devel-linux-x86_64-fedora-gcc, r-patched-linux-x86_64, r-patched-solaris-x86, r-release-linux-x86_64

Version: 0.99
Check: R code for possible problems
Result: NOTE
    HanoiTower: no visible global function definition for ‘object.size’
    plot.HanoiTower: no visible global function definition for ‘plot’
    plot.HanoiTower: no visible global function definition for ‘polygon’
    plot.HanoiTower: no visible global function definition for ‘text’
    Undefined global functions or variables:
     object.size plot polygon text
    Consider adding
     importFrom("graphics", "plot", "polygon", "text")
     importFrom("utils", "object.size")
    to your NAMESPACE file.
Flavors: r-devel-linux-x86_64-debian-clang, r-devel-linux-x86_64-debian-gcc, r-devel-linux-x86_64-fedora-clang, r-devel-linux-x86_64-fedora-gcc, r-devel-windows-ix86+x86_64, r-patched-linux-x86_64, r-patched-solaris-x86, r-release-linux-x86_64, r-release-windows-ix86+x86_64, r-release-osx-x86_64, r-oldrel-windows-ix86+x86_64, r-oldrel-osx-x86_64