CRAN Package Check Results for Package ref

Last updated on 2014-12-18 07:49:30.

Flavor Version Tinstall Tcheck Ttotal Status Flags
r-devel-linux-x86_64-debian-clang 0.99 0.63 10.47 11.10 OK
r-devel-linux-x86_64-debian-gcc 0.99 0.60 10.90 11.51 OK
r-devel-linux-x86_64-fedora-clang 0.99 23.75 OK
r-devel-linux-x86_64-fedora-gcc 0.99 22.05 OK
r-devel-osx-x86_64-clang 0.99 24.59 OK
r-devel-windows-ix86+x86_64 0.99 3.00 17.00 20.00 OK
r-patched-linux-x86_64 0.99 0.63 10.98 11.60 OK
r-patched-solaris-sparc 0.99 122.20 OK
r-patched-solaris-x86 0.99 32.10 OK
r-release-linux-ix86 0.99 0.91 15.65 16.56 OK
r-release-linux-x86_64 0.99 0.63 10.46 11.09 OK
r-release-osx-x86_64-mavericks 0.99 OK
r-release-osx-x86_64-snowleopard 0.99 WARN
r-release-windows-ix86+x86_64 0.99 2.00 23.00 25.00 OK
r-oldrel-windows-ix86+x86_64 0.99 2.00 26.00 28.00 OK

Check Details

Version: 0.99
Check: examples
Result: WARN
    checking a package with encoding 'latin1' in an ASCII locale
    
     OK
Flavor: r-release-osx-x86_64-snowleopard