CRAN Package Check Results for Package ref

Last updated on 2016-06-30 03:47:11.

Flavor Version Tinstall Tcheck Ttotal Status Flags
r-devel-linux-x86_64-debian-gcc 0.99 0.81 10.61 11.43 NOTE
r-devel-linux-x86_64-fedora-clang 0.99 17.50 NOTE
r-devel-linux-x86_64-fedora-gcc 0.99 16.19 NOTE
r-devel-osx-x86_64-clang 0.99 16.46 NOTE
r-devel-windows-ix86+x86_64 0.99 3.00 25.00 28.00 NOTE
r-patched-linux-x86_64 0.99 0.71 10.53 11.24 NOTE
r-patched-solaris-sparc 0.99 115.90 NOTE
r-patched-solaris-x86 0.99 26.20 NOTE
r-release-linux-x86_64 0.99 0.64 10.19 10.83 NOTE
r-release-osx-x86_64-mavericks 0.99 NOTE
r-release-windows-ix86+x86_64 0.99 2.00 32.00 34.00 NOTE
r-oldrel-windows-ix86+x86_64 0.99 3.00 18.00 21.00 NOTE

Check Details

Version: 0.99
Check: DESCRIPTION meta-information
Result: NOTE
    Malformed Description field: should contain one or more complete sentences.
Flavors: r-devel-linux-x86_64-debian-gcc, r-devel-linux-x86_64-fedora-clang, r-devel-linux-x86_64-fedora-gcc, r-devel-osx-x86_64-clang, r-devel-windows-ix86+x86_64, r-patched-linux-x86_64, r-patched-solaris-sparc, r-patched-solaris-x86, r-release-linux-x86_64, r-release-osx-x86_64-mavericks, r-release-windows-ix86+x86_64, r-oldrel-windows-ix86+x86_64

Version: 0.99
Check: S3 generic/method consistency
Result: NOTE
    Found the following apparent S3 methods exported but not registered:
     dim.refdata dimnames.refdata names.refdata plot.HanoiTower
     print.HanoiTower print.ref print.refdata row.names.refdata
    See section ‘Registering S3 methods’ in the ‘Writing R Extensions’
    manual.
Flavors: r-devel-linux-x86_64-debian-gcc, r-devel-linux-x86_64-fedora-clang, r-devel-linux-x86_64-fedora-gcc, r-devel-osx-x86_64-clang, r-patched-linux-x86_64, r-patched-solaris-sparc, r-patched-solaris-x86, r-release-linux-x86_64

Version: 0.99
Check: R code for possible problems
Result: NOTE
    HanoiTower: no visible global function definition for ‘object.size’
    plot.HanoiTower: no visible global function definition for ‘plot’
    plot.HanoiTower: no visible global function definition for ‘polygon’
    plot.HanoiTower: no visible global function definition for ‘text’
    Undefined global functions or variables:
     object.size plot polygon text
    Consider adding
     importFrom("graphics", "plot", "polygon", "text")
     importFrom("utils", "object.size")
    to your NAMESPACE file.
Flavors: r-devel-linux-x86_64-debian-gcc, r-devel-linux-x86_64-fedora-clang, r-devel-linux-x86_64-fedora-gcc, r-devel-osx-x86_64-clang, r-devel-windows-ix86+x86_64, r-patched-linux-x86_64, r-patched-solaris-sparc, r-patched-solaris-x86, r-release-linux-x86_64, r-release-osx-x86_64-mavericks, r-release-windows-ix86+x86_64