CRAN Package Check Results for Package ref

Last updated on 2017-05-24 05:50:21.

Flavor Version Tinstall Tcheck Ttotal Status Flags
r-devel-linux-x86_64-debian-clang 0.99 0.74 12.98 13.72 NOTE
r-devel-linux-x86_64-debian-gcc 0.99 0.69 12.64 13.33 NOTE
r-devel-linux-x86_64-fedora-clang 0.99 22.09 NOTE --no-stop-on-test-error
r-devel-linux-x86_64-fedora-gcc 0.99 21.56 NOTE --no-stop-on-test-error
r-devel-windows-ix86+x86_64 0.99 6.00 25.00 31.00 NOTE
r-patched-linux-x86_64 0.99 0.63 12.57 13.20 NOTE
r-patched-solaris-sparc 0.99 129.50 NOTE
r-patched-solaris-x86 0.99 29.70 NOTE
r-release-linux-x86_64 0.99 0.67 12.74 13.41 NOTE
r-release-windows-ix86+x86_64 0.99 2.00 26.00 28.00 NOTE
r-release-osx-x86_64 0.99 NOTE
r-oldrel-windows-ix86+x86_64 0.99 2.00 25.00 27.00 NOTE
r-oldrel-osx-x86_64 0.99 NOTE

Check Details

Version: 0.99
Check: DESCRIPTION meta-information
Result: NOTE
    Malformed Description field: should contain one or more complete sentences.
Flavors: r-devel-linux-x86_64-debian-clang, r-devel-linux-x86_64-debian-gcc, r-devel-windows-ix86+x86_64, r-patched-linux-x86_64, r-patched-solaris-sparc, r-patched-solaris-x86, r-release-linux-x86_64, r-release-windows-ix86+x86_64, r-release-osx-x86_64, r-oldrel-windows-ix86+x86_64, r-oldrel-osx-x86_64

Version: 0.99
Check: S3 generic/method consistency
Result: NOTE
    Found the following apparent S3 methods exported but not registered:
     dim.refdata dimnames.refdata names.refdata plot.HanoiTower
     print.HanoiTower print.ref print.refdata row.names.refdata
    See section ‘Registering S3 methods’ in the ‘Writing R Extensions’
    manual.
Flavors: r-devel-linux-x86_64-debian-clang, r-devel-linux-x86_64-debian-gcc, r-patched-linux-x86_64, r-patched-solaris-sparc, r-patched-solaris-x86, r-release-linux-x86_64

Version: 0.99
Check: R code for possible problems
Result: NOTE
    HanoiTower: no visible global function definition for ‘object.size’
    plot.HanoiTower: no visible global function definition for ‘plot’
    plot.HanoiTower: no visible global function definition for ‘polygon’
    plot.HanoiTower: no visible global function definition for ‘text’
    Undefined global functions or variables:
     object.size plot polygon text
    Consider adding
     importFrom("graphics", "plot", "polygon", "text")
     importFrom("utils", "object.size")
    to your NAMESPACE file.
Flavors: r-devel-linux-x86_64-debian-clang, r-devel-linux-x86_64-debian-gcc, r-devel-windows-ix86+x86_64, r-patched-linux-x86_64, r-patched-solaris-sparc, r-patched-solaris-x86, r-release-linux-x86_64, r-release-windows-ix86+x86_64, r-release-osx-x86_64, r-oldrel-windows-ix86+x86_64, r-oldrel-osx-x86_64

Version: 0.99
Flags: --no-stop-on-test-error
Check: DESCRIPTION meta-information
Result: NOTE
    Malformed Description field: should contain one or more complete sentences.
Flavors: r-devel-linux-x86_64-fedora-clang, r-devel-linux-x86_64-fedora-gcc

Version: 0.99
Flags: --no-stop-on-test-error
Check: S3 generic/method consistency
Result: NOTE
    Found the following apparent S3 methods exported but not registered:
     dim.refdata dimnames.refdata names.refdata plot.HanoiTower
     print.HanoiTower print.ref print.refdata row.names.refdata
    See section ‘Registering S3 methods’ in the ‘Writing R Extensions’
    manual.
Flavors: r-devel-linux-x86_64-fedora-clang, r-devel-linux-x86_64-fedora-gcc

Version: 0.99
Flags: --no-stop-on-test-error
Check: R code for possible problems
Result: NOTE
    HanoiTower: no visible global function definition for ‘object.size’
    plot.HanoiTower: no visible global function definition for ‘plot’
    plot.HanoiTower: no visible global function definition for ‘polygon’
    plot.HanoiTower: no visible global function definition for ‘text’
    Undefined global functions or variables:
     object.size plot polygon text
    Consider adding
     importFrom("graphics", "plot", "polygon", "text")
     importFrom("utils", "object.size")
    to your NAMESPACE file.
Flavors: r-devel-linux-x86_64-fedora-clang, r-devel-linux-x86_64-fedora-gcc