CRAN Package Check Results for Package ref

Last updated on 2014-04-25 05:47:23.

Flavor Version Tinstall Tcheck Ttotal Status Flags
r-devel-linux-x86_64-debian-clang 0.99 0.73 10.72 11.45 OK
r-devel-linux-x86_64-debian-gcc 0.99 0.66 10.88 11.54 OK
r-devel-linux-x86_64-fedora-clang 0.99 21.38 OK
r-devel-linux-x86_64-fedora-gcc 0.99 20.26 OK
r-devel-osx-x86_64-clang 0.99 24.25 OK
r-devel-osx-x86_64-gcc 0.99 OK
r-devel-windows-ix86+x86_64 0.99 2.00 17.00 19.00 OK
r-patched-linux-x86_64 0.99 0.65 10.70 11.35 OK
r-patched-solaris-sparc 0.99 120.80 OK
r-patched-solaris-x86 0.99 31.40 OK
r-release-linux-ix86 0.99 1.00 23.00 24.00 OK
r-release-linux-x86_64 0.99 0.67 10.98 11.64 OK
r-release-osx-x86_64-mavericks 0.99 OK
r-release-osx-x86_64-snowleopard 0.99 WARN
r-release-windows-ix86+x86_64 0.99 5.00 22.00 27.00 OK
r-oldrel-windows-ix86+x86_64 0.99 2.00 26.00 28.00 OK

Check Details

Version: 0.99
Check: examples
Result: WARNING
    checking a package with encoding 'latin1' in an ASCII locale
    
     OK
Flavor: r-release-osx-x86_64-snowleopard