CRAN Package Check Results for Package ref

Last updated on 2014-11-22 11:49:20.

Flavor Version Tinstall Tcheck Ttotal Status Flags
r-devel-linux-x86_64-debian-clang 0.99 0.61 10.88 11.49 OK
r-devel-linux-x86_64-debian-gcc 0.99 0.61 10.26 10.87 OK
r-devel-linux-x86_64-fedora-clang 0.99 22.99 OK
r-devel-linux-x86_64-fedora-gcc 0.99 21.99 OK
r-devel-osx-x86_64-clang 0.99 24.56 OK
r-devel-windows-ix86+x86_64 0.99 2.00 18.00 20.00 OK
r-patched-linux-x86_64 0.99 0.64 10.32 10.97 OK
r-patched-solaris-sparc 0.99 122.20 OK
r-patched-solaris-x86 0.99 31.90 OK
r-release-linux-ix86 0.99 0.91 15.64 16.55 OK
r-release-linux-x86_64 0.99 0.63 10.85 11.48 OK
r-release-osx-x86_64-mavericks 0.99 OK
r-release-osx-x86_64-snowleopard 0.99 WARN
r-release-windows-ix86+x86_64 0.99 2.00 23.00 25.00 OK
r-oldrel-windows-ix86+x86_64 0.99 2.00 26.00 28.00 OK

Check Details

Version: 0.99
Check: examples
Result: WARN
    checking a package with encoding 'latin1' in an ASCII locale
    
     OK
Flavor: r-release-osx-x86_64-snowleopard