CRAN Package Check Results for Package ref

Last updated on 2015-07-01 23:47:09.

Flavor Version Tinstall Tcheck Ttotal Status Flags
r-devel-linux-x86_64-debian-clang 0.99 0.55 9.85 10.40 NOTE
r-devel-linux-x86_64-debian-gcc 0.99 0.54 9.48 10.02 NOTE
r-devel-linux-x86_64-fedora-clang 0.99 19.33 NOTE
r-devel-linux-x86_64-fedora-gcc 0.99 18.24 NOTE
r-devel-osx-x86_64-clang 0.99 20.59 NOTE
r-devel-windows-ix86+x86_64 0.99 3.00 17.00 20.00 NOTE
r-patched-linux-x86_64 0.99 0.68 9.86 10.54 NOTE
r-patched-solaris-sparc 0.99 123.80 NOTE
r-patched-solaris-x86 0.99 28.70 NOTE
r-release-linux-x86_64 0.99 0.78 10.10 10.88 NOTE
r-release-osx-x86_64-mavericks 0.99 NOTE
r-release-windows-ix86+x86_64 0.99 3.00 18.00 21.00 NOTE
r-oldrel-windows-ix86+x86_64 0.99 5.00 19.00 24.00 OK

Check Details

Version: 0.99
Check: DESCRIPTION meta-information
Result: NOTE
    Malformed Description field: should contain one or more complete sentences.
Flavors: r-devel-linux-x86_64-debian-clang, r-devel-linux-x86_64-debian-gcc, r-devel-linux-x86_64-fedora-clang, r-devel-linux-x86_64-fedora-gcc, r-devel-osx-x86_64-clang, r-devel-windows-ix86+x86_64, r-patched-linux-x86_64, r-patched-solaris-sparc, r-patched-solaris-x86, r-release-linux-x86_64, r-release-osx-x86_64-mavericks, r-release-windows-ix86+x86_64

Version: 0.99
Check: S3 generic/method consistency
Result: NOTE
    Found the following apparent S3 methods exported but not registered:
     dim.refdata dimnames.refdata names.refdata plot.HanoiTower
     print.HanoiTower print.ref print.refdata row.names.refdata
    See section ‘Registering S3 methods’ in the ‘Writing R Extensions’
    manual.
Flavors: r-devel-linux-x86_64-debian-clang, r-devel-linux-x86_64-debian-gcc, r-devel-linux-x86_64-fedora-clang, r-devel-linux-x86_64-fedora-gcc, r-devel-osx-x86_64-clang, r-patched-linux-x86_64, r-patched-solaris-sparc, r-patched-solaris-x86, r-release-linux-x86_64

Version: 0.99
Check: R code for possible problems
Result: NOTE
    HanoiTower: no visible global function definition for ‘object.size’
    plot.HanoiTower: no visible global function definition for ‘plot’
    plot.HanoiTower: no visible global function definition for ‘polygon’
    plot.HanoiTower: no visible global function definition for ‘text’
Flavors: r-devel-linux-x86_64-debian-clang, r-devel-linux-x86_64-debian-gcc, r-devel-linux-x86_64-fedora-clang, r-devel-linux-x86_64-fedora-gcc