CRAN Package Check Results for Package ref

Last updated on 2015-02-01 20:48:44.

Flavor Version Tinstall Tcheck Ttotal Status Flags
r-devel-linux-x86_64-debian-clang 0.99 0.63 10.58 11.22 NOTE
r-devel-linux-x86_64-debian-gcc 0.99 0.71 9.64 10.34 NOTE
r-devel-linux-x86_64-fedora-clang 0.99 20.54 NOTE
r-devel-linux-x86_64-fedora-gcc 0.99 19.24 NOTE
r-devel-osx-x86_64-clang 0.99 28.54 NOTE
r-devel-windows-ix86+x86_64 0.99 3.00 18.00 21.00 OK
r-patched-linux-x86_64 0.99 0.64 10.48 11.12 OK
r-patched-solaris-sparc 0.99 122.30 OK
r-patched-solaris-x86 0.99 31.90 OK
r-release-linux-ix86 0.99 0.93 16.17 17.10 OK
r-release-linux-x86_64 0.99 0.76 11.19 11.95 OK
r-release-osx-x86_64-mavericks 0.99 OK
r-release-osx-x86_64-snowleopard 0.99 WARN
r-release-windows-ix86+x86_64 0.99 2.00 23.00 25.00 OK
r-oldrel-windows-ix86+x86_64 0.99 2.00 26.00 28.00 OK

Check Details

Version: 0.99
Check: S3 generic/method consistency
Result: NOTE
    Found the following apparent S3 methods exported but not registered:
     print.HanoiTower print.ref print.refdata row.names.refdata
     plot.HanoiTower dim.refdata dimnames.refdata names.refdata
    See section ‘Registering S3 methods’ in the ‘Writing R Extensions’
    manual.
Flavors: r-devel-linux-x86_64-debian-clang, r-devel-linux-x86_64-debian-gcc, r-devel-linux-x86_64-fedora-clang, r-devel-linux-x86_64-fedora-gcc, r-devel-osx-x86_64-clang

Version: 0.99
Check: examples
Result: WARN
    checking a package with encoding 'latin1' in an ASCII locale
    
     OK
Flavor: r-release-osx-x86_64-snowleopard