CRAN Package Check Results for Package refGenome

Last updated on 2014-09-02 18:49:36.

Flavor Version Tinstall Tcheck Ttotal Status Flags
r-devel-linux-x86_64-debian-clang 1.2.0 5.65 64.06 69.70 NOTE
r-devel-linux-x86_64-debian-gcc 1.2.0 5.62 60.72 66.34 NOTE
r-devel-linux-x86_64-fedora-clang 1.2.0 170.94 NOTE
r-devel-linux-x86_64-fedora-gcc 1.2.0 163.17 NOTE
r-devel-osx-x86_64-clang 1.2.0 130.99 NOTE
r-devel-windows-ix86+x86_64 1.2.0 17.00 125.00 142.00 NOTE
r-patched-linux-x86_64 1.2.0 5.85 64.39 70.24 OK
r-patched-solaris-sparc 1.2.0 890.80 OK
r-patched-solaris-x86 1.2.0 210.20 OK
r-release-linux-ix86 1.2.0 7.16 79.23 86.39 OK
r-release-linux-x86_64 1.2.0 6.17 66.44 72.61 OK
r-release-osx-x86_64-mavericks 1.2.0 OK
r-release-osx-x86_64-snowleopard 1.2.0 OK
r-release-windows-ix86+x86_64 1.2.0 17.00 125.00 142.00 OK
r-oldrel-windows-ix86+x86_64 1.2.0 17.00 123.00 140.00 OK

Check Details

Version: 1.2.0
Check: R code for possible problems
Result: NOTE
    loadGenomeDb: no visible global function definition for ‘dbDriver’
    writeDB,refGenome: no visible global function definition for ‘dbDriver’
Flavors: r-devel-linux-x86_64-debian-clang, r-devel-linux-x86_64-debian-gcc, r-devel-linux-x86_64-fedora-clang, r-devel-linux-x86_64-fedora-gcc, r-devel-osx-x86_64-clang, r-devel-windows-ix86+x86_64