CRAN Package Check Results for Package refGenome

Last updated on 2014-08-30 08:50:13.

Flavor Version Tinstall Tcheck Ttotal Status Flags
r-devel-linux-x86_64-debian-clang 1.2.0 6.01 63.92 69.94 NOTE
r-devel-linux-x86_64-debian-gcc 1.2.0 5.78 60.11 65.89 NOTE
r-devel-linux-x86_64-fedora-clang 1.2.0 170.81 NOTE
r-devel-linux-x86_64-fedora-gcc 1.2.0 160.78 NOTE
r-devel-osx-x86_64-clang 1.2.0 131.61 NOTE
r-devel-windows-ix86+x86_64 1.2.0 22.00 118.00 140.00 NOTE
r-patched-linux-x86_64 1.2.0 5.92 65.42 71.34 OK
r-patched-solaris-sparc 1.2.0 890.80 OK
r-patched-solaris-x86 1.2.0 211.00 OK
r-release-linux-ix86 1.2.0 7.16 79.23 86.39 OK
r-release-linux-x86_64 1.2.0 5.98 65.58 71.56 OK
r-release-osx-x86_64-mavericks 1.2.0 OK
r-release-osx-x86_64-snowleopard 1.2.0 OK
r-release-windows-ix86+x86_64 1.2.0 18.00 125.00 143.00 OK
r-oldrel-windows-ix86+x86_64 1.2.0 16.00 117.00 133.00 OK

Check Details

Version: 1.2.0
Check: R code for possible problems
Result: NOTE
    loadGenomeDb: no visible global function definition for ‘dbDriver’
    writeDB,refGenome: no visible global function definition for ‘dbDriver’
Flavors: r-devel-linux-x86_64-debian-clang, r-devel-linux-x86_64-debian-gcc, r-devel-linux-x86_64-fedora-clang, r-devel-linux-x86_64-fedora-gcc, r-devel-osx-x86_64-clang, r-devel-windows-ix86+x86_64