CRAN Package Check Results for Package refGenome

Last updated on 2016-06-25 19:48:34.

Flavor Version Tinstall Tcheck Ttotal Status Flags
r-devel-linux-x86_64-debian-gcc 1.7.0 6.06 45.95 52.00 OK
r-devel-linux-x86_64-fedora-clang 1.7.0 113.90 OK
r-devel-linux-x86_64-fedora-gcc 1.7.0 97.62 OK
r-devel-osx-x86_64-clang 1.7.0 80.04 OK
r-devel-windows-ix86+x86_64 1.7.0 27.00 114.00 141.00 OK
r-patched-linux-x86_64 1.7.0 5.97 46.45 52.42 OK
r-patched-solaris-sparc 1.7.0 606.90 NOTE
r-patched-solaris-x86 1.7.0 132.10 NOTE
r-release-linux-x86_64 1.7.0 6.14 46.61 52.75 OK
r-release-osx-x86_64-mavericks 1.7.0 OK
r-release-windows-ix86+x86_64 1.7.0 29.00 116.00 145.00 OK
r-oldrel-windows-ix86+x86_64 1.7.0 26.00 187.00 213.00 OK

Memtest notes: valgrind

Check Details

Version: 1.7.0
Check: installed package size
Result: NOTE
     installed size is 6.2Mb
     sub-directories of 1Mb or more:
     libs 5.3Mb
Flavors: r-patched-solaris-sparc, r-patched-solaris-x86