CRAN Package Check Results for Package refGenome

Last updated on 2015-07-02 06:48:24.

Flavor Version Tinstall Tcheck Ttotal Status Flags
r-devel-linux-x86_64-debian-clang 1.3.0 3.72 45.50 49.22 NOTE
r-devel-linux-x86_64-debian-gcc 1.3.0 3.88 43.69 47.57 NOTE
r-devel-linux-x86_64-fedora-clang 1.3.0 103.73 NOTE
r-devel-linux-x86_64-fedora-gcc 1.3.0 97.92 NOTE
r-devel-osx-x86_64-clang 1.3.0 83.12 OK
r-devel-windows-ix86+x86_64 1.3.0 15.00 99.00 114.00 NOTE
r-patched-linux-x86_64 1.3.0 3.99 46.11 50.10 OK
r-patched-solaris-sparc 1.3.0 607.50 OK
r-patched-solaris-x86 1.3.0 139.50 OK
r-release-linux-x86_64 1.3.0 4.11 44.27 48.38 OK
r-release-osx-x86_64-mavericks 1.3.0 OK
r-release-windows-ix86+x86_64 1.3.0 13.00 102.00 115.00 OK
r-oldrel-windows-ix86+x86_64 1.3.0 17.00 164.00 181.00 OK

Check Details

Version: 1.3.0
Check: R code for possible problems
Result: NOTE
    addEnsembl,ucscGenome: no visible binding for global variable ‘df’
    addIsoforms,ucscGenome: no visible binding for global variable ‘df’
    addXref,ucscGenome: no visible binding for global variable ‘df’
Flavors: r-devel-linux-x86_64-debian-clang, r-devel-linux-x86_64-debian-gcc, r-devel-linux-x86_64-fedora-clang, r-devel-linux-x86_64-fedora-gcc, r-devel-windows-ix86+x86_64