CRAN Package Check Results for Package refund

Last updated on 2015-03-03 14:47:33.

Flavor Version Tinstall Tcheck Ttotal Status Flags
r-devel-linux-x86_64-debian-clang 0.1-11 4.73 82.10 86.83 NOTE
r-devel-linux-x86_64-debian-gcc 0.1-11 4.24 80.25 84.49 NOTE
r-devel-linux-x86_64-fedora-clang 0.1-11 179.49 NOTE
r-devel-linux-x86_64-fedora-gcc 0.1-11 168.86 NOTE
r-devel-osx-x86_64-clang 0.1-11 155.60 NOTE
r-devel-windows-ix86+x86_64 0.1-11 19.00 156.00 175.00 OK
r-patched-linux-x86_64 0.1-11 6.36 101.96 108.31 OK
r-patched-solaris-sparc 0.1-11 1432.20 OK
r-patched-solaris-x86 0.1-11 296.50 OK
r-release-linux-ix86 0.1-11 7.67 121.32 128.99 OK
r-release-linux-x86_64 0.1-11 6.62 102.16 108.78 OK
r-release-osx-x86_64-mavericks 0.1-11 OK
r-release-osx-x86_64-snowleopard 0.1-11 OK
r-release-windows-ix86+x86_64 0.1-11 18.00 204.00 222.00 OK
r-oldrel-windows-ix86+x86_64 0.1-11 17.00 144.00 161.00 OK

Check Details

Version: 0.1-11
Check: S3 generic/method consistency
Result: NOTE
    Found the following apparent S3 methods exported but not registered:
     coef.pffr fitted.pffr model.matrix.pffr plot.fosr plot.fosr.perm
     plot.fpcr plot.lpeer plot.peer plot.pffr plot.wcr plot.wnet
     predict.fgam predict.pffr predict.pfr predict.wnet print.summary.pffr
     residuals.pffr summary.pffr
    See section ‘Registering S3 methods’ in the ‘Writing R Extensions’
    manual.
Flavors: r-devel-linux-x86_64-debian-clang, r-devel-linux-x86_64-debian-gcc, r-devel-linux-x86_64-fedora-clang, r-devel-linux-x86_64-fedora-gcc, r-devel-osx-x86_64-clang