CRAN Package Check Results for Package refund

Last updated on 2015-01-31 11:51:55.

Flavor Version Tinstall Tcheck Ttotal Status Flags
r-devel-linux-x86_64-debian-clang 0.1-11 4.53 81.92 86.45 NOTE
r-devel-linux-x86_64-debian-gcc 0.1-11 5.19 79.71 84.90 NOTE
r-devel-linux-x86_64-fedora-clang 0.1-11 221.75 NOTE
r-devel-linux-x86_64-fedora-gcc 0.1-11 211.83 NOTE
r-devel-osx-x86_64-clang 0.1-11 196.23 NOTE
r-devel-windows-ix86+x86_64 0.1-11 14.00 123.00 137.00 OK
r-patched-linux-x86_64 0.1-11 6.24 102.01 108.25 OK
r-patched-solaris-sparc 0.1-11 1389.50 OK
r-patched-solaris-x86 0.1-11 292.40 OK
r-release-linux-ix86 0.1-11 7.14 121.58 128.72 OK
r-release-linux-x86_64 0.1-11 6.89 101.57 108.46 OK
r-release-osx-x86_64-mavericks 0.1-11 OK
r-release-osx-x86_64-snowleopard 0.1-11 OK
r-release-windows-ix86+x86_64 0.1-11 16.00 153.00 169.00 OK
r-oldrel-windows-ix86+x86_64 0.1-11 17.00 144.00 161.00 OK

Check Details

Version: 0.1-11
Check: S3 generic/method consistency
Result: NOTE
    Found the following apparent S3 methods exported but not registered:
     print.summary.pffr summary.pffr plot.fosr plot.fosr.perm plot.fpcr
     plot.lpeer plot.peer plot.pffr plot.wcr plot.wnet coef.pffr
     fitted.pffr model.matrix.pffr predict.fgam predict.pffr predict.pfr
     predict.wnet residuals.pffr
    See section ‘Registering S3 methods’ in the ‘Writing R Extensions’
    manual.
Flavors: r-devel-linux-x86_64-debian-clang, r-devel-linux-x86_64-debian-gcc, r-devel-linux-x86_64-fedora-clang, r-devel-linux-x86_64-fedora-gcc, r-devel-osx-x86_64-clang