CRAN Package Check Results for Package refund

Last updated on 2014-04-23 17:47:52.

Flavor Version Tinstall Tcheck Ttotal Status Flags
r-devel-linux-x86_64-debian-clang 0.1-9 6.53 97.28 103.82 OK
r-devel-linux-x86_64-debian-gcc 0.1-9 6.74 96.51 103.25 OK
r-devel-linux-x86_64-fedora-clang 0.1-9 224.03 OK
r-devel-linux-x86_64-fedora-gcc 0.1-9 220.78 OK
r-devel-osx-x86_64-clang 0.1-9 180.17 OK
r-devel-osx-x86_64-gcc 0.1-9 ERROR
r-devel-windows-ix86+x86_64 0.1-9 18.00 129.00 147.00 OK
r-patched-linux-x86_64 0.1-9 6.76 97.79 104.55 OK
r-patched-solaris-sparc 0.1-9 1261.70 OK
r-patched-solaris-x86 0.1-9 264.30 OK
r-release-linux-ix86 0.1-9 10.00 148.00 158.00 OK
r-release-linux-x86_64 0.1-9 6.83 97.17 104.00 OK
r-release-osx-x86_64-mavericks 0.1-9 ERROR
r-release-osx-x86_64-snowleopard 0.1-9 OK
r-release-windows-ix86+x86_64 0.1-9 16.00 131.00 147.00 OK
r-oldrel-windows-ix86+x86_64 0.1-9 16.00 134.00 150.00 OK

Check Details

Version: 0.1-9
Check: package dependencies
Result: ERROR
    Package required but not available: ‘fda’
    
    See the information on DESCRIPTION files in the chapter ‘Creating R
    packages’ of the ‘Writing R Extensions’ manual.
Flavor: r-devel-osx-x86_64-gcc

Version: 0.1-9
Check: examples
Result: ERROR
    Running examples in ‘refund-Ex.R’ failed
    The error occurred in:
    
    
    R version 3.1.0 (2014-04-10) -- "Spring Dance"
    Copyright (C) 2014 The R Foundation for Statistical Computing
    Platform: x86_64-apple-darwin13.1.0 (64-bit)
    
    R is free software and comes with ABSOLUTELY NO WARRANTY.
    You are welcome to redistribute it under certain conditions.
    Type 'license()' or 'licence()' for distribution details.
    
     Natural language support but running in an English locale
    
    R is a collaborative project with many contributors.
    Type 'contributors()' for more information and
    'citation()' on how to cite R or R packages in publications.
    
    Type 'demo()' for some demos, 'help()' for on-line help, or
    'help.start()' for an HTML browser interface to help.
    Type 'q()' to quit R.
    
    > pkgname <- "refund"
    > source(file.path(R.home("share"), "R", "examples-header.R"))
    > options(warn = 1)
    > library('refund')
    
    Execution halted
Flavor: r-release-osx-x86_64-mavericks