CRAN Package Check Results for Package refund

Last updated on 2018-02-25 22:46:38 CET.

Flavor Version Tinstall Tcheck Ttotal Status Flags
r-devel-linux-x86_64-debian-clang 0.1-16 21.13 162.98 184.11 WARN
r-devel-linux-x86_64-debian-gcc 0.1-16 19.79 125.41 145.20 WARN
r-devel-linux-x86_64-fedora-clang 0.1-16 223.61 WARN
r-devel-linux-x86_64-fedora-gcc 0.1-16 217.88 WARN
r-devel-windows-ix86+x86_64 0.1-16 42.00 204.00 246.00 WARN
r-patched-linux-x86_64 0.1-16 6.89 181.47 188.36 WARN
r-patched-solaris-x86 0.1-16 277.40 WARN
r-release-linux-x86_64 0.1-16 7.16 179.09 186.25 WARN
r-release-windows-ix86+x86_64 0.1-16 22.00 225.00 247.00 WARN
r-release-osx-x86_64 0.1-16 OK
r-oldrel-windows-ix86+x86_64 0.1-16 11.00 157.00 168.00 WARN
r-oldrel-osx-x86_64 0.1-16 OK

Check Details

Version: 0.1-16
Check: whether package can be installed
Result: WARN
    Found the following significant warnings:
     Note: break may be used in wrong context: no loop is visible
Flavors: r-devel-linux-x86_64-debian-clang, r-devel-linux-x86_64-debian-gcc, r-devel-linux-x86_64-fedora-clang, r-devel-linux-x86_64-fedora-gcc, r-devel-windows-ix86+x86_64

Version: 0.1-16
Check: for code/documentation mismatches
Result: WARN
    Codoc mismatches from documentation object 'pfr_plot.gam':
    plot.random.effect
     Code: function(x, P = NULL, data = NULL, label = "", se1.mult = 1,
     se2.mult = 2, partial.resids = FALSE, rug = TRUE, se =
     TRUE, scale = -1, n = 100, n2 = 40, n3 = 3, pers =
     FALSE, theta = 30, phi = 30, jit = FALSE, xlab = NULL,
     ylab = NULL, main = NULL, ylim = NULL, xlim = NULL,
     too.far = 0.1, shade = FALSE, shade.col = "gray80",
     shift = 0, trans = I, by.resids = FALSE, scheme = 0,
     ...)
     Docs: function(x, P = NULL, data = NULL, label = "", se1.mult = 1,
     se2.mult = 2, partial.resids = FALSE, rug = TRUE, se =
     TRUE, scale = -1, n = 100, n2 = 40, pers = FALSE,
     theta = 30, phi = 30, jit = FALSE, xlab = NULL, ylab =
     NULL, main = NULL, ylim = NULL, xlim = NULL, too.far =
     0.1, shade = FALSE, shade.col = "gray80", shift = 0,
     trans = I, by.resids = FALSE, scheme = 0, ...)
     Argument names in code not in docs:
     n3
     Mismatches in argument names (first 3):
     Position: 13 Code: n3 Docs: pers
     Position: 14 Code: pers Docs: theta
     Position: 15 Code: theta Docs: phi
Flavors: r-devel-linux-x86_64-debian-clang, r-devel-linux-x86_64-debian-gcc, r-devel-linux-x86_64-fedora-clang, r-devel-linux-x86_64-fedora-gcc, r-devel-windows-ix86+x86_64, r-patched-linux-x86_64, r-patched-solaris-x86, r-release-linux-x86_64, r-release-windows-ix86+x86_64, r-oldrel-windows-ix86+x86_64