CRAN Package Check Results for Package refund

Last updated on 2015-05-24 19:48:03.

Flavor Version Tinstall Tcheck Ttotal Status Flags
r-devel-linux-x86_64-debian-clang 0.1-11 4.42 85.83 90.25 NOTE
r-devel-linux-x86_64-debian-gcc 0.1-11 4.45 83.35 87.80 NOTE
r-devel-linux-x86_64-fedora-clang 0.1-11 177.51 NOTE
r-devel-linux-x86_64-fedora-gcc 0.1-11 170.07 NOTE
r-devel-osx-x86_64-clang 0.1-11 151.20 NOTE
r-devel-windows-ix86+x86_64 0.1-11 12.00 121.00 133.00 OK
r-patched-linux-x86_64 0.1-11 4.34 82.36 86.70 NOTE
r-patched-solaris-sparc 0.1-11 1151.40 NOTE
r-patched-solaris-x86 0.1-11 223.80 NOTE
r-release-linux-x86_64 0.1-11 4.34 84.40 88.74 NOTE
r-release-osx-x86_64-mavericks 0.1-11 OK
r-release-osx-x86_64-snowleopard 0.1-11 ERROR
r-release-windows-ix86+x86_64 0.1-11 14.00 131.00 145.00 OK
r-oldrel-windows-ix86+x86_64 0.1-11 21.00 142.00 163.00 OK

Check Details

Version: 0.1-11
Check: S3 generic/method consistency
Result: NOTE
    Found the following apparent S3 methods exported but not registered:
     coef.pffr fitted.pffr model.matrix.pffr plot.fosr plot.fosr.perm
     plot.fpcr plot.lpeer plot.peer plot.pffr plot.wcr plot.wnet
     predict.fgam predict.pffr predict.pfr predict.wnet print.summary.pffr
     residuals.pffr summary.pffr
    See section ‘Registering S3 methods’ in the ‘Writing R Extensions’
    manual.
Flavors: r-devel-linux-x86_64-debian-clang, r-devel-linux-x86_64-debian-gcc, r-devel-linux-x86_64-fedora-clang, r-devel-linux-x86_64-fedora-gcc, r-devel-osx-x86_64-clang, r-patched-linux-x86_64, r-patched-solaris-sparc, r-patched-solaris-x86, r-release-linux-x86_64

Version: 0.1-11
Check: package dependencies
Result: ERROR
    Package required but not available: ‘fda’
    
    See section ‘The DESCRIPTION file’ in the ‘Writing R Extensions’
    manual.
Flavor: r-release-osx-x86_64-snowleopard