CRAN Package Check Results for Package refund

Last updated on 2018-04-24 10:47:34 CEST.

Flavor Version Tinstall Tcheck Ttotal Status Flags
r-devel-linux-x86_64-debian-clang 0.1-16 21.53 139.48 161.01 WARN
r-devel-linux-x86_64-debian-gcc 0.1-16 17.49 124.69 142.18 WARN
r-devel-linux-x86_64-fedora-clang 0.1-16 224.43 WARN
r-devel-linux-x86_64-fedora-gcc 0.1-16 219.56 WARN
r-devel-windows-ix86+x86_64 0.1-16 43.00 163.00 206.00 WARN
r-patched-linux-x86_64 0.1-16 22.40 161.41 183.81 WARN
r-patched-solaris-x86 0.1-16 311.70 WARN
r-release-linux-x86_64 0.1-16 22.06 158.29 180.35 WARN
r-release-windows-ix86+x86_64 0.1-16 43.00 163.00 206.00 WARN
r-release-osx-x86_64 0.1-16 WARN
r-oldrel-windows-ix86+x86_64 0.1-16 13.00 228.00 241.00 WARN
r-oldrel-osx-x86_64 0.1-16 OK

Check Details

Version: 0.1-16
Check: whether package can be installed
Result: WARN
    Found the following significant warnings:
     Note: break used in wrong context: no loop is visible
    See ‘/home/hornik/tmp/R.check/r-devel-clang/Work/PKGS/refund.Rcheck/00install.out’ for details.
    Information on the location(s) of code generating the ‘Note’s can be
    obtained by re-running with environment variable R_KEEP_PKG_SOURCE set
    to ‘yes’.
Flavor: r-devel-linux-x86_64-debian-clang

Version: 0.1-16
Check: for code/documentation mismatches
Result: WARN
    Codoc mismatches from documentation object 'pfr_plot.gam':
    plot.random.effect
     Code: function(x, P = NULL, data = NULL, label = "", se1.mult = 1,
     se2.mult = 2, partial.resids = FALSE, rug = TRUE, se =
     TRUE, scale = -1, n = 100, n2 = 40, n3 = 3, pers =
     FALSE, theta = 30, phi = 30, jit = FALSE, xlab = NULL,
     ylab = NULL, main = NULL, ylim = NULL, xlim = NULL,
     too.far = 0.1, shade = FALSE, shade.col = "gray80",
     shift = 0, trans = I, by.resids = FALSE, scheme = 0,
     ...)
     Docs: function(x, P = NULL, data = NULL, label = "", se1.mult = 1,
     se2.mult = 2, partial.resids = FALSE, rug = TRUE, se =
     TRUE, scale = -1, n = 100, n2 = 40, pers = FALSE,
     theta = 30, phi = 30, jit = FALSE, xlab = NULL, ylab =
     NULL, main = NULL, ylim = NULL, xlim = NULL, too.far =
     0.1, shade = FALSE, shade.col = "gray80", shift = 0,
     trans = I, by.resids = FALSE, scheme = 0, ...)
     Argument names in code not in docs:
     n3
     Mismatches in argument names (first 3):
     Position: 13 Code: n3 Docs: pers
     Position: 14 Code: pers Docs: theta
     Position: 15 Code: theta Docs: phi
Flavors: r-devel-linux-x86_64-debian-clang, r-devel-linux-x86_64-debian-gcc, r-devel-linux-x86_64-fedora-clang, r-devel-linux-x86_64-fedora-gcc, r-devel-windows-ix86+x86_64, r-patched-linux-x86_64, r-patched-solaris-x86, r-release-linux-x86_64, r-release-windows-ix86+x86_64, r-release-osx-x86_64, r-oldrel-windows-ix86+x86_64

Version: 0.1-16
Check: whether package can be installed
Result: WARN
    Found the following significant warnings:
     Note: break used in wrong context: no loop is visible
    See ‘/home/hornik/tmp/R.check/r-devel-gcc/Work/PKGS/refund.Rcheck/00install.out’ for details.
    Information on the location(s) of code generating the ‘Note’s can be
    obtained by re-running with environment variable R_KEEP_PKG_SOURCE set
    to ‘yes’.
Flavor: r-devel-linux-x86_64-debian-gcc

Version: 0.1-16
Check: whether package can be installed
Result: WARN
    Found the following significant warnings:
     Note: break used in wrong context: no loop is visible
    See ‘/data/gannet/ripley/R/packages/tests-clang/refund.Rcheck/00install.out’ for details.
    Information on the location(s) of code generating the ‘Note’s can be
    obtained by re-running with environment variable R_KEEP_PKG_SOURCE set
    to ‘yes’.
Flavor: r-devel-linux-x86_64-fedora-clang

Version: 0.1-16
Check: whether package can be installed
Result: WARN
    Found the following significant warnings:
     Note: break used in wrong context: no loop is visible
    See ‘/data/gannet/ripley/R/packages/tests-devel/refund.Rcheck/00install.out’ for details.
    Information on the location(s) of code generating the ‘Note’s can be
    obtained by re-running with environment variable R_KEEP_PKG_SOURCE set
    to ‘yes’.
Flavor: r-devel-linux-x86_64-fedora-gcc

Version: 0.1-16
Check: whether package can be installed
Result: WARN
    Found the following significant warnings:
     Note: break used in wrong context: no loop is visible
    See 'd:/Rcompile/CRANpkg/local/3.5/refund.Rcheck/00install.out' for details.
    Information on the location(s) of code generating the 'Note's can be
    obtained by re-running with environment variable R_KEEP_PKG_SOURCE set
    to 'yes'.
Flavors: r-devel-windows-ix86+x86_64, r-release-windows-ix86+x86_64

Version: 0.1-16
Check: whether package can be installed
Result: WARN
    Found the following significant warnings:
     Note: break used in wrong context: no loop is visible
    See ‘/home/hornik/tmp/R.check/r-patched-gcc/Work/PKGS/refund.Rcheck/00install.out’ for details.
    Information on the location(s) of code generating the ‘Note’s can be
    obtained by re-running with environment variable R_KEEP_PKG_SOURCE set
    to ‘yes’.
Flavor: r-patched-linux-x86_64

Version: 0.1-16
Check: whether package can be installed
Result: WARN
    Found the following significant warnings:
     Note: break used in wrong context: no loop is visible
    See ‘/home/ripley/R/packages/tests32/refund.Rcheck/00install.out’ for details.
    Information on the location(s) of code generating the ‘Note’s can be
    obtained by re-running with environment variable R_KEEP_PKG_SOURCE set
    to ‘yes’.
Flavor: r-patched-solaris-x86

Version: 0.1-16
Check: whether package can be installed
Result: WARN
    Found the following significant warnings:
     Note: break used in wrong context: no loop is visible
    See ‘/home/hornik/tmp/R.check/r-release-gcc/Work/PKGS/refund.Rcheck/00install.out’ for details.
    Information on the location(s) of code generating the ‘Note’s can be
    obtained by re-running with environment variable R_KEEP_PKG_SOURCE set
    to ‘yes’.
Flavor: r-release-linux-x86_64

Version: 0.1-16
Check: whether package can be installed
Result: WARN
    Found the following significant warnings:
     Note: break used in wrong context: no loop is visible
    See ‘/Volumes/SSD-Data/Builds/R-dev-web/QA/Simon/packages/el-capitan-x86_64/results/3.5/refund.Rcheck/00install.out’ for details.
    Information on the location(s) of code generating the ‘Note’s can be
    obtained by re-running with environment variable R_KEEP_PKG_SOURCE set
    to ‘yes’.
Flavor: r-release-osx-x86_64