CRAN Package Check Results for Package refund

Last updated on 2015-07-30 17:47:25.

Flavor Version Tinstall Tcheck Ttotal Status Flags
r-devel-linux-x86_64-debian-clang 0.1-11 4.63 83.52 88.15 NOTE
r-devel-linux-x86_64-debian-gcc 0.1-11 4.99 82.43 87.42 NOTE
r-devel-linux-x86_64-fedora-clang 0.1-11 175.84 NOTE
r-devel-linux-x86_64-fedora-gcc 0.1-11 167.43 NOTE
r-devel-osx-x86_64-clang 0.1-11 130.72 NOTE
r-devel-windows-ix86+x86_64 0.1-11 14.00 129.00 143.00 NOTE
r-patched-linux-x86_64 0.1-11 4.44 84.26 88.70 NOTE
r-patched-solaris-sparc 0.1-11 1171.00 NOTE
r-patched-solaris-x86 0.1-11 225.30 NOTE
r-release-linux-x86_64 0.1-11 4.33 83.29 87.62 NOTE
r-release-osx-x86_64-mavericks 0.1-11 OK
r-release-windows-ix86+x86_64 0.1-11 20.00 122.00 142.00 OK
r-oldrel-windows-ix86+x86_64 0.1-11 22.00 156.00 178.00 OK

Check Details

Version: 0.1-11
Check: S3 generic/method consistency
Result: NOTE
    Found the following apparent S3 methods exported but not registered:
     coef.pffr fitted.pffr model.matrix.pffr plot.fosr plot.fosr.perm
     plot.fpcr plot.lpeer plot.peer plot.pffr plot.wcr plot.wnet
     predict.fgam predict.pffr predict.pfr predict.wnet print.summary.pffr
     residuals.pffr summary.pffr
    See section ‘Registering S3 methods’ in the ‘Writing R Extensions’
    manual.
Flavors: r-devel-linux-x86_64-debian-clang, r-devel-linux-x86_64-debian-gcc, r-devel-linux-x86_64-fedora-clang, r-devel-linux-x86_64-fedora-gcc, r-devel-osx-x86_64-clang, r-patched-linux-x86_64, r-patched-solaris-sparc, r-patched-solaris-x86, r-release-linux-x86_64

Version: 0.1-11
Check: R code for possible problems
Result: NOTE
    af: no visible binding for global variable ‘filter’
    af: no visible global function definition for ‘getFromNamespace’
    af: no visible global function definition for ‘modifyList’
    ccb.fpc: no visible global function definition for ‘var’
    ccb.fpc: no visible global function definition for ‘quantile’
    coef.pffr : getCoefs : makeDataGrid : <anonymous>: no visible global
     function definition for ‘approx’
    coef.pffr : getCoefs: no visible global function definition for
     ‘formula’
    coef.pffr: no visible global function definition for ‘predict’
    coef.pffr: no visible global function definition for ‘residuals’
    coefboot.pffr : bootfct.resample: no visible global function definition
     for ‘coef’
    coefboot.pffr : bootfct.resid: no visible global function definition
     for ‘coef’
    coefboot.pffr : bootfct.residc: no visible global function definition
     for ‘coef’
    coefboot.pffr: no visible global function definition for ‘coef’
    fbps: no visible global function definition for ‘optim’
    ff: no visible binding for global variable ‘filter’
    ff: no visible global function definition for ‘getFromNamespace’
    ff: no visible global function definition for ‘modifyList’
    ffpcplot: no visible global function definition for ‘layout’
    ffpcplot: no visible global function definition for ‘abline’
    ffpcplot: no visible global function definition for ‘polygon’
    ffpcplot: no visible binding for global variable ‘rgb’
    ffpcplot: no visible global function definition for ‘col2rgb’
    ffpcplot: no visible global function definition for ‘persp’
    fgam: no visible global function definition for ‘terms.formula’
    fosr: no visible global function definition for ‘var’
    fosr: no visible global function definition for ‘cov’
    fosr.perm.fit: no visible binding for global variable ‘var’
    fosr.perm.fit: no visible binding for global variable ‘median’
    fosr.perm.test: no visible global function definition for ‘quantile’
    fosr2s: no visible global function definition for ‘cov’
    fosr2s: no visible global function definition for ‘fitted’
    fpca.face: no visible global function definition for ‘smooth.spline’
    fpca.face: no visible global function definition for ‘predict’
    fpca.face: no visible global function definition for ‘optim’
    fpca.sc: no visible global function definition for ‘predict’
    fpca.sc: no visible global function definition for ‘quantile’
    fpca.ssvd: no visible global function definition for ‘par’
    fpca.ssvd: no visible global function definition for ‘predict’
    fpca.ssvd: no visible global function definition for ‘smooth.spline’
    fpca.ssvd: no visible global function definition for ‘optimize’
    fpca.ssvd: no visible global function definition for ‘layout’
    fpca2s: no visible global function definition for ‘smooth.spline’
    fpcr.setup: no visible global function definition for ‘lm’
    getNPC.DonohoGavish: no visible global function definition for ‘median’
    getRsq: no visible global function definition for ‘var’
    irreg2mat: no visible global function definition for ‘complete.cases’
    irreg2mat: no visible global function definition for ‘filter’
    lf: no visible binding for global variable ‘filter’
    lf: no visible global function definition for ‘getFromNamespace’
    lf: no visible global function definition for ‘modifyList’
    lofocv: no visible global function definition for ‘optimize’
    lpeer: no visible binding for global variable ‘sd’
    lpeer: no visible global function definition for ‘as.formula’
    lpfr: no visible global function definition for ‘predict’
    lpfr: no visible global function definition for ‘quantile’
    lw.test: no visible global function definition for ‘cov’
    lw.test: no visible global function definition for ‘pnorm’
    model.matrix.pffr: no visible global function definition for ‘predict’
    pffr: no visible global function definition for ‘terms.formula’
    pffr : <anonymous> : <anonymous>: no visible global function definition
     for ‘approx’
    pffrGLS: no visible global function definition for ‘terms.formula’
    pffrGLS: no visible global function definition for ‘as’
    pffrGLS: no visible global function definition for ‘predict’
    pffrSim : rf: no visible global function definition for ‘rnorm’
    pffrSim: no visible global function definition for ‘dbeta’
    pffrSim: no visible global function definition for ‘rnorm’
    pffrSim: no visible global function definition for ‘dnorm’
    pffrSim: no visible global function definition for ‘sd’
    plot.fosr: no visible global function definition for ‘par’
    plot.fosr: no visible global function definition for ‘plot’
    plot.fosr: no visible global function definition for ‘lines’
    plot.fosr: no visible global function definition for ‘abline’
    plot.fosr.perm: no visible global function definition for ‘abline’
    plot.fosr.perm: no visible global function definition for ‘lines’
    plot.fpcr: no visible global function definition for ‘plot’
    plot.lpeer: no visible global function definition for ‘par’
    plot.lpeer: no visible global function definition for ‘qnorm’
    plot.lpeer: no visible global function definition for ‘abline’
    plot.peer: no visible global function definition for ‘qnorm’
    plot.peer: no visible global function definition for ‘abline’
    plot.wcr: no visible global function definition for ‘plot’
    plot.wcr: no visible global function definition for ‘par’
    plot.wnet: no visible global function definition for ‘plot’
    plot.wnet: no visible global function definition for ‘par’
    predict.fgam : <anonymous>: no visible global function definition for
     ‘formula’
    predict.pffr : <anonymous>: no visible global function definition for
     ‘formula’
    predict.pffr: no visible global function definition for ‘approx’
    print.summary.pffr: no visible global function definition for
     ‘printCoefmat’
    rlrt.pfr: no visible global function definition for ‘rchisq’
    sff: no visible binding for global variable ‘filter’
    sff: no visible global function definition for ‘getFromNamespace’
    sff: no visible global function definition for ‘modifyList’
    smooth.construct.pcre.smooth.spec: no visible global function
     definition for ‘as.formula’
    smooth.construct.pcre.smooth.spec: no visible global function
     definition for ‘model.matrix’
    vis.fgam: no visible global function definition for ‘heat.colors’
    vis.fgam: no visible global function definition for ‘terms’
    vis.fgam: no visible binding for global variable ‘na.exclude’
    vis.fgam: no visible global function definition for ‘par’
    vis.fgam: no visible global function definition for ‘plot’
    vis.fgam: no visible global function definition for ‘lines’
    vis.fgam: no visible global function definition for ‘abline’
    waveletGetCV: no visible binding for global variable ‘median’
    waveletGetCV: no visible binding for global variable ‘sd’
    wcr: no visible binding for global variable ‘var’
    wcr: no visible global function definition for ‘cov’
    wcr: no visible global function definition for ‘lm’
    wcr: no visible global function definition for ‘glm’
    wnet: no visible binding for global variable ‘var’
    wnet: no visible global function definition for ‘predict’
    Undefined global functions or variables:
     abline approx as as.formula coef col2rgb complete.cases cov dbeta
     dnorm filter fitted formula getFromNamespace glm heat.colors layout
     lines lm median model.matrix modifyList na.exclude optim optimize par
     persp plot pnorm polygon predict printCoefmat qnorm quantile rchisq
     residuals rgb rnorm sd smooth.spline terms terms.formula var
    Consider adding
     importFrom("grDevices", "col2rgb", "heat.colors", "rgb")
     importFrom("graphics", "abline", "layout", "lines", "par", "persp",
     "plot", "polygon")
     importFrom("methods", "as")
     importFrom("stats", "approx", "as.formula", "coef", "complete.cases",
     "cov", "dbeta", "dnorm", "filter", "fitted", "formula",
     "glm", "lm", "median", "model.matrix", "na.exclude",
     "optim", "optimize", "pnorm", "predict", "printCoefmat",
     "qnorm", "quantile", "rchisq", "residuals", "rnorm", "sd",
     "smooth.spline", "terms", "terms.formula", "var")
     importFrom("utils", "getFromNamespace", "modifyList")
    to your NAMESPACE.
Flavors: r-devel-linux-x86_64-debian-clang, r-devel-linux-x86_64-debian-gcc, r-devel-linux-x86_64-fedora-clang, r-devel-linux-x86_64-fedora-gcc, r-devel-windows-ix86+x86_64