CRAN Package Check Results for Package refund.shiny

Last updated on 2024-07-22 05:50:01 CEST.

Flavor Version Tinstall Tcheck Ttotal Status Flags
r-devel-linux-x86_64-debian-clang 1.0 17.35 149.95 167.30 OK
r-devel-linux-x86_64-debian-gcc 1.0 14.84 111.21 126.05 NOTE
r-devel-linux-x86_64-fedora-clang 1.0 210.75 OK
r-devel-linux-x86_64-fedora-gcc 1.0 197.72 OK
r-devel-windows-x86_64 1.0 16.00 118.00 134.00 NOTE
r-patched-linux-x86_64 1.0 26.56 145.63 172.19 OK
r-release-linux-x86_64 1.0 12.54 141.88 154.42 OK
r-release-macos-arm64 1.0 53.00 OK
r-release-macos-x86_64 1.0 77.00 OK
r-release-windows-x86_64 1.0 16.00 117.00 133.00 OK
r-oldrel-macos-arm64 1.0 65.00 OK
r-oldrel-macos-x86_64 1.0 91.00 OK
r-oldrel-windows-x86_64 1.0 22.00 144.00 166.00 OK

Check Details

Version: 1.0
Check: Rd cross-references
Result: NOTE Found the following Rd file(s) with Rd \link{} targets missing package anchors: plot_shiny.Rd: fpca.sc, fpca.face, fpca.ssvd, fpca2s, bayes_fosr, mfpca.sc Please provide package anchors for all Rd \link{} targets not in the package itself and the base packages. Flavors: r-devel-linux-x86_64-debian-gcc, r-devel-windows-x86_64