Last updated on 2023-12-10 16:51:24 CET.
Flavor | Version | Tinstall | Tcheck | Ttotal | Status | Flags |
---|---|---|---|---|---|---|
r-devel-linux-x86_64-debian-clang | 1.1.0 | 13.35 | 126.07 | 139.42 | NOTE | |
r-devel-linux-x86_64-debian-gcc | 1.1.0 | 9.86 | 90.51 | 100.37 | NOTE | |
r-devel-linux-x86_64-fedora-clang | 1.1.0 | 170.51 | NOTE | |||
r-devel-linux-x86_64-fedora-gcc | 1.1.0 | 178.04 | NOTE | |||
r-devel-windows-x86_64 | 1.1.0 | 13.00 | 146.00 | 159.00 | NOTE | |
r-patched-linux-x86_64 | 1.1.0 | 11.89 | 127.54 | 139.43 | NOTE | |
r-release-linux-x86_64 | 1.1.0 | 11.79 | 122.55 | 134.34 | NOTE | |
r-release-macos-arm64 | 1.1.0 | 60.00 | NOTE | |||
r-release-macos-x86_64 | 1.1.0 | 124.00 | NOTE | |||
r-release-windows-x86_64 | 1.1.0 | 16.00 | 158.00 | 174.00 | NOTE | |
r-oldrel-macos-arm64 | 1.1.0 | 47.00 | OK | |||
r-oldrel-macos-x86_64 | 1.1.0 | 67.00 | OK | |||
r-oldrel-windows-x86_64 | 1.1.0 | 15.00 | 142.00 | 157.00 | OK |
Version: 1.1.0
Check: package namespace information
Result: NOTE
Found export directive that requires package ‘methods’:
‘exportMethods’
Remove all such namespace directives (if obsolete) or ensure that the
DESCRIPTION Depends or Imports field contains ‘methods’.
Flavors: r-devel-linux-x86_64-debian-clang, r-devel-linux-x86_64-debian-gcc, r-devel-linux-x86_64-fedora-clang, r-devel-linux-x86_64-fedora-gcc, r-devel-windows-x86_64
Version: 1.1.0
Check: C++ specification
Result: NOTE
Specified C++11: please drop specification unless essential
Flavors: r-devel-linux-x86_64-debian-clang, r-devel-linux-x86_64-debian-gcc, r-devel-linux-x86_64-fedora-clang, r-devel-linux-x86_64-fedora-gcc, r-devel-windows-x86_64, r-patched-linux-x86_64, r-release-linux-x86_64, r-release-macos-arm64, r-release-macos-x86_64, r-release-windows-x86_64
Version: 1.1.0
Check: Rd \usage sections
Result: NOTE
Documented arguments not in \usage in Rd file 'Estep.Rd':
‘adaptive_quad’
Documented arguments not in \usage in Rd file 'd_bernoulli.Rd':
‘pred.data’ ‘num.quad’
Functions with \usage entries need to have the appropriate \alias
entries, and all their arguments documented.
The \usage entries must correspond to syntactically valid R code.
See chapter ‘Writing R documentation files’ in the ‘Writing R
Extensions’ manual.
Flavors: r-devel-linux-x86_64-debian-clang, r-devel-linux-x86_64-debian-gcc, r-devel-linux-x86_64-fedora-clang, r-devel-linux-x86_64-fedora-gcc, r-devel-windows-x86_64