CRAN Package Check Results for Package regions

Last updated on 2022-07-04 03:52:27 CEST.

Flavor Version Tinstall Tcheck Ttotal Status Flags
r-devel-linux-x86_64-debian-clang 0.1.8 8.33 94.62 102.95 OK
r-devel-linux-x86_64-debian-gcc 0.1.8 8.38 72.92 81.30 OK
r-devel-linux-x86_64-fedora-clang 0.1.8 136.43 NOTE
r-devel-linux-x86_64-fedora-gcc 0.1.8 137.70 NOTE
r-devel-windows-x86_64 0.1.8 51.00 146.00 197.00 OK
r-patched-linux-x86_64 0.1.8 8.30 93.30 101.60 OK
r-release-linux-x86_64 0.1.8 9.41 90.54 99.95 OK
r-release-macos-arm64 0.1.8 44.00 NOTE
r-release-macos-x86_64 0.1.8 87.00 NOTE
r-release-windows-x86_64 0.1.8 26.00 145.00 171.00 OK
r-oldrel-macos-arm64 0.1.8 42.00 NOTE
r-oldrel-macos-x86_64 0.1.8 59.00 NOTE
r-oldrel-windows-ix86+x86_64 0.1.8 23.00 127.00 150.00 OK

Check Details

Version: 0.1.8
Check: data for non-ASCII characters
Result: NOTE
     Note: found 2 marked Latin-1 strings
     Note: found 50022 marked UTF-8 strings
Flavors: r-devel-linux-x86_64-fedora-clang, r-devel-linux-x86_64-fedora-gcc, r-release-macos-arm64, r-release-macos-x86_64, r-oldrel-macos-arm64, r-oldrel-macos-x86_64