CRAN Package Check Results for Package regions

Last updated on 2020-09-26 21:47:31 CEST.

Flavor Version Tinstall Tcheck Ttotal Status Flags
r-devel-linux-x86_64-debian-clang 0.1.5 8.62 73.34 81.96 OK
r-devel-linux-x86_64-debian-gcc 0.1.5 7.68 56.11 63.79 OK
r-devel-linux-x86_64-fedora-clang 0.1.5 115.19 NOTE
r-devel-linux-x86_64-fedora-gcc 0.1.5 97.68 NOTE
r-devel-windows-ix86+x86_64 0.1.5 20.00 101.00 121.00 OK
r-patched-linux-x86_64 0.1.5 9.12 69.99 79.11 OK
r-patched-solaris-x86 0.1.5 144.20 NOTE
r-release-linux-x86_64 0.1.5 8.77 70.23 79.00 OK
r-release-macos-x86_64 0.1.5 NOTE
r-release-windows-ix86+x86_64 0.1.5 43.00 104.00 147.00 OK
r-oldrel-macos-x86_64 0.1.5 NOTE
r-oldrel-windows-ix86+x86_64 0.1.5 18.00 88.00 106.00 OK

Check Details

Version: 0.1.5
Check: dependencies in R code
Result: NOTE
    Namespaces in Imports field not imported from:
     ‘glue’ ‘rlang’ ‘testthat’
     All declared Imports should be used.
Flavors: r-devel-linux-x86_64-fedora-clang, r-devel-linux-x86_64-fedora-gcc, r-patched-solaris-x86, r-release-macos-x86_64, r-oldrel-macos-x86_64

Version: 0.1.5
Check: data for non-ASCII characters
Result: NOTE
     Note: found 2 marked Latin-1 strings
     Note: found 50022 marked UTF-8 strings
Flavors: r-devel-linux-x86_64-fedora-clang, r-devel-linux-x86_64-fedora-gcc, r-patched-solaris-x86, r-release-macos-x86_64, r-oldrel-macos-x86_64