CRAN Package Check Results for Package registry

Last updated on 2014-11-23 12:46:39.

Flavor Version Tinstall Tcheck Ttotal Status Flags
r-devel-linux-x86_64-debian-clang 0.2 0.62 13.85 14.47 OK
r-devel-linux-x86_64-debian-gcc 0.2 0.60 12.85 13.45 OK
r-devel-linux-x86_64-fedora-clang 0.2 27.57 OK
r-devel-linux-x86_64-fedora-gcc 0.2 26.26 OK
r-devel-osx-x86_64-clang 0.2 35.69 OK
r-devel-windows-ix86+x86_64 0.2 2.00 21.00 23.00 OK
r-patched-linux-x86_64 0.2 0.63 12.92 13.55 OK
r-patched-solaris-sparc 0.2 156.30 OK
r-patched-solaris-x86 0.2 39.80 OK
r-release-linux-ix86 0.2 0.92 19.98 20.90 OK
r-release-linux-x86_64 0.2 0.68 12.88 13.57 OK
r-release-osx-x86_64-mavericks 0.2 NOTE
r-release-windows-ix86+x86_64 0.2 2.00 28.00 30.00 OK
r-oldrel-windows-ix86+x86_64 0.2 2.00 32.00 34.00 OK

Check Details

Version: 0.2
Check: re-building of vignette outputs
Result: NOTE
    Error in re-building vignettes:
     ...
    Error in texi2dvi(file = file, pdf = TRUE, clean = clean, quiet = quiet, :
     Running 'texi2dvi' on 'registry.tex' failed.
    LaTeX errors:
    ! LaTeX Error: File `a4wide.sty' not found.
    
    Type X to quit or <RETURN> to proceed,
    or enter new name. (Default extension: sty)
    
    n_test/registry/vignettes/registry.tex:4: ==> Fatal error occurred, no output
    PDF file produced!
    Calls: buildVignettes -> texi2pdf -> texi2dvi
    Execution halted
Flavor: r-release-osx-x86_64-mavericks