CRAN Package Check Results for Package registry

Last updated on 2015-02-01 20:48:44.

Flavor Version Tinstall Tcheck Ttotal Status Flags
r-devel-linux-x86_64-debian-clang 0.2 0.64 12.21 12.85 OK
r-devel-linux-x86_64-debian-gcc 0.2 0.60 11.83 12.43 OK
r-devel-linux-x86_64-fedora-clang 0.2 25.48 OK
r-devel-linux-x86_64-fedora-gcc 0.2 24.40 OK
r-devel-osx-x86_64-clang 0.2 41.58 OK
r-devel-windows-ix86+x86_64 0.2 3.00 21.00 24.00 OK
r-patched-linux-x86_64 0.2 0.68 13.05 13.72 OK
r-patched-solaris-sparc 0.2 167.60 OK
r-patched-solaris-x86 0.2 40.20 OK
r-release-linux-ix86 0.2 0.93 21.01 21.94 OK
r-release-linux-x86_64 0.2 0.63 12.64 13.27 OK
r-release-osx-x86_64-mavericks 0.2 NOTE
r-release-windows-ix86+x86_64 0.2 2.00 28.00 30.00 OK
r-oldrel-windows-ix86+x86_64 0.2 2.00 32.00 34.00 OK

Check Details

Version: 0.2
Check: re-building of vignette outputs
Result: NOTE
    Error in re-building vignettes:
     ...
    Error in texi2dvi(file = file, pdf = TRUE, clean = clean, quiet = quiet, :
     Running 'texi2dvi' on 'registry.tex' failed.
    LaTeX errors:
    ! Undefined control sequence.
    l.15 x<9c><ed>[Ok^^S<dd>^^W>o<fa><ab><b5>Pf<bc> <b1>(i<ea>l*^^H5<a5> <a5>P<c6>EvBw<ee>\<fb>
     1<c4>m<bf><82>[wfe<b1><b8><b0><9b><f8>'Be ^^]<82>]^^H^...
    The control sequence at the end of the top line
    of your error message was never \def'ed. If you have
    ! Undefined control sequence.
    l.15 ...<a2>J<a5>2??<af><94><9a><9e><9e><f6>}?<97><cb><d5>j5۶]<d7><c5>x!^^D^^C^^X^^Qv<b9>\<ce>
     <e5>r<f8>Y<ad>V-<cb><c2><e4><fc>^^W7<c3>0<b4>,<ab><95>+0^^@...
    The control sequence at the end of the top line
    of your error message was never \def'ed. If you have
    ! Undefined control sequence.
    l.17 ...<c7>h<b1>2O<8c><ba>u<eb>X[)^^E<ac>NJ<0b><b8>ID<bb><bb><bb><90>^^V<88>ª<b0><b1>@,<cb><d0>h4\<d7>
     <85>E
    The control sequence at the end of the top line
    of your error message was
    Calls: buildVignettes -> texi2pdf -> texi2dvi
    Execution halted
Flavor: r-release-osx-x86_64-mavericks