CRAN Package Check Results for Package reglogit

Last updated on 2015-07-04 22:46:50.

Flavor Version Tinstall Tcheck Ttotal Status Flags
r-devel-linux-x86_64-debian-clang 1.2-4 4.19 38.91 43.10 NOTE
r-devel-linux-x86_64-debian-gcc 1.2-4 3.37 34.42 37.79 NOTE
r-devel-linux-x86_64-fedora-clang 1.2-4 82.64 NOTE
r-devel-linux-x86_64-fedora-gcc 1.2-4 71.80 NOTE
r-devel-osx-x86_64-clang 1.2-4 62.37 OK
r-devel-windows-ix86+x86_64 1.2-4 22.00 75.00 97.00 NOTE
r-patched-linux-x86_64 1.2-4 3.10 34.40 37.50 OK
r-patched-solaris-sparc 1.2-4 468.30 OK
r-patched-solaris-x86 1.2-4 120.20 OK
r-release-linux-x86_64 1.2-4 3.35 34.64 37.99 OK
r-release-osx-x86_64-mavericks 1.2-4 NOTE
r-release-windows-ix86+x86_64 1.2-4 20.00 71.00 91.00 OK
r-oldrel-windows-ix86+x86_64 1.2-4 16.00 123.00 139.00 OK

Check Details

Version: 1.2-4
Check: R code for possible problems
Result: NOTE
    beta.dRUM: no visible global function definition for ‘dlogis’
    beta.dRUM: no visible global function definition for ‘runif’
    draw.nu: no visible global function definition for ‘rgamma’
    predict.reglogit: no visible global function definition for ‘plogis’
    reglogit: no visible global function definition for ‘rnorm’
    regmlogit: no visible global function definition for ‘rnorm’
    rmultnorm: no visible global function definition for ‘rnorm’
    z.dRUM: no visible global function definition for ‘runif’
    Undefined global functions or variables:
     dlogis plogis rgamma rnorm runif
Flavors: r-devel-linux-x86_64-debian-clang, r-devel-linux-x86_64-debian-gcc, r-devel-linux-x86_64-fedora-clang, r-devel-linux-x86_64-fedora-gcc, r-devel-windows-ix86+x86_64

Version: 1.2-4
Check: package dependencies
Result: NOTE
    Package suggested but not available for checking: ‘plgp’
Flavor: r-release-osx-x86_64-mavericks