CRAN Package Check Results for Package reglogit

Last updated on 2017-11-21 06:48:03 CET.

Flavor Version Tinstall Tcheck Ttotal Status Flags
r-devel-linux-x86_64-debian-clang 1.2-4 2.89 32.40 35.29 NOTE
r-devel-linux-x86_64-debian-gcc 1.2-5 2.96 32.52 35.48 OK
r-devel-linux-x86_64-fedora-clang 1.2-5 50.05 OK
r-devel-linux-x86_64-fedora-gcc 1.2-5 55.11 OK
r-devel-windows-ix86+x86_64 1.2-5 20.00 99.00 119.00 OK
r-patched-linux-x86_64 1.2-5 2.99 34.56 37.55 OK
r-patched-solaris-x86 1.2-5 91.90 OK
r-release-linux-x86_64 1.2-5 3.59 34.74 38.33 OK
r-release-windows-ix86+x86_64 1.2-4 13.00 74.00 87.00 NOTE
r-release-osx-x86_64 1.2-5 OK
r-oldrel-windows-ix86+x86_64 1.2-4 13.00 91.00 104.00 NOTE
r-oldrel-osx-x86_64 1.2-5 OK

Check Details

Version: 1.2-4
Check: R code for possible problems
Result: NOTE
    beta.dRUM: no visible global function definition for ‘dlogis’
    beta.dRUM: no visible global function definition for ‘runif’
    draw.nu: no visible global function definition for ‘rgamma’
    predict.reglogit: no visible global function definition for ‘plogis’
    reglogit: no visible global function definition for ‘rnorm’
    regmlogit: no visible global function definition for ‘rnorm’
    rmultnorm: no visible global function definition for ‘rnorm’
    z.dRUM: no visible global function definition for ‘runif’
    Undefined global functions or variables:
     dlogis plogis rgamma rnorm runif
    Consider adding
     importFrom("stats", "dlogis", "plogis", "rgamma", "rnorm", "runif")
    to your NAMESPACE file.
Flavors: r-devel-linux-x86_64-debian-clang, r-release-windows-ix86+x86_64, r-oldrel-windows-ix86+x86_64

Version: 1.2-4
Check: compiled code
Result: NOTE
    File ‘reglogit/libs/reglogit.so’:
     Found no calls to: ‘R_registerRoutines’, ‘R_useDynamicSymbols’
    
    It is good practice to register native routines and to disable symbol
    search.
    
    See ‘Writing portable packages’ in the ‘Writing R Extensions’ manual.
Flavor: r-devel-linux-x86_64-debian-clang