CRAN Package Check Results for Package reglogit

Last updated on 2016-08-30 00:47:41.

Flavor Version Tinstall Tcheck Ttotal Status Flags
r-devel-linux-x86_64-debian-clang 1.2-4 3.28 36.11 39.39 NOTE
r-devel-linux-x86_64-debian-gcc 1.2-4 2.79 31.26 34.05 NOTE
r-devel-linux-x86_64-fedora-clang 1.2-4 72.92 NOTE
r-devel-linux-x86_64-fedora-gcc 1.2-4 68.55 NOTE
r-devel-osx-x86_64-clang 1.2-4 61.02 NOTE
r-devel-windows-ix86+x86_64 1.2-4 20.00 77.00 97.00 NOTE
r-patched-linux-x86_64 1.2-4 3.20 33.11 36.31 NOTE
r-patched-solaris-sparc 1.2-4 469.80 NOTE
r-patched-solaris-x86 1.2-4 106.40 NOTE
r-release-linux-x86_64 1.2-4 2.89 30.04 32.93 NOTE
r-release-osx-x86_64-mavericks 1.2-4 NOTE
r-release-windows-ix86+x86_64 1.2-4 13.00 59.00 72.00 NOTE
r-oldrel-windows-ix86+x86_64 1.2-4 18.00 103.00 121.00 OK

Check Details

Version: 1.2-4
Check: R code for possible problems
Result: NOTE
    beta.dRUM: no visible global function definition for ‘dlogis’
    beta.dRUM: no visible global function definition for ‘runif’
    draw.nu: no visible global function definition for ‘rgamma’
    predict.reglogit: no visible global function definition for ‘plogis’
    reglogit: no visible global function definition for ‘rnorm’
    regmlogit: no visible global function definition for ‘rnorm’
    rmultnorm: no visible global function definition for ‘rnorm’
    z.dRUM: no visible global function definition for ‘runif’
    Undefined global functions or variables:
     dlogis plogis rgamma rnorm runif
    Consider adding
     importFrom("stats", "dlogis", "plogis", "rgamma", "rnorm", "runif")
    to your NAMESPACE file.
Flavors: r-devel-linux-x86_64-debian-clang, r-devel-linux-x86_64-debian-gcc, r-devel-linux-x86_64-fedora-clang, r-devel-linux-x86_64-fedora-gcc, r-devel-osx-x86_64-clang, r-devel-windows-ix86+x86_64, r-patched-linux-x86_64, r-patched-solaris-sparc, r-patched-solaris-x86, r-release-linux-x86_64, r-release-osx-x86_64-mavericks, r-release-windows-ix86+x86_64