CRAN Package Check Results for Package reglogit

Last updated on 2017-09-21 17:48:32.

Flavor Version Tinstall Tcheck Ttotal Status Flags
r-devel-linux-x86_64-debian-clang 1.2-4 3.16 34.36 37.52 NOTE
r-devel-linux-x86_64-debian-gcc 1.2-4 2.98 33.61 36.59 NOTE
r-devel-linux-x86_64-fedora-clang 1.2-4 84.23 NOTE
r-devel-linux-x86_64-fedora-gcc 1.2-4 81.17 NOTE
r-devel-windows-ix86+x86_64 1.2-4 13.00 78.00 91.00 NOTE
r-patched-linux-x86_64 1.2-4 3.07 34.08 37.15 NOTE
r-patched-solaris-x86 1.2-4 139.30 NOTE
r-release-linux-x86_64 1.2-4 3.00 34.29 37.29 NOTE
r-release-windows-ix86+x86_64 1.2-4 13.00 79.00 92.00 NOTE
r-release-osx-x86_64 1.2-4 NOTE
r-oldrel-windows-ix86+x86_64 1.2-4 12.00 69.00 81.00 NOTE
r-oldrel-osx-x86_64 1.2-4 NOTE

Check Details

Version: 1.2-4
Check: R code for possible problems
Result: NOTE
    beta.dRUM: no visible global function definition for ‘dlogis’
    beta.dRUM: no visible global function definition for ‘runif’
    draw.nu: no visible global function definition for ‘rgamma’
    predict.reglogit: no visible global function definition for ‘plogis’
    reglogit: no visible global function definition for ‘rnorm’
    regmlogit: no visible global function definition for ‘rnorm’
    rmultnorm: no visible global function definition for ‘rnorm’
    z.dRUM: no visible global function definition for ‘runif’
    Undefined global functions or variables:
     dlogis plogis rgamma rnorm runif
    Consider adding
     importFrom("stats", "dlogis", "plogis", "rgamma", "rnorm", "runif")
    to your NAMESPACE file.
Flavors: r-devel-linux-x86_64-debian-clang, r-devel-linux-x86_64-debian-gcc, r-devel-linux-x86_64-fedora-clang, r-devel-linux-x86_64-fedora-gcc, r-devel-windows-ix86+x86_64, r-patched-linux-x86_64, r-patched-solaris-x86, r-release-linux-x86_64, r-release-windows-ix86+x86_64, r-release-osx-x86_64, r-oldrel-windows-ix86+x86_64, r-oldrel-osx-x86_64

Version: 1.2-4
Check: compiled code
Result: NOTE
    File ‘reglogit/libs/reglogit.so’:
     Found no calls to: ‘R_registerRoutines’, ‘R_useDynamicSymbols’
    
    It is good practice to register native routines and to disable symbol
    search.
    
    See ‘Writing portable packages’ in the ‘Writing R Extensions’ manual.
Flavors: r-devel-linux-x86_64-debian-clang, r-devel-linux-x86_64-debian-gcc, r-devel-linux-x86_64-fedora-clang, r-devel-linux-x86_64-fedora-gcc, r-patched-linux-x86_64, r-release-linux-x86_64