CRAN Package Check Results for Package reglogit

Last updated on 2016-12-07 14:47:56.

Flavor Version Tinstall Tcheck Ttotal Status Flags
r-devel-linux-x86_64-debian-clang 1.2-4 2.88 32.52 35.40 NOTE
r-devel-linux-x86_64-debian-gcc 1.2-4 2.95 32.74 35.68 NOTE
r-devel-linux-x86_64-fedora-clang 1.2-4 83.25 NOTE --no-stop-on-test-error
r-devel-linux-x86_64-fedora-gcc 1.2-4 82.58 NOTE --no-stop-on-test-error
r-devel-macos-x86_64-clang 1.2-4 66.03 NOTE
r-devel-windows-ix86+x86_64 1.2-4 22.00 98.00 120.00 NOTE
r-patched-linux-x86_64 1.2-4 2.78 29.44 32.22 NOTE
r-patched-solaris-sparc 1.2-4 469.80 NOTE
r-patched-solaris-x86 1.2-4 105.80 NOTE
r-release-linux-x86_64 1.2-4 2.66 29.56 32.23 NOTE
r-release-osx-x86_64-mavericks 1.2-4 NOTE
r-release-windows-ix86+x86_64 1.2-4 13.00 99.00 112.00 NOTE
r-oldrel-windows-ix86+x86_64 1.2-4 18.00 75.00 93.00 OK

Check Details

Version: 1.2-4
Check: R code for possible problems
Result: NOTE
    beta.dRUM: no visible global function definition for ‘dlogis’
    beta.dRUM: no visible global function definition for ‘runif’
    draw.nu: no visible global function definition for ‘rgamma’
    predict.reglogit: no visible global function definition for ‘plogis’
    reglogit: no visible global function definition for ‘rnorm’
    regmlogit: no visible global function definition for ‘rnorm’
    rmultnorm: no visible global function definition for ‘rnorm’
    z.dRUM: no visible global function definition for ‘runif’
    Undefined global functions or variables:
     dlogis plogis rgamma rnorm runif
    Consider adding
     importFrom("stats", "dlogis", "plogis", "rgamma", "rnorm", "runif")
    to your NAMESPACE file.
Flavors: r-devel-linux-x86_64-debian-clang, r-devel-linux-x86_64-debian-gcc, r-devel-macos-x86_64-clang, r-devel-windows-ix86+x86_64, r-patched-linux-x86_64, r-patched-solaris-sparc, r-patched-solaris-x86, r-release-linux-x86_64, r-release-osx-x86_64-mavericks, r-release-windows-ix86+x86_64

Version: 1.2-4
Flags: --no-stop-on-test-error
Check: R code for possible problems
Result: NOTE
    beta.dRUM: no visible global function definition for ‘dlogis’
    beta.dRUM: no visible global function definition for ‘runif’
    draw.nu: no visible global function definition for ‘rgamma’
    predict.reglogit: no visible global function definition for ‘plogis’
    reglogit: no visible global function definition for ‘rnorm’
    regmlogit: no visible global function definition for ‘rnorm’
    rmultnorm: no visible global function definition for ‘rnorm’
    z.dRUM: no visible global function definition for ‘runif’
    Undefined global functions or variables:
     dlogis plogis rgamma rnorm runif
    Consider adding
     importFrom("stats", "dlogis", "plogis", "rgamma", "rnorm", "runif")
    to your NAMESPACE file.
Flavors: r-devel-linux-x86_64-fedora-clang, r-devel-linux-x86_64-fedora-gcc