CRAN Package Check Results for Package reglogit

Last updated on 2016-07-25 00:46:56.

Flavor Version Tinstall Tcheck Ttotal Status Flags
r-devel-linux-x86_64-debian-clang 1.2-4 4.79 40.53 45.31 NOTE
r-devel-linux-x86_64-debian-gcc 1.2-4 4.60 38.16 42.77 NOTE
r-devel-linux-x86_64-fedora-clang 1.2-4 75.29 NOTE
r-devel-linux-x86_64-fedora-gcc 1.2-4 67.34 NOTE
r-devel-osx-x86_64-clang 1.2-4 60.77 NOTE
r-devel-windows-ix86+x86_64 1.2-4 19.00 100.00 119.00 NOTE
r-patched-linux-x86_64 1.2-4 5.16 37.25 42.42 NOTE
r-patched-solaris-sparc 1.2-4 469.80 NOTE
r-patched-solaris-x86 1.2-4 106.30 NOTE
r-release-linux-x86_64 1.2-4 5.02 38.74 43.76 NOTE
r-release-osx-x86_64-mavericks 1.2-4 NOTE
r-release-windows-ix86+x86_64 1.2-4 14.00 94.00 108.00 NOTE
r-oldrel-windows-ix86+x86_64 1.2-4 17.00 80.00 97.00 OK

Check Details

Version: 1.2-4
Check: R code for possible problems
Result: NOTE
    beta.dRUM: no visible global function definition for ‘dlogis’
    beta.dRUM: no visible global function definition for ‘runif’
    draw.nu: no visible global function definition for ‘rgamma’
    predict.reglogit: no visible global function definition for ‘plogis’
    reglogit: no visible global function definition for ‘rnorm’
    regmlogit: no visible global function definition for ‘rnorm’
    rmultnorm: no visible global function definition for ‘rnorm’
    z.dRUM: no visible global function definition for ‘runif’
    Undefined global functions or variables:
     dlogis plogis rgamma rnorm runif
    Consider adding
     importFrom("stats", "dlogis", "plogis", "rgamma", "rnorm", "runif")
    to your NAMESPACE file.
Flavors: r-devel-linux-x86_64-debian-clang, r-devel-linux-x86_64-debian-gcc, r-devel-linux-x86_64-fedora-clang, r-devel-linux-x86_64-fedora-gcc, r-devel-osx-x86_64-clang, r-devel-windows-ix86+x86_64, r-patched-linux-x86_64, r-patched-solaris-sparc, r-patched-solaris-x86, r-release-linux-x86_64, r-release-osx-x86_64-mavericks, r-release-windows-ix86+x86_64