CRAN Package Check Results for Package reglogit

Last updated on 2017-01-19 23:48:23.

Flavor Version Tinstall Tcheck Ttotal Status Flags
r-devel-linux-x86_64-debian-clang 1.2-4 3.01 32.77 35.77 NOTE
r-devel-linux-x86_64-debian-gcc 1.2-4 2.94 32.00 34.94 NOTE
r-devel-linux-x86_64-fedora-clang 1.2-4 77.57 NOTE --no-stop-on-test-error
r-devel-linux-x86_64-fedora-gcc 1.2-4 81.19 NOTE --no-stop-on-test-error
r-devel-macos-x86_64-clang 1.2-4 62.87 NOTE --no-stop-on-test-error
r-devel-windows-ix86+x86_64 1.2-4 19.00 71.00 90.00 NOTE
r-patched-linux-x86_64 1.2-4 2.71 29.80 32.50 NOTE
r-patched-solaris-sparc 1.2-4 466.60 NOTE
r-patched-solaris-x86 1.2-4 108.60 NOTE
r-release-linux-x86_64 1.2-4 2.64 30.19 32.84 NOTE
r-release-osx-x86_64-mavericks 1.2-4 NOTE
r-release-windows-ix86+x86_64 1.2-4 10.00 84.00 94.00 NOTE
r-oldrel-windows-ix86+x86_64 1.2-4 13.00 95.00 108.00 OK

Check Details

Version: 1.2-4
Check: R code for possible problems
Result: NOTE
    beta.dRUM: no visible global function definition for ‘dlogis’
    beta.dRUM: no visible global function definition for ‘runif’
    draw.nu: no visible global function definition for ‘rgamma’
    predict.reglogit: no visible global function definition for ‘plogis’
    reglogit: no visible global function definition for ‘rnorm’
    regmlogit: no visible global function definition for ‘rnorm’
    rmultnorm: no visible global function definition for ‘rnorm’
    z.dRUM: no visible global function definition for ‘runif’
    Undefined global functions or variables:
     dlogis plogis rgamma rnorm runif
    Consider adding
     importFrom("stats", "dlogis", "plogis", "rgamma", "rnorm", "runif")
    to your NAMESPACE file.
Flavors: r-devel-linux-x86_64-debian-clang, r-devel-linux-x86_64-debian-gcc, r-devel-windows-ix86+x86_64, r-patched-linux-x86_64, r-patched-solaris-sparc, r-patched-solaris-x86, r-release-linux-x86_64, r-release-osx-x86_64-mavericks, r-release-windows-ix86+x86_64

Version: 1.2-4
Flags: --no-stop-on-test-error
Check: R code for possible problems
Result: NOTE
    beta.dRUM: no visible global function definition for ‘dlogis’
    beta.dRUM: no visible global function definition for ‘runif’
    draw.nu: no visible global function definition for ‘rgamma’
    predict.reglogit: no visible global function definition for ‘plogis’
    reglogit: no visible global function definition for ‘rnorm’
    regmlogit: no visible global function definition for ‘rnorm’
    rmultnorm: no visible global function definition for ‘rnorm’
    z.dRUM: no visible global function definition for ‘runif’
    Undefined global functions or variables:
     dlogis plogis rgamma rnorm runif
    Consider adding
     importFrom("stats", "dlogis", "plogis", "rgamma", "rnorm", "runif")
    to your NAMESPACE file.
Flavors: r-devel-linux-x86_64-fedora-clang, r-devel-linux-x86_64-fedora-gcc, r-devel-macos-x86_64-clang