CRAN Package Check Results for Package reglogit

Last updated on 2016-05-04 19:49:58.

Flavor Version Tinstall Tcheck Ttotal Status Flags
r-devel-linux-x86_64-debian-gcc 1.2-4 3.24 33.28 36.52 NOTE
r-devel-linux-x86_64-fedora-clang 1.2-4 71.11 NOTE
r-devel-linux-x86_64-fedora-gcc 1.2-4 67.02 NOTE
r-devel-osx-x86_64-clang 1.2-4 83.32 NOTE
r-devel-windows-ix86+x86_64 1.2-4 12.00 99.00 111.00 NOTE
r-patched-linux-x86_64 1.2-4 3.00 33.23 36.23 NOTE
r-patched-solaris-sparc 1.2-4 468.50 NOTE
r-patched-solaris-x86 1.2-4 106.40 NOTE
r-release-linux-x86_64 1.2-4 3.17 33.18 36.35 NOTE
r-release-osx-x86_64-mavericks 1.2-4 NOTE
r-release-windows-ix86+x86_64 1.2-4 12.00 99.00 111.00 NOTE
r-oldrel-windows-ix86+x86_64 1.2-4 23.00 102.00 125.00 OK

Check Details

Version: 1.2-4
Check: R code for possible problems
Result: NOTE
    beta.dRUM: no visible global function definition for ‘dlogis’
    beta.dRUM: no visible global function definition for ‘runif’
    draw.nu: no visible global function definition for ‘rgamma’
    predict.reglogit: no visible global function definition for ‘plogis’
    reglogit: no visible global function definition for ‘rnorm’
    regmlogit: no visible global function definition for ‘rnorm’
    rmultnorm: no visible global function definition for ‘rnorm’
    z.dRUM: no visible global function definition for ‘runif’
    Undefined global functions or variables:
     dlogis plogis rgamma rnorm runif
    Consider adding
     importFrom("stats", "dlogis", "plogis", "rgamma", "rnorm", "runif")
    to your NAMESPACE file.
Flavors: r-devel-linux-x86_64-debian-gcc, r-devel-linux-x86_64-fedora-clang, r-devel-linux-x86_64-fedora-gcc, r-devel-osx-x86_64-clang, r-devel-windows-ix86+x86_64, r-patched-linux-x86_64, r-patched-solaris-sparc, r-patched-solaris-x86, r-release-linux-x86_64, r-release-windows-ix86+x86_64

Version: 1.2-4
Check: package dependencies
Result: NOTE
    Package suggested but not available for checking: ‘plgp’
Flavor: r-release-osx-x86_64-mavericks