CRAN Package Check Results for Package reglogit

Last updated on 2015-08-30 15:46:58.

Flavor Version Tinstall Tcheck Ttotal Status Flags
r-devel-linux-x86_64-debian-clang 1.2-4 3.20 37.05 40.25 NOTE
r-devel-linux-x86_64-debian-gcc 1.2-4 3.09 33.31 36.40 NOTE
r-devel-linux-x86_64-fedora-clang 1.2-4 78.80 NOTE
r-devel-linux-x86_64-fedora-gcc 1.2-4 68.67 NOTE
r-devel-osx-x86_64-clang 1.2-4 60.27 OK
r-devel-windows-ix86+x86_64 1.2-4 21.00 74.00 95.00 NOTE
r-patched-linux-x86_64 1.2-4 3.07 34.56 37.63 OK
r-patched-solaris-sparc 1.2-4 516.00 OK
r-patched-solaris-x86 1.2-4 121.30 OK
r-release-linux-x86_64 1.2-4 3.24 35.28 38.52 OK
r-release-osx-x86_64-mavericks 1.2-4 NOTE
r-release-windows-ix86+x86_64 1.2-4 18.00 111.00 129.00 OK
r-oldrel-windows-ix86+x86_64 1.2-4 23.00 124.00 147.00 OK

Check Details

Version: 1.2-4
Check: R code for possible problems
Result: NOTE
    beta.dRUM: no visible global function definition for ‘dlogis’
    beta.dRUM: no visible global function definition for ‘runif’
    draw.nu: no visible global function definition for ‘rgamma’
    predict.reglogit: no visible global function definition for ‘plogis’
    reglogit: no visible global function definition for ‘rnorm’
    regmlogit: no visible global function definition for ‘rnorm’
    rmultnorm: no visible global function definition for ‘rnorm’
    z.dRUM: no visible global function definition for ‘runif’
    Undefined global functions or variables:
     dlogis plogis rgamma rnorm runif
    Consider adding
     importFrom("stats", "dlogis", "plogis", "rgamma", "rnorm", "runif")
    to your NAMESPACE.
Flavors: r-devel-linux-x86_64-debian-clang, r-devel-linux-x86_64-debian-gcc, r-devel-linux-x86_64-fedora-clang, r-devel-linux-x86_64-fedora-gcc, r-devel-windows-ix86+x86_64

Version: 1.2-4
Check: package dependencies
Result: NOTE
    Package suggested but not available for checking: ‘plgp’
Flavor: r-release-osx-x86_64-mavericks