CRAN Package Check Results for Package regress

Last updated on 2015-04-28 19:49:16.

Flavor Version Tinstall Tcheck Ttotal Status Flags
r-devel-linux-x86_64-debian-clang 1.3-14 0.53 12.95 13.48 NOTE
r-devel-linux-x86_64-debian-gcc 1.3-14 0.50 12.42 12.92 NOTE
r-devel-linux-x86_64-fedora-clang 1.3-14 25.58 NOTE
r-devel-linux-x86_64-fedora-gcc 1.3-14 24.31 NOTE
r-devel-osx-x86_64-clang 1.3-14 27.42 NOTE
r-devel-windows-ix86+x86_64 1.3-14 2.00 23.00 25.00 OK
r-patched-linux-x86_64 1.3-14 0.60 12.82 13.42 NOTE
r-patched-solaris-sparc 1.3-14 166.40 OK
r-patched-solaris-x86 1.3-14 35.10 NOTE
r-release-linux-x86_64 1.3-14 0.52 12.70 13.22 NOTE
r-release-osx-x86_64-mavericks 1.3-14 OK
r-release-osx-x86_64-snowleopard 1.3-14 OK
r-release-windows-ix86+x86_64 1.3-14 2.00 23.00 25.00 OK
r-oldrel-windows-ix86+x86_64 1.3-14 2.00 22.00 24.00 OK

Check Details

Version: 1.3-14
Check: S3 generic/method consistency
Result: NOTE
    Found the following apparent S3 methods exported but not registered:
     print.regress summary.regress
    See section ‘Registering S3 methods’ in the ‘Writing R Extensions’
    manual.
Flavors: r-devel-linux-x86_64-debian-clang, r-devel-linux-x86_64-debian-gcc, r-devel-linux-x86_64-fedora-clang, r-devel-linux-x86_64-fedora-gcc, r-devel-osx-x86_64-clang, r-patched-linux-x86_64, r-patched-solaris-x86, r-release-linux-x86_64