CRAN Package Check Results for Package regress

Last updated on 2015-02-01 05:48:03.

Flavor Version Tinstall Tcheck Ttotal Status Flags
r-devel-linux-x86_64-debian-clang 1.3-14 0.58 12.41 12.98 NOTE
r-devel-linux-x86_64-debian-gcc 1.3-14 0.52 12.30 12.82 NOTE
r-devel-linux-x86_64-fedora-clang 1.3-14 28.89 NOTE
r-devel-linux-x86_64-fedora-gcc 1.3-14 24.41 NOTE
r-devel-osx-x86_64-clang 1.3-14 30.52 NOTE
r-devel-windows-ix86+x86_64 1.3-14 3.00 20.00 23.00 OK
r-patched-linux-x86_64 1.3-14 0.60 13.64 14.24 OK
r-patched-solaris-sparc 1.3-14 158.80 OK
r-patched-solaris-x86 1.3-14 38.80 OK
r-release-linux-ix86 1.3-14 0.82 19.51 20.33 OK
r-release-linux-x86_64 1.3-14 0.56 13.52 14.08 OK
r-release-osx-x86_64-mavericks 1.3-14 OK
r-release-osx-x86_64-snowleopard 1.3-14 OK
r-release-windows-ix86+x86_64 1.3-14 2.00 22.00 24.00 OK
r-oldrel-windows-ix86+x86_64 1.3-14 3.00 23.00 26.00 OK

Check Details

Version: 1.3-14
Check: S3 generic/method consistency
Result: NOTE
    Found the following apparent S3 methods exported but not registered:
     print.regress summary.regress
    See section ‘Registering S3 methods’ in the ‘Writing R Extensions’
    manual.
Flavors: r-devel-linux-x86_64-debian-clang, r-devel-linux-x86_64-debian-gcc, r-devel-linux-x86_64-fedora-clang, r-devel-linux-x86_64-fedora-gcc, r-devel-osx-x86_64-clang