CRAN Package Check Results for Package regress

Last updated on 2016-12-08 06:48:34.

Flavor Version Tinstall Tcheck Ttotal Status Flags
r-devel-linux-x86_64-debian-clang 1.3-14 0.64 14.37 15.01 ERROR
r-devel-linux-x86_64-debian-gcc 1.3-14 0.56 13.75 14.31 ERROR
r-devel-linux-x86_64-fedora-clang 1.3-14 33.27 ERROR --no-stop-on-test-error
r-devel-linux-x86_64-fedora-gcc 1.3-14 30.54 ERROR --no-stop-on-test-error
r-devel-macos-x86_64-clang 1.3-14 26.36 ERROR --no-stop-on-test-error
r-devel-windows-ix86+x86_64 1.3-14 2.00 30.00 32.00 ERROR
r-patched-linux-x86_64 1.3-14 0.60 12.66 13.26 NOTE
r-patched-solaris-sparc 1.3-14 146.00 NOTE
r-patched-solaris-x86 1.3-14 31.50 NOTE
r-release-linux-x86_64 1.3-14 0.62 13.11 13.72 NOTE
r-release-osx-x86_64-mavericks 1.3-14 NOTE
r-release-windows-ix86+x86_64 1.3-14 2.00 30.00 32.00 NOTE
r-oldrel-windows-ix86+x86_64 1.3-14 3.00 28.00 31.00 OK

Check Details

Version: 1.3-14
Check: S3 generic/method consistency
Result: NOTE
    Found the following apparent S3 methods exported but not registered:
     print.regress summary.regress
    See section ‘Registering S3 methods’ in the ‘Writing R Extensions’
    manual.
Flavors: r-devel-linux-x86_64-debian-clang, r-devel-linux-x86_64-debian-gcc, r-patched-linux-x86_64, r-patched-solaris-sparc, r-patched-solaris-x86, r-release-linux-x86_64

Version: 1.3-14
Check: R code for possible problems
Result: NOTE
    regress: no visible global function definition for ‘model.frame’
    regress: no visible binding for global variable ‘na.pass’
    regress: no visible global function definition for ‘model.response’
    regress: no visible global function definition for ‘model.matrix’
    regress: no visible global function definition for ‘as.formula’
    regress: no visible global function definition for ‘var’
    regress: no visible binding for global variable ‘nobs’
    remlOptimize: no visible global function definition for ‘optimize’
    Undefined global functions or variables:
     as.formula model.frame model.matrix model.response na.pass nobs
     optimize var
    Consider adding
     importFrom("stats", "as.formula", "model.frame", "model.matrix",
     "model.response", "na.pass", "nobs", "optimize", "var")
    to your NAMESPACE file.
Flavors: r-devel-linux-x86_64-debian-clang, r-devel-linux-x86_64-debian-gcc, r-devel-windows-ix86+x86_64, r-patched-linux-x86_64, r-patched-solaris-sparc, r-patched-solaris-x86, r-release-linux-x86_64, r-release-osx-x86_64-mavericks, r-release-windows-ix86+x86_64

Version: 1.3-14
Check: tests
Result: ERROR
     Running ‘BLUP.tests.R’ [1s/1s]
     Running ‘OLS.r’ [0s/0s]
    Running the tests in ‘tests/OLS.r’ failed.
    Last 13 lines of output:
     'citation()' on how to cite R or R packages in publications.
    
     Type 'demo()' for some demos, 'help()' for on-line help, or
     'help.start()' for an HTML browser interface to help.
     Type 'q()' to quit R.
    
     > ## Example of ordinary least squares
     >
     > x <- rep(1,15)
     > y <- x + rnorm(15)
     >
     > mod1 <- lm(y~1)
     > mod2 <- regress(y~1)
     Error: could not find function "regress"
     Execution halted
Flavors: r-devel-linux-x86_64-debian-clang, r-devel-linux-x86_64-debian-gcc

Version: 1.3-14
Flags: --no-stop-on-test-error
Check: S3 generic/method consistency
Result: NOTE
    Found the following apparent S3 methods exported but not registered:
     print.regress summary.regress
    See section ‘Registering S3 methods’ in the ‘Writing R Extensions’
    manual.
Flavors: r-devel-linux-x86_64-fedora-clang, r-devel-linux-x86_64-fedora-gcc, r-devel-macos-x86_64-clang

Version: 1.3-14
Flags: --no-stop-on-test-error
Check: R code for possible problems
Result: NOTE
    regress: no visible global function definition for ‘model.frame’
    regress: no visible binding for global variable ‘na.pass’
    regress: no visible global function definition for ‘model.response’
    regress: no visible global function definition for ‘model.matrix’
    regress: no visible global function definition for ‘as.formula’
    regress: no visible global function definition for ‘var’
    regress: no visible binding for global variable ‘nobs’
    remlOptimize: no visible global function definition for ‘optimize’
    Undefined global functions or variables:
     as.formula model.frame model.matrix model.response na.pass nobs
     optimize var
    Consider adding
     importFrom("stats", "as.formula", "model.frame", "model.matrix",
     "model.response", "na.pass", "nobs", "optimize", "var")
    to your NAMESPACE file.
Flavors: r-devel-linux-x86_64-fedora-clang, r-devel-linux-x86_64-fedora-gcc, r-devel-macos-x86_64-clang

Version: 1.3-14
Flags: --no-stop-on-test-error
Check: tests
Result: ERROR
     Running ‘BLUP.tests.R’
     Running ‘OLS.r’
     Running ‘predictionVariance.r’
     Running ‘regress.tests.R’
     Running ‘regressPaper.R’
    Running the tests in ‘tests/OLS.r’ failed.
    Last 13 lines of output:
     'citation()' on how to cite R or R packages in publications.
    
     Type 'demo()' for some demos, 'help()' for on-line help, or
     'help.start()' for an HTML browser interface to help.
     Type 'q()' to quit R.
    
     > ## Example of ordinary least squares
     >
     > x <- rep(1,15)
     > y <- x + rnorm(15)
     >
     > mod1 <- lm(y~1)
     > mod2 <- regress(y~1)
     Error: could not find function "regress"
     Execution halted
    Running the tests in ‘tests/predictionVariance.r’ failed.
    Last 13 lines of output:
     9 10 11 12 13 14 15
     0.3453509 0.3455607 0.4037043 0.4161872 0.4343216 0.4739677 0.6350460
    
     $df
     [1] 13
    
     $residual.scale
     [1] 1.210404
    
     > pred.w.plim <- predict(lm(y ~ x), new, interval="prediction")
     > pred.w.clim <- predict(lm(y ~ x), new, interval="confidence")
     >
     > model <- regress(y~x,verbose=10)
     Error: could not find function "regress"
     Execution halted
Flavor: r-devel-linux-x86_64-fedora-clang

Version: 1.3-14
Flags: --no-stop-on-test-error
Check: tests
Result: ERROR
     Running ‘BLUP.tests.R’
     Running ‘OLS.r’
     Running ‘predictionVariance.r’
     Running ‘regress.tests.R’
     Running ‘regressPaper.R’
    Running the tests in ‘tests/OLS.r’ failed.
    Last 13 lines of output:
     'citation()' on how to cite R or R packages in publications.
    
     Type 'demo()' for some demos, 'help()' for on-line help, or
     'help.start()' for an HTML browser interface to help.
     Type 'q()' to quit R.
    
     > ## Example of ordinary least squares
     >
     > x <- rep(1,15)
     > y <- x + rnorm(15)
     >
     > mod1 <- lm(y~1)
     > mod2 <- regress(y~1)
     Error: could not find function "regress"
     Execution halted
    Running the tests in ‘tests/predictionVariance.r’ failed.
    Last 13 lines of output:
     9 10 11 12 13 14 15
     0.3673395 0.3902116 0.4310668 0.4539037 0.4723843 0.4877895 0.5275256
    
     $df
     [1] 13
    
     $residual.scale
     [1] 1.235226
    
     > pred.w.plim <- predict(lm(y ~ x), new, interval="prediction")
     > pred.w.clim <- predict(lm(y ~ x), new, interval="confidence")
     >
     > model <- regress(y~x,verbose=10)
     Error: could not find function "regress"
     Execution halted
Flavor: r-devel-linux-x86_64-fedora-gcc

Version: 1.3-14
Flags: --no-stop-on-test-error
Check: tests
Result: ERROR
     Running ‘BLUP.tests.R’
     Running ‘OLS.r’
     Running ‘predictionVariance.r’
     Running ‘regress.tests.R’
     Running ‘regressPaper.R’
    Running the tests in ‘tests/OLS.r’ failed.
    Last 13 lines of output:
     'citation()' on how to cite R or R packages in publications.
    
     Type 'demo()' for some demos, 'help()' for on-line help, or
     'help.start()' for an HTML browser interface to help.
     Type 'q()' to quit R.
    
     > ## Example of ordinary least squares
     >
     > x <- rep(1,15)
     > y <- x + rnorm(15)
     >
     > mod1 <- lm(y~1)
     > mod2 <- regress(y~1)
     Error: could not find function "regress"
     Execution halted
    Running the tests in ‘tests/predictionVariance.r’ failed.
    Last 13 lines of output:
     9 10 11 12 13 14 15
     0.2140770 0.2256299 0.2678935 0.2726892 0.3290403 0.3358113 0.4925770
    
     $df
     [1] 13
    
     $residual.scale
     [1] 0.8244289
    
     > pred.w.plim <- predict(lm(y ~ x), new, interval="prediction")
     > pred.w.clim <- predict(lm(y ~ x), new, interval="confidence")
     >
     > model <- regress(y~x,verbose=10)
     Error: could not find function "regress"
     Execution halted
Flavor: r-devel-macos-x86_64-clang

Version: 1.3-14
Check: tests
Result: ERROR
     Running 'BLUP.tests.R' [1s]
     Running 'OLS.r' [0s]
    Running the tests in 'tests/OLS.r' failed.
    Last 13 lines of output:
     'citation()' on how to cite R or R packages in publications.
    
     Type 'demo()' for some demos, 'help()' for on-line help, or
     'help.start()' for an HTML browser interface to help.
     Type 'q()' to quit R.
    
     > ## Example of ordinary least squares
     >
     > x <- rep(1,15)
     > y <- x + rnorm(15)
     >
     > mod1 <- lm(y~1)
     > mod2 <- regress(y~1)
     Error: could not find function "regress"
     Execution halted
Flavor: r-devel-windows-ix86+x86_64