CRAN Package Check Results for Package regress

Last updated on 2015-03-01 19:48:14.

Flavor Version Tinstall Tcheck Ttotal Status Flags
r-devel-linux-x86_64-debian-clang 1.3-14 0.52 13.09 13.61 NOTE
r-devel-linux-x86_64-debian-gcc 1.3-14 0.50 12.60 13.10 NOTE
r-devel-linux-x86_64-fedora-clang 1.3-14 25.83 NOTE
r-devel-linux-x86_64-fedora-gcc 1.3-14 23.86 NOTE
r-devel-osx-x86_64-clang 1.3-14 28.05 NOTE
r-devel-windows-ix86+x86_64 1.3-14 2.00 21.00 23.00 OK
r-patched-linux-x86_64 1.3-14 0.56 13.96 14.51 OK
r-patched-solaris-sparc 1.3-14 158.80 OK
r-patched-solaris-x86 1.3-14 39.90 OK
r-release-linux-ix86 1.3-14 0.81 19.85 20.66 OK
r-release-linux-x86_64 1.3-14 0.67 13.44 14.11 OK
r-release-osx-x86_64-mavericks 1.3-14 OK
r-release-osx-x86_64-snowleopard 1.3-14 OK
r-release-windows-ix86+x86_64 1.3-14 2.00 22.00 24.00 OK
r-oldrel-windows-ix86+x86_64 1.3-14 2.00 23.00 25.00 OK

Check Details

Version: 1.3-14
Check: S3 generic/method consistency
Result: NOTE
    Found the following apparent S3 methods exported but not registered:
     print.regress summary.regress
    See section ‘Registering S3 methods’ in the ‘Writing R Extensions’
    manual.
Flavors: r-devel-linux-x86_64-debian-clang, r-devel-linux-x86_64-debian-gcc, r-devel-linux-x86_64-fedora-clang, r-devel-linux-x86_64-fedora-gcc, r-devel-osx-x86_64-clang