CRAN Package Check Results for Package regress

Last updated on 2015-07-04 09:48:12.

Flavor Version Tinstall Tcheck Ttotal Status Flags
r-devel-linux-x86_64-debian-clang 1.3-14 0.48 12.36 12.84 NOTE
r-devel-linux-x86_64-debian-gcc 1.3-14 0.52 12.44 12.96 NOTE
r-devel-linux-x86_64-fedora-clang 1.3-14 23.26 NOTE
r-devel-linux-x86_64-fedora-gcc 1.3-14 22.42 NOTE
r-devel-osx-x86_64-clang 1.3-14 22.08 NOTE
r-devel-windows-ix86+x86_64 1.3-14 3.00 23.00 26.00 NOTE
r-patched-linux-x86_64 1.3-14 0.50 12.40 12.90 NOTE
r-patched-solaris-sparc 1.3-14 161.80 NOTE
r-patched-solaris-x86 1.3-14 35.80 NOTE
r-release-linux-x86_64 1.3-14 0.50 13.09 13.59 NOTE
r-release-osx-x86_64-mavericks 1.3-14 OK
r-release-windows-ix86+x86_64 1.3-14 4.00 21.00 25.00 OK
r-oldrel-windows-ix86+x86_64 1.3-14 4.00 23.00 27.00 OK

Check Details

Version: 1.3-14
Check: S3 generic/method consistency
Result: NOTE
    Found the following apparent S3 methods exported but not registered:
     print.regress summary.regress
    See section ‘Registering S3 methods’ in the ‘Writing R Extensions’
    manual.
Flavors: r-devel-linux-x86_64-debian-clang, r-devel-linux-x86_64-debian-gcc, r-devel-linux-x86_64-fedora-clang, r-devel-linux-x86_64-fedora-gcc, r-devel-osx-x86_64-clang, r-patched-linux-x86_64, r-patched-solaris-sparc, r-patched-solaris-x86, r-release-linux-x86_64

Version: 1.3-14
Check: R code for possible problems
Result: NOTE
    regress: no visible global function definition for ‘model.frame’
    regress: no visible binding for global variable ‘na.pass’
    regress: no visible global function definition for ‘model.response’
    regress: no visible global function definition for ‘model.matrix’
    regress: no visible global function definition for ‘as.formula’
    regress: no visible global function definition for ‘var’
    regress: no visible binding for global variable ‘nobs’
    remlOptimize: no visible global function definition for ‘optimize’
    Undefined global functions or variables:
     as.formula model.frame model.matrix model.response na.pass nobs
     optimize var
Flavors: r-devel-linux-x86_64-debian-clang, r-devel-linux-x86_64-debian-gcc, r-devel-linux-x86_64-fedora-clang, r-devel-linux-x86_64-fedora-gcc, r-devel-windows-ix86+x86_64