CRAN Package Check Results for Package regress

Last updated on 2016-08-27 17:53:37.

Flavor Version Tinstall Tcheck Ttotal Status Flags
r-devel-linux-x86_64-debian-clang 1.3-14 0.56 12.69 13.25 NOTE
r-devel-linux-x86_64-debian-gcc 1.3-14 0.76 16.27 17.04 NOTE
r-devel-linux-x86_64-fedora-clang 1.3-14 22.46 NOTE
r-devel-linux-x86_64-fedora-gcc 1.3-14 21.49 NOTE
r-devel-osx-x86_64-clang 1.3-14 20.43 NOTE
r-devel-windows-ix86+x86_64 1.3-14 3.00 30.00 33.00 NOTE
r-patched-linux-x86_64 1.3-14 0.68 12.59 13.27 NOTE
r-patched-solaris-sparc 1.3-14 146.00 NOTE
r-patched-solaris-x86 1.3-14 31.40 NOTE
r-release-linux-x86_64 1.3-14 0.63 12.91 13.55 NOTE
r-release-osx-x86_64-mavericks 1.3-14 NOTE
r-release-windows-ix86+x86_64 1.3-14 4.00 46.00 50.00 NOTE
r-oldrel-windows-ix86+x86_64 1.3-14 2.00 37.00 39.00 OK

Check Details

Version: 1.3-14
Check: S3 generic/method consistency
Result: NOTE
    Found the following apparent S3 methods exported but not registered:
     print.regress summary.regress
    See section ‘Registering S3 methods’ in the ‘Writing R Extensions’
    manual.
Flavors: r-devel-linux-x86_64-debian-clang, r-devel-linux-x86_64-debian-gcc, r-devel-linux-x86_64-fedora-clang, r-devel-linux-x86_64-fedora-gcc, r-devel-osx-x86_64-clang, r-patched-linux-x86_64, r-patched-solaris-sparc, r-patched-solaris-x86, r-release-linux-x86_64

Version: 1.3-14
Check: R code for possible problems
Result: NOTE
    regress: no visible global function definition for ‘model.frame’
    regress: no visible binding for global variable ‘na.pass’
    regress: no visible global function definition for ‘model.response’
    regress: no visible global function definition for ‘model.matrix’
    regress: no visible global function definition for ‘as.formula’
    regress: no visible global function definition for ‘var’
    regress: no visible binding for global variable ‘nobs’
    remlOptimize: no visible global function definition for ‘optimize’
    Undefined global functions or variables:
     as.formula model.frame model.matrix model.response na.pass nobs
     optimize var
    Consider adding
     importFrom("stats", "as.formula", "model.frame", "model.matrix",
     "model.response", "na.pass", "nobs", "optimize", "var")
    to your NAMESPACE file.
Flavors: r-devel-linux-x86_64-debian-clang, r-devel-linux-x86_64-debian-gcc, r-devel-linux-x86_64-fedora-clang, r-devel-linux-x86_64-fedora-gcc, r-devel-osx-x86_64-clang, r-devel-windows-ix86+x86_64, r-patched-linux-x86_64, r-patched-solaris-sparc, r-patched-solaris-x86, r-release-linux-x86_64, r-release-osx-x86_64-mavericks, r-release-windows-ix86+x86_64