CRAN Package Check Results for Package regress

Last updated on 2016-09-29 23:47:46.

Flavor Version Tinstall Tcheck Ttotal Status Flags
r-devel-linux-x86_64-debian-clang 1.3-14 0.52 13.42 13.94 ERROR
r-devel-linux-x86_64-debian-gcc 1.3-14 0.63 12.66 13.29 ERROR
r-devel-linux-x86_64-fedora-clang 1.3-14 23.05 ERROR
r-devel-linux-x86_64-fedora-gcc 1.3-14 19.45 ERROR
r-devel-macos-x86_64-clang 1.3-14 18.67 ERROR
r-devel-windows-ix86+x86_64 1.3-14 2.00 35.00 37.00 ERROR
r-patched-linux-x86_64 1.3-14 0.58 13.09 13.67 NOTE
r-patched-solaris-sparc 1.3-14 146.00 NOTE
r-patched-solaris-x86 1.3-14 31.10 NOTE
r-release-linux-x86_64 1.3-14 0.72 13.32 14.04 NOTE
r-release-osx-x86_64-mavericks 1.3-14 NOTE
r-release-windows-ix86+x86_64 1.3-14 2.00 30.00 32.00 NOTE
r-oldrel-windows-ix86+x86_64 1.3-14 5.00 37.00 42.00 OK

Check Details

Version: 1.3-14
Check: S3 generic/method consistency
Result: NOTE
    Found the following apparent S3 methods exported but not registered:
     print.regress summary.regress
    See section ‘Registering S3 methods’ in the ‘Writing R Extensions’
    manual.
Flavors: r-devel-linux-x86_64-debian-clang, r-devel-linux-x86_64-debian-gcc, r-devel-linux-x86_64-fedora-clang, r-devel-linux-x86_64-fedora-gcc, r-devel-macos-x86_64-clang, r-patched-linux-x86_64, r-patched-solaris-sparc, r-patched-solaris-x86, r-release-linux-x86_64

Version: 1.3-14
Check: R code for possible problems
Result: NOTE
    regress: no visible global function definition for ‘model.frame’
    regress: no visible binding for global variable ‘na.pass’
    regress: no visible global function definition for ‘model.response’
    regress: no visible global function definition for ‘model.matrix’
    regress: no visible global function definition for ‘as.formula’
    regress: no visible global function definition for ‘var’
    regress: no visible binding for global variable ‘nobs’
    remlOptimize: no visible global function definition for ‘optimize’
    Undefined global functions or variables:
     as.formula model.frame model.matrix model.response na.pass nobs
     optimize var
    Consider adding
     importFrom("stats", "as.formula", "model.frame", "model.matrix",
     "model.response", "na.pass", "nobs", "optimize", "var")
    to your NAMESPACE file.
Flavors: r-devel-linux-x86_64-debian-clang, r-devel-linux-x86_64-debian-gcc, r-devel-linux-x86_64-fedora-clang, r-devel-linux-x86_64-fedora-gcc, r-devel-macos-x86_64-clang, r-devel-windows-ix86+x86_64, r-patched-linux-x86_64, r-patched-solaris-sparc, r-patched-solaris-x86, r-release-linux-x86_64, r-release-osx-x86_64-mavericks, r-release-windows-ix86+x86_64

Version: 1.3-14
Check: tests
Result: ERROR
    Running the tests in ‘tests/OLS.r’ failed.
    Last 13 lines of output:
     'citation()' on how to cite R or R packages in publications.
    
     Type 'demo()' for some demos, 'help()' for on-line help, or
     'help.start()' for an HTML browser interface to help.
     Type 'q()' to quit R.
    
     > ## Example of ordinary least squares
     >
     > x <- rep(1,15)
     > y <- x + rnorm(15)
     >
     > mod1 <- lm(y~1)
     > mod2 <- regress(y~1)
     Error: could not find function "regress"
     Execution halted
Flavors: r-devel-linux-x86_64-debian-clang, r-devel-linux-x86_64-debian-gcc, r-devel-linux-x86_64-fedora-clang, r-devel-linux-x86_64-fedora-gcc, r-devel-macos-x86_64-clang, r-devel-windows-ix86+x86_64