Last updated on 2022-07-06 05:54:10 CEST.
Flavor | Version | Tinstall | Tcheck | Ttotal | Status | Flags |
---|---|---|---|---|---|---|
r-devel-linux-x86_64-debian-clang | 1.8.0 | 76.05 | 92.22 | 168.27 | NOTE | |
r-devel-linux-x86_64-debian-gcc | 1.8.0 | 63.43 | 71.24 | 134.67 | NOTE | |
r-devel-linux-x86_64-fedora-clang | 1.8.0 | 270.77 | NOTE | |||
r-devel-linux-x86_64-fedora-gcc | 1.8.0 | 249.02 | NOTE | |||
r-devel-windows-x86_64 | 1.8.0 | 77.00 | 139.00 | 216.00 | NOTE | |
r-patched-linux-x86_64 | 1.8.0 | 67.19 | 93.28 | 160.47 | OK | |
r-release-linux-x86_64 | 1.8.0 | 71.33 | 93.62 | 164.95 | OK | |
r-release-macos-arm64 | 1.8.0 | 61.00 | OK | |||
r-release-macos-x86_64 | 1.8.0 | 80.00 | OK | |||
r-release-windows-x86_64 | 1.8.0 | 175.00 | 142.00 | 317.00 | OK | |
r-oldrel-macos-arm64 | 1.8.0 | 67.00 | OK | |||
r-oldrel-macos-x86_64 | 1.8.0 | 85.00 | OK | |||
r-oldrel-windows-ix86+x86_64 | 1.8.0 | 213.00 | 144.00 | 357.00 | OK |
Version: 1.8.0
Check: Rd files
Result: NOTE
checkRd: (-1) rcpp_grad_ram.Rd:5: Escaped LaTeX specials: \&
checkRd: (-1) rcpp_grad_ram.Rd:48: Escaped LaTeX specials: \&
Flavors: r-devel-linux-x86_64-debian-clang, r-devel-linux-x86_64-debian-gcc, r-devel-linux-x86_64-fedora-clang, r-devel-linux-x86_64-fedora-gcc, r-devel-windows-x86_64