CRAN Package Check Results for Package rehh

Last updated on 2016-09-27 20:47:16.

Flavor Version Tinstall Tcheck Ttotal Status Flags
r-devel-linux-x86_64-debian-clang 2.0.0 2.19 51.54 53.73 NOTE
r-devel-linux-x86_64-debian-gcc 2.0.0 2.19 48.81 51.00 NOTE
r-devel-linux-x86_64-fedora-clang 2.0.0 98.21 NOTE
r-devel-linux-x86_64-fedora-gcc 2.0.0 90.39 NOTE
r-devel-macos-x86_64-clang 2.0.0 80.95 NOTE
r-devel-windows-ix86+x86_64 2.0.0 19.00 140.00 159.00 NOTE
r-patched-linux-x86_64 2.0.0 2.03 47.57 49.60 NOTE
r-patched-solaris-sparc 2.0.0 756.30 NOTE
r-patched-solaris-x86 2.0.0 145.70 NOTE
r-release-linux-x86_64 2.0.0 1.95 48.67 50.62 NOTE
r-release-osx-x86_64-mavericks 2.0.0 NOTE
r-release-windows-ix86+x86_64 2.0.0 22.00 97.00 119.00 NOTE
r-oldrel-windows-ix86+x86_64 2.0.0 24.00 130.00 154.00 NOTE

Check Details

Version: 2.0.0
Check: installed package size
Result: NOTE
     installed size is 10.3Mb
     sub-directories of 1Mb or more:
     data 2.8Mb
     doc 3.0Mb
Flavors: r-devel-linux-x86_64-debian-clang, r-devel-linux-x86_64-debian-gcc, r-devel-linux-x86_64-fedora-clang, r-devel-linux-x86_64-fedora-gcc, r-devel-macos-x86_64-clang, r-devel-windows-ix86+x86_64, r-patched-linux-x86_64, r-patched-solaris-sparc, r-patched-solaris-x86, r-release-linux-x86_64, r-release-osx-x86_64-mavericks, r-release-windows-ix86+x86_64, r-oldrel-windows-ix86+x86_64