CRAN Package Check Results for Package rehh

Last updated on 2015-08-05 08:48:43.

Flavor Version Tinstall Tcheck Ttotal Status Flags
r-devel-linux-x86_64-debian-clang 1.13 1.60 20.28 21.88 NOTE
r-devel-linux-x86_64-debian-gcc 1.13 1.51 21.52 23.03 NOTE
r-devel-linux-x86_64-fedora-clang 1.13 41.41 NOTE
r-devel-linux-x86_64-fedora-gcc 1.13 39.70 NOTE
r-devel-osx-x86_64-clang 1.13 41.03 NOTE
r-devel-windows-ix86+x86_64 1.13 21.00 64.00 85.00 NOTE
r-patched-linux-x86_64 1.13 1.76 20.64 22.39 NOTE
r-patched-solaris-sparc 1.13 283.40 NOTE
r-patched-solaris-x86 1.13 64.10 NOTE
r-release-linux-x86_64 1.13 1.55 21.72 23.27 NOTE
r-release-osx-x86_64-mavericks 1.13 NOTE
r-release-windows-ix86+x86_64 1.13 21.00 58.00 79.00 NOTE
r-oldrel-windows-ix86+x86_64 1.13 26.00 62.00 88.00 NOTE

Check Details

Version: 1.13
Check: installed package size
Result: NOTE
     installed size is 5.2Mb
     sub-directories of 1Mb or more:
     data 1.5Mb
Flavors: r-devel-linux-x86_64-debian-clang, r-devel-linux-x86_64-debian-gcc, r-devel-linux-x86_64-fedora-clang, r-devel-linux-x86_64-fedora-gcc, r-devel-osx-x86_64-clang, r-devel-windows-ix86+x86_64, r-patched-linux-x86_64, r-patched-solaris-sparc, r-patched-solaris-x86, r-release-linux-x86_64, r-release-osx-x86_64-mavericks, r-release-windows-ix86+x86_64, r-oldrel-windows-ix86+x86_64

Version: 1.13
Check: R code for possible problems
Result: NOTE
    bifurcation.diagram: no visible global function definition for ‘plot’
    bifurcation.diagram: no visible global function definition for ‘abline’
    bifurcation.diagram: no visible global function definition for ‘lines’
    calc_ehh: no visible global function definition for ‘matplot’
    calc_ehh: no visible global function definition for ‘abline’
    calc_ehh: no visible global function definition for ‘legend’
    calc_ehhs: no visible global function definition for ‘plot’
    calc_ehhs: no visible global function definition for ‘abline’
    data2haplohh: no visible global function definition for ‘read.table’
    distribplot: no visible global function definition for ‘plot’
    distribplot: no visible global function definition for ‘density’
    distribplot: no visible global function definition for ‘curve’
    distribplot: no visible binding for global variable ‘dnorm’
    distribplot: no visible global function definition for ‘legend’
    ies2rsb: no visible global function definition for ‘median’
    ies2rsb: no visible global function definition for ‘sd’
    ies2rsb: no visible global function definition for ‘pnorm’
    ihh2ihs: no visible global function definition for ‘sd’
    ihh2ihs: no visible global function definition for ‘pnorm’
    ihsplot: no visible global function definition for ‘plot’
    ihsplot: no visible global function definition for ‘abline’
    ihsplot: no visible global function definition for ‘axis’
    rsbplot: no visible global function definition for ‘plot’
    rsbplot: no visible global function definition for ‘abline’
    rsbplot: no visible global function definition for ‘axis’
    Undefined global functions or variables:
     abline axis curve density dnorm legend lines matplot median plot
     pnorm read.table sd
    Consider adding
     importFrom("graphics", "abline", "axis", "curve", "legend", "lines",
     "matplot", "plot")
     importFrom("stats", "density", "dnorm", "median", "pnorm", "sd")
     importFrom("utils", "read.table")
    to your NAMESPACE.
Flavors: r-devel-linux-x86_64-debian-clang, r-devel-linux-x86_64-debian-gcc, r-devel-linux-x86_64-fedora-clang, r-devel-linux-x86_64-fedora-gcc, r-devel-windows-ix86+x86_64