CRAN Package Check Results for Package rehh

Last updated on 2017-12-17 04:47:16 CET.

Flavor Version Tinstall Tcheck Ttotal Status Flags
r-devel-linux-x86_64-debian-clang 2.0.2 2.58 78.92 81.50 NOTE
r-devel-linux-x86_64-debian-gcc 2.0.2 1.66 62.97 64.63 NOTE
r-devel-linux-x86_64-fedora-clang 2.0.2 96.84 NOTE
r-devel-linux-x86_64-fedora-gcc 2.0.2 95.96 NOTE
r-devel-windows-ix86+x86_64 2.0.2 10.00 107.00 117.00 OK
r-patched-linux-x86_64 2.0.2 2.32 83.14 85.46 NOTE
r-patched-solaris-x86 2.0.2 152.10 OK
r-release-linux-x86_64 2.0.2 2.40 80.24 82.64 NOTE
r-release-windows-ix86+x86_64 2.0.2 10.00 103.00 113.00 OK
r-release-osx-x86_64 2.0.2 OK
r-oldrel-windows-ix86+x86_64 2.0.2 13.00 125.00 138.00 OK
r-oldrel-osx-x86_64 2.0.2 OK

Check Details

Version: 2.0.2
Check: compiled code
Result: NOTE
    File ‘rehh/libs/rehh.so’:
     Found no calls to: ‘R_registerRoutines’, ‘R_useDynamicSymbols’
    
    It is good practice to register native routines and to disable symbol
    search.
    
    See ‘Writing portable packages’ in the ‘Writing R Extensions’ manual.
Flavors: r-devel-linux-x86_64-debian-clang, r-devel-linux-x86_64-debian-gcc, r-devel-linux-x86_64-fedora-clang, r-devel-linux-x86_64-fedora-gcc, r-patched-linux-x86_64, r-release-linux-x86_64