CRAN Package Check Results for Package rehh

Last updated on 2016-08-27 04:51:07.

Flavor Version Tinstall Tcheck Ttotal Status Flags
r-devel-linux-x86_64-debian-clang 2.0.0 2.31 51.10 53.41 NOTE
r-devel-linux-x86_64-debian-gcc 2.0.0 3.17 55.51 58.68 NOTE
r-devel-linux-x86_64-fedora-clang 2.0.0 98.99 NOTE
r-devel-linux-x86_64-fedora-gcc 2.0.0 89.51 NOTE
r-devel-osx-x86_64-clang 2.0.0 80.11 NOTE
r-devel-windows-ix86+x86_64 2.0.0 20.00 93.00 113.00 NOTE
r-patched-linux-x86_64 2.0.0 1.94 46.19 48.13 NOTE
r-patched-solaris-sparc 2.0.0 756.30 NOTE
r-patched-solaris-x86 2.0.0 142.30 NOTE
r-release-linux-x86_64 2.0.0 2.13 48.24 50.36 NOTE
r-release-osx-x86_64-mavericks 2.0.0 NOTE
r-release-windows-ix86+x86_64 2.0.0 17.00 99.00 116.00 NOTE
r-oldrel-windows-ix86+x86_64 2.0.0 16.00 100.00 116.00 NOTE

Check Details

Version: 2.0.0
Check: installed package size
Result: NOTE
     installed size is 10.3Mb
     sub-directories of 1Mb or more:
     data 2.8Mb
     doc 3.0Mb
Flavors: r-devel-linux-x86_64-debian-clang, r-devel-linux-x86_64-debian-gcc, r-devel-linux-x86_64-fedora-clang, r-devel-linux-x86_64-fedora-gcc, r-devel-osx-x86_64-clang, r-devel-windows-ix86+x86_64, r-patched-linux-x86_64, r-patched-solaris-sparc, r-patched-solaris-x86, r-release-linux-x86_64, r-release-osx-x86_64-mavericks, r-release-windows-ix86+x86_64, r-oldrel-windows-ix86+x86_64