CRAN Package Check Results for Package rehh

Last updated on 2017-04-27 10:48:42.

Flavor Version Tinstall Tcheck Ttotal Status Flags
r-devel-linux-x86_64-debian-clang 2.0.2 1.93 51.26 53.19 NOTE
r-devel-linux-x86_64-debian-gcc 2.0.2 1.77 51.86 53.63 NOTE
r-devel-linux-x86_64-fedora-clang 2.0.2 106.83 NOTE --no-stop-on-test-error
r-devel-linux-x86_64-fedora-gcc 2.0.2 98.86 NOTE --no-stop-on-test-error
r-devel-windows-ix86+x86_64 2.0.2 10.00 114.00 124.00 OK
r-patched-linux-x86_64 2.0.2 1.59 52.32 53.92 NOTE
r-patched-solaris-sparc 2.0.2 724.00 OK
r-patched-solaris-x86 2.0.2 146.30 OK
r-release-linux-x86_64 2.0.2 1.70 53.89 55.58 NOTE
r-release-windows-ix86+x86_64 2.0.2 10.00 105.00 115.00 OK
r-release-osx-x86_64 2.0.2 OK
r-oldrel-windows-ix86+x86_64 2.0.2 9.00 126.00 135.00 OK
r-oldrel-osx-x86_64 2.0.2 OK

Check Details

Version: 2.0.2
Check: compiled code
Result: NOTE
    File ‘rehh/libs/rehh.so’:
     Found no calls to: ‘R_registerRoutines’, ‘R_useDynamicSymbols’
    
    It is good practice to register native routines and to disable symbol
    search.
    
    See ‘Writing portable packages’ in the ‘Writing R Extensions’ manual.
Flavors: r-devel-linux-x86_64-debian-clang, r-devel-linux-x86_64-debian-gcc, r-patched-linux-x86_64, r-release-linux-x86_64

Version: 2.0.2
Flags: --no-stop-on-test-error
Check: compiled code
Result: NOTE
    File ‘rehh/libs/rehh.so’:
     Found no calls to: ‘R_registerRoutines’, ‘R_useDynamicSymbols’
    
    It is good practice to register native routines and to disable symbol
    search.
    
    See ‘Writing portable packages’ in the ‘Writing R Extensions’ manual.
Flavors: r-devel-linux-x86_64-fedora-clang, r-devel-linux-x86_64-fedora-gcc