CRAN Package Check Results for Package rehh

Last updated on 2017-10-17 03:48:59.

Flavor Version Tinstall Tcheck Ttotal Status Flags
r-devel-linux-x86_64-debian-clang 2.0.2 1.93 54.10 56.03 NOTE
r-devel-linux-x86_64-debian-gcc 2.0.2 2.08 53.74 55.82 NOTE
r-devel-linux-x86_64-fedora-clang 2.0.2 102.46 NOTE
r-devel-linux-x86_64-fedora-gcc 2.0.2 100.52 NOTE
r-devel-windows-ix86+x86_64 2.0.2 10.00 144.00 154.00 OK
r-patched-linux-x86_64 2.0.2 2.06 52.10 54.16 NOTE
r-patched-solaris-x86 2.0.2 154.40 OK
r-release-linux-x86_64 2.0.2 1.72 51.91 53.62 NOTE
r-release-windows-ix86+x86_64 2.0.2 14.00 102.00 116.00 OK
r-release-osx-x86_64 2.0.2 OK
r-oldrel-windows-ix86+x86_64 2.0.2 13.00 121.00 134.00 OK
r-oldrel-osx-x86_64 2.0.2 OK

Check Details

Version: 2.0.2
Check: compiled code
Result: NOTE
    File ‘rehh/libs/rehh.so’:
     Found no calls to: ‘R_registerRoutines’, ‘R_useDynamicSymbols’
    
    It is good practice to register native routines and to disable symbol
    search.
    
    See ‘Writing portable packages’ in the ‘Writing R Extensions’ manual.
Flavors: r-devel-linux-x86_64-debian-clang, r-devel-linux-x86_64-debian-gcc, r-devel-linux-x86_64-fedora-clang, r-devel-linux-x86_64-fedora-gcc, r-patched-linux-x86_64, r-release-linux-x86_64