CRAN Package Check Results for Package rehh

Last updated on 2015-05-28 23:47:55.

Flavor Version Tinstall Tcheck Ttotal Status Flags
r-devel-linux-x86_64-debian-clang 1.13 1.56 21.17 22.72 NOTE
r-devel-linux-x86_64-debian-gcc 1.13 1.58 20.43 22.02 NOTE
r-devel-linux-x86_64-fedora-clang 1.13 41.75 NOTE
r-devel-linux-x86_64-fedora-gcc 1.13 41.08 NOTE
r-devel-osx-x86_64-clang 1.13 43.26 NOTE
r-devel-windows-ix86+x86_64 1.13 17.00 48.00 65.00 NOTE
r-patched-linux-x86_64 1.13 1.64 20.66 22.30 NOTE
r-patched-solaris-sparc 1.13 275.10 NOTE
r-patched-solaris-x86 1.13 62.90 NOTE
r-release-linux-x86_64 1.13 1.62 20.99 22.62 NOTE
r-release-osx-x86_64-mavericks 1.13 NOTE
r-release-osx-x86_64-snowleopard 1.13 NOTE
r-release-windows-ix86+x86_64 1.13 17.00 49.00 66.00 NOTE
r-oldrel-windows-ix86+x86_64 1.13 19.00 81.00 100.00 NOTE

Check Details

Version: 1.13
Check: installed package size
Result: NOTE
     installed size is 5.2Mb
     sub-directories of 1Mb or more:
     data 1.5Mb
Flavors: r-devel-linux-x86_64-debian-clang, r-devel-linux-x86_64-debian-gcc, r-devel-linux-x86_64-fedora-clang, r-devel-linux-x86_64-fedora-gcc, r-devel-osx-x86_64-clang, r-devel-windows-ix86+x86_64, r-patched-linux-x86_64, r-patched-solaris-sparc, r-patched-solaris-x86, r-release-linux-x86_64, r-release-osx-x86_64-mavericks, r-release-osx-x86_64-snowleopard, r-release-windows-ix86+x86_64, r-oldrel-windows-ix86+x86_64