CRAN Package Check Results for Package rehh

Last updated on 2014-07-23 17:49:03.

Flavor Version Tinstall Tcheck Ttotal Status Flags
r-devel-linux-x86_64-debian-clang 1.11 1.58 23.08 24.66 NOTE
r-devel-linux-x86_64-debian-gcc 1.11 1.61 22.22 23.83 NOTE
r-devel-linux-x86_64-fedora-clang 1.11 49.61 NOTE
r-devel-linux-x86_64-fedora-gcc 1.11 46.51 NOTE
r-devel-osx-x86_64-clang 1.11 46.86 NOTE
r-devel-windows-ix86+x86_64 1.11 17.00 52.00 69.00 NOTE
r-patched-linux-x86_64 1.11 1.75 22.52 24.27 NOTE
r-patched-solaris-sparc 1.11 286.60 NOTE
r-patched-solaris-x86 1.11 68.60 NOTE
r-release-linux-ix86 1.11 2.43 31.79 34.22 NOTE
r-release-linux-x86_64 1.11 1.71 23.98 25.69 NOTE
r-release-osx-x86_64-mavericks 1.11 NOTE
r-release-osx-x86_64-snowleopard 1.11 NOTE
r-release-windows-ix86+x86_64 1.11 17.00 54.00 71.00 NOTE
r-oldrel-windows-ix86+x86_64 1.11 17.00 54.00 71.00 NOTE

Check Details

Version: 1.11
Check: installed package size
Result: NOTE
     installed size is 5.2Mb
     sub-directories of 1Mb or more:
     data 1.5Mb
Flavors: r-devel-linux-x86_64-debian-clang, r-devel-linux-x86_64-debian-gcc, r-devel-linux-x86_64-fedora-clang, r-devel-linux-x86_64-fedora-gcc, r-devel-osx-x86_64-clang, r-devel-windows-ix86+x86_64, r-patched-linux-x86_64, r-patched-solaris-sparc, r-patched-solaris-x86, r-release-linux-ix86, r-release-linux-x86_64, r-release-osx-x86_64-mavericks, r-release-osx-x86_64-snowleopard, r-release-windows-ix86+x86_64, r-oldrel-windows-ix86+x86_64

Version: 1.11
Check: dependencies in R code
Result: NOTE
    Packages in Depends field not imported from:
     ‘gplots’ ‘methods’
     These packages need to be imported from (in the NAMESPACE file)
     for when this namespace is loaded but not attached.
    See the information on DESCRIPTION files in the chapter ‘Creating R
    packages’ of the ‘Writing R Extensions’ manual.
Flavors: r-devel-linux-x86_64-debian-clang, r-devel-linux-x86_64-debian-gcc, r-devel-linux-x86_64-fedora-clang, r-devel-linux-x86_64-fedora-gcc, r-devel-osx-x86_64-clang, r-devel-windows-ix86+x86_64, r-patched-linux-x86_64, r-patched-solaris-sparc, r-patched-solaris-x86, r-release-linux-ix86, r-release-linux-x86_64, r-release-osx-x86_64-mavericks, r-release-windows-ix86+x86_64, r-oldrel-windows-ix86+x86_64