CRAN Package Check Results for Package rehh

Last updated on 2017-03-01 17:52:37.

Flavor Version Tinstall Tcheck Ttotal Status Flags
r-devel-linux-x86_64-debian-clang 2.0.2 1.97 56.44 58.41 NOTE
r-devel-linux-x86_64-debian-gcc 2.0.2 1.86 51.36 53.23 NOTE
r-devel-linux-x86_64-fedora-clang 2.0.2 106.42 NOTE --no-stop-on-test-error
r-devel-linux-x86_64-fedora-gcc 2.0.2 98.41 NOTE --no-stop-on-test-error
r-devel-macos-x86_64-clang 2.0.2 86.98 NOTE --no-stop-on-test-error
r-devel-windows-ix86+x86_64 2.0.2 10.00 133.00 143.00 OK
r-patched-linux-x86_64 2.0.2 1.78 48.05 49.82 OK
r-patched-solaris-sparc 2.0.2 747.00 OK
r-patched-solaris-x86 2.0.2 140.50 OK
r-release-linux-x86_64 2.0.2 1.76 47.94 49.70 OK
r-release-osx-x86_64-mavericks 2.0.2 OK
r-release-windows-ix86+x86_64 2.0.2 15.00 126.00 141.00 OK
r-oldrel-windows-ix86+x86_64 2.0.2 24.00 105.00 129.00 OK

Check Details

Version: 2.0.2
Check: compiled code
Result: NOTE
    File ‘rehh/libs/rehh.so’:
     Found no calls to: ‘R_registerRoutines’, ‘R_useDynamicSymbols’
    
    It is good practice to register native routines and to disable symbol
    search.
    
    See ‘Writing portable packages’ in the ‘Writing R Extensions’ manual.
Flavors: r-devel-linux-x86_64-debian-clang, r-devel-linux-x86_64-debian-gcc

Version: 2.0.2
Flags: --no-stop-on-test-error
Check: compiled code
Result: NOTE
    File ‘rehh/libs/rehh.so’:
     Found no calls to: ‘R_registerRoutines’, ‘R_useDynamicSymbols’
    
    It is good practice to register native routines and to disable symbol
    search.
    
    See ‘Writing portable packages’ in the ‘Writing R Extensions’ manual.
Flavors: r-devel-linux-x86_64-fedora-clang, r-devel-linux-x86_64-fedora-gcc, r-devel-macos-x86_64-clang