CRAN Package Check Results for Package rehh

Last updated on 2019-06-25 09:51:01 CEST.

Flavor Version Tinstall Tcheck Ttotal Status Flags
r-devel-linux-x86_64-debian-clang 2.0.4 5.71 69.48 75.19 NOTE
r-devel-linux-x86_64-debian-gcc 2.0.4 4.00 56.38 60.38 NOTE
r-devel-linux-x86_64-fedora-clang 2.0.4 91.73 NOTE
r-devel-linux-x86_64-fedora-gcc 2.0.4 92.68 NOTE
r-devel-windows-ix86+x86_64 2.0.4 24.00 112.00 136.00 OK
r-patched-linux-x86_64 2.0.4 5.15 70.67 75.82 OK
r-patched-solaris-x86 2.0.4 172.50 OK
r-release-linux-x86_64 2.0.4 4.38 71.51 75.89 OK
r-release-windows-ix86+x86_64 2.0.4 13.00 152.00 165.00 OK
r-release-osx-x86_64 2.0.4 OK
r-oldrel-windows-ix86+x86_64 2.0.4 11.00 107.00 118.00 OK
r-oldrel-osx-x86_64 2.0.4 OK

Check Details

Version: 2.0.4
Check: for non-standard things in the check directory
Result: NOTE
    Found the following files/directories:
     'bta12_cgu.hap' 'bta12_cgu.hap.zip' 'bta12_cgu.thap'
     'bta12_cgu.thap.zip' 'bta12_hapguess_switch.out'
     'bta12_hapguess_switch.out.zip' 'map.inp' 'map.inp.zip'
Flavors: r-devel-linux-x86_64-debian-clang, r-devel-linux-x86_64-debian-gcc, r-devel-linux-x86_64-fedora-clang, r-devel-linux-x86_64-fedora-gcc