CRAN Package Check Results for Package rehydratoR

Last updated on 2025-01-21 19:49:40 CET.

Flavor Version Tinstall Tcheck Ttotal Status Flags
r-devel-linux-x86_64-debian-clang 0.5.2 3.62 30.71 34.33 OK
r-devel-linux-x86_64-debian-gcc 0.5.2 2.68 23.16 25.84 OK
r-devel-linux-x86_64-fedora-clang 0.5.2 54.64 OK
r-devel-linux-x86_64-fedora-gcc 0.5.2 50.42 OK
r-devel-windows-x86_64 0.5.2 5.00 51.00 56.00 OK
r-patched-linux-x86_64 0.5.2 3.82 28.12 31.94 NOTE
r-release-linux-x86_64 0.5.2 3.71 28.55 32.26 NOTE
r-release-macos-arm64 0.5.2 20.00 NOTE
r-release-macos-x86_64 0.5.2 29.00 NOTE
r-release-windows-x86_64 0.5.2 5.00 50.00 55.00 NOTE
r-oldrel-macos-arm64 0.5.2 20.00 NOTE
r-oldrel-macos-x86_64 0.5.2 29.00 NOTE
r-oldrel-windows-x86_64 0.5.2 7.00 54.00 61.00 NOTE

Check Details

Version: 0.5.2
Check: LazyData
Result: NOTE 'LazyData' is specified without a 'data' directory Flavors: r-patched-linux-x86_64, r-release-linux-x86_64, r-release-macos-arm64, r-release-macos-x86_64, r-release-windows-x86_64, r-oldrel-macos-arm64, r-oldrel-macos-x86_64, r-oldrel-windows-x86_64