CRAN Package Check Results for Package relaimpo

Last updated on 2014-04-19 01:48:25.

Flavor Version Tinstall Tcheck Ttotal Status Flags
r-devel-linux-x86_64-debian-clang 2.2-2 1.54 36.40 37.94 OK
r-devel-linux-x86_64-debian-gcc OK
r-devel-linux-x86_64-fedora-clang 2.2-2 75.67 OK
r-devel-linux-x86_64-fedora-gcc 2.2-2 73.15 OK
r-devel-macosx-x86_64-clang 2.2-2 66.55 OK
r-devel-macosx-x86_64-gcc 2.2-2 ERROR
r-devel-windows-ix86+x86_64 2.2-2 5.00 54.00 59.00 OK
r-patched-linux-x86_64 2.2-2 1.56 37.87 39.44 OK
r-patched-solaris-sparc 2.2-2 419.70 OK
r-patched-solaris-x86 2.2-2 90.20 OK
r-release-linux-ix86 2.2-2 4.00 60.00 64.00 OK
r-release-linux-x86_64 2.2-2 1.68 37.13 38.82 OK
r-release-macosx-x86_64 2.2-2 WARN
r-release-windows-ix86+x86_64 2.2-2 5.00 53.00 58.00 OK
r-oldrel-windows-ix86+x86_64 2.2-2 5.00 53.00 58.00 OK

Check Details

Version: 2.2-2
Check: package dependencies
Result: ERROR
    Package required but not available: ‘survey’
    
    See the information on DESCRIPTION files in the chapter ‘Creating R
    packages’ of the ‘Writing R Extensions’ manual.
Flavor: r-devel-macosx-x86_64-gcc

Version: 2.2-2
Check: examples
Result: WARNING
    checking a package with encoding 'latin1' in an ASCII locale
    
     OK
Flavor: r-release-macosx-x86_64