CRAN Package Check Results for Package relaimpo

Last updated on 2014-07-31 15:47:09.

Flavor Version Tinstall Tcheck Ttotal Status Flags
r-devel-linux-x86_64-debian-clang 2.2-2 1.36 35.10 36.46 OK
r-devel-linux-x86_64-debian-gcc 2.2-2 1.38 34.86 36.23 OK
r-devel-linux-x86_64-fedora-clang 2.2-2 75.96 OK
r-devel-linux-x86_64-fedora-gcc 2.2-2 71.81 OK
r-devel-osx-x86_64-clang 2.2-2 63.86 OK
r-devel-windows-ix86+x86_64 2.2-2 5.00 52.00 57.00 OK
r-patched-linux-x86_64 2.2-2 1.45 36.42 37.87 OK
r-patched-solaris-sparc 2.2-2 421.50 OK
r-patched-solaris-x86 2.2-2 87.60 OK
r-release-linux-ix86 2.2-2 1.98 44.08 46.07 OK
r-release-linux-x86_64 2.2-2 1.62 35.48 37.10 OK
r-release-osx-x86_64-mavericks 2.2-2 OK
r-release-osx-x86_64-snowleopard 2.2-2 WARN
r-release-windows-ix86+x86_64 2.2-2 8.00 75.00 83.00 OK
r-oldrel-windows-ix86+x86_64 2.2-2 9.00 74.00 83.00 OK

Check Details

Version: 2.2-2
Check: examples
Result: WARNING
    checking a package with encoding 'latin1' in an ASCII locale
    
     OK
Flavor: r-release-osx-x86_64-snowleopard