CRAN Package Check Results for Package relaimpo

Last updated on 2015-07-29 08:50:16.

Flavor Version Tinstall Tcheck Ttotal Status Flags
r-devel-linux-x86_64-debian-clang 2.2-2 1.68 33.21 34.88 NOTE
r-devel-linux-x86_64-debian-gcc 2.2-2 1.94 32.00 33.94 NOTE
r-devel-linux-x86_64-fedora-clang 2.2-2 64.33 NOTE
r-devel-linux-x86_64-fedora-gcc 2.2-2 62.96 NOTE
r-devel-osx-x86_64-clang 2.2-2 50.52 NOTE
r-devel-windows-ix86+x86_64 2.2-2 4.00 50.00 54.00 NOTE
r-patched-linux-x86_64 2.2-2 1.34 31.64 32.98 NOTE
r-patched-solaris-sparc 2.2-2 404.90 NOTE
r-patched-solaris-x86 2.2-2 78.60 NOTE
r-release-linux-x86_64 2.2-2 1.30 31.46 32.76 NOTE
r-release-osx-x86_64-mavericks 2.2-2 OK
r-release-windows-ix86+x86_64 2.2-2 7.00 53.00 60.00 OK
r-oldrel-windows-ix86+x86_64 2.2-2 8.00 85.00 93.00 OK

Check Details

Version: 2.2-2
Check: S3 generic/method consistency
Result: NOTE
    Found the following apparent S3 methods exported but not registered:
     boot.relimp.default calc.relimp.default
    See section ‘Registering S3 methods’ in the ‘Writing R Extensions’
    manual.
Flavors: r-devel-linux-x86_64-debian-clang, r-devel-linux-x86_64-debian-gcc, r-devel-linux-x86_64-fedora-clang, r-devel-linux-x86_64-fedora-gcc, r-devel-osx-x86_64-clang, r-patched-linux-x86_64, r-patched-solaris-sparc, r-patched-solaris-x86, r-release-linux-x86_64

Version: 2.2-2
Check: R code for possible problems
Result: NOTE
    boot.relimp.default.intern: no visible global function definition for
     ‘lm’
    boot.relimp.formula: no visible global function definition for
     ‘naprint’
    boot.relimp.formula: no visible global function definition for
     ‘model.response’
    boot.relimp.formula: no visible global function definition for ‘lm’
    boot.relimp.lm: no visible global function definition for
     ‘model.matrix’
    calc.relimp.default.intern: no visible global function definition for
     ‘complete.cases’
    calc.relimp.default.intern: no visible global function definition for
     ‘model.matrix’
    calc.relimp.default.intern: no visible global function definition for
     ‘lm’
    calc.relimp.default.intern: no visible global function definition for
     ‘cov.wt’
    calc.relimp.formula: no visible global function definition for
     ‘naprint’
    calc.relimp.formula: no visible global function definition for
     ‘model.response’
    calc.relimp.formula: no visible global function definition for ‘lm’
    calc.relimp.lm: no visible global function definition for
     ‘model.matrix’
    calcrelimp.forboot: no visible global function definition for ‘cov.wt’
    calcrelimp.forboot.fixed: no visible global function definition for
     ‘cov’
    calcrelimp.forsurvey: no visible global function definition for
     ‘cov.wt’
    carcalc: no visible global function definition for ‘cov2cor’
    genizicalc: no visible global function definition for ‘cov2cor’
    plot.relimplm: no visible global function definition for ‘par’
    plot.relimplm: no visible global function definition for ‘barplot’
    plot.relimplm: no visible global function definition for ‘title’
    plot.relimplm: no visible global function definition for ‘mtext’
    plot.relimplmbooteval: no visible global function definition for ‘par’
    plot.relimplmbooteval: no visible global function definition for
     ‘barplot’
    plot.relimplmbooteval: no visible global function definition for
     ‘segments’
    plot.relimplmbooteval: no visible global function definition for
     ‘title’
    plot.relimplmbooteval: no visible global function definition for
     ‘mtext’
    Undefined global functions or variables:
     barplot complete.cases cov cov.wt cov2cor lm model.matrix
     model.response mtext naprint par segments title
    Consider adding
     importFrom("graphics", "barplot", "mtext", "par", "segments", "title")
     importFrom("stats", "complete.cases", "cov", "cov.wt", "cov2cor", "lm",
     "model.matrix", "model.response", "naprint")
    to your NAMESPACE.
Flavors: r-devel-linux-x86_64-debian-clang, r-devel-linux-x86_64-debian-gcc, r-devel-linux-x86_64-fedora-clang, r-devel-linux-x86_64-fedora-gcc, r-devel-windows-ix86+x86_64