CRAN Package Check Results for Package relaimpo

Last updated on 2014-11-26 07:47:13.

Flavor Version Tinstall Tcheck Ttotal Status Flags
r-devel-linux-x86_64-debian-clang 2.2-2 1.41 35.16 36.56 OK
r-devel-linux-x86_64-debian-gcc 2.2-2 1.37 33.49 34.86 OK
r-devel-linux-x86_64-fedora-clang 2.2-2 75.95 OK
r-devel-linux-x86_64-fedora-gcc 2.2-2 70.23 OK
r-devel-osx-x86_64-clang 2.2-2 65.38 OK
r-devel-windows-ix86+x86_64 2.2-2 5.00 47.00 52.00 OK
r-patched-linux-x86_64 2.2-2 1.43 35.30 36.73 OK
r-patched-solaris-sparc 2.2-2 421.50 OK
r-patched-solaris-x86 2.2-2 88.60 OK
r-release-linux-ix86 2.2-2 1.88 42.75 44.64 OK
r-release-linux-x86_64 2.2-2 1.43 35.71 37.14 OK
r-release-osx-x86_64-mavericks 2.2-2 OK
r-release-osx-x86_64-snowleopard 2.2-2 WARN
r-release-windows-ix86+x86_64 2.2-2 5.00 52.00 57.00 OK
r-oldrel-windows-ix86+x86_64 2.2-2 5.00 53.00 58.00 OK

Check Details

Version: 2.2-2
Check: examples
Result: WARN
    checking a package with encoding 'latin1' in an ASCII locale
    
     OK
Flavor: r-release-osx-x86_64-snowleopard