CRAN Package Check Results for Package relaimpo

Last updated on 2014-10-24 16:46:52.

Flavor Version Tinstall Tcheck Ttotal Status Flags
r-devel-linux-x86_64-debian-clang 2.2-2 1.42 34.59 36.02 OK
r-devel-linux-x86_64-debian-gcc 2.2-2 1.41 34.42 35.83 OK
r-devel-linux-x86_64-fedora-clang 2.2-2 74.44 OK
r-devel-linux-x86_64-fedora-gcc 2.2-2 67.59 OK
r-devel-osx-x86_64-clang 2.2-2 65.49 OK
r-devel-windows-ix86+x86_64 2.2-2 6.00 50.00 56.00 OK
r-patched-linux-x86_64 2.2-2 2.09 36.07 38.16 OK
r-patched-solaris-sparc 2.2-2 421.50 OK
r-patched-solaris-x86 2.2-2 88.10 OK
r-release-linux-ix86 2.2-2 2.02 45.29 47.30 OK
r-release-linux-x86_64 2.2-2 1.53 39.56 41.10 OK
r-release-osx-x86_64-mavericks 2.2-2 OK
r-release-osx-x86_64-snowleopard 2.2-2 WARN
r-release-windows-ix86+x86_64 2.2-2 5.00 58.00 63.00 OK
r-oldrel-windows-ix86+x86_64 2.2-2 6.00 54.00 60.00 OK

Check Details

Version: 2.2-2
Check: examples
Result: WARN
    checking a package with encoding 'latin1' in an ASCII locale
    
     OK
Flavor: r-release-osx-x86_64-snowleopard