CRAN Package Check Results for Package relaimpo

Last updated on 2014-09-01 21:48:59.

Flavor Version Tinstall Tcheck Ttotal Status Flags
r-devel-linux-x86_64-debian-clang 2.2-2 1.48 34.46 35.94 OK
r-devel-linux-x86_64-debian-gcc 2.2-2 1.54 33.66 35.20 OK
r-devel-linux-x86_64-fedora-clang 2.2-2 75.75 OK
r-devel-linux-x86_64-fedora-gcc 2.2-2 73.47 OK
r-devel-osx-x86_64-clang 2.2-2 61.91 OK
r-devel-windows-ix86+x86_64 2.2-2 5.00 56.00 61.00 OK
r-patched-linux-x86_64 2.2-2 1.52 36.18 37.71 OK
r-patched-solaris-sparc 2.2-2 421.50 OK
r-patched-solaris-x86 2.2-2 92.00 OK
r-release-linux-ix86 2.2-2 2.10 45.26 47.37 OK
r-release-linux-x86_64 2.2-2 1.58 36.37 37.95 OK
r-release-osx-x86_64-mavericks 2.2-2 OK
r-release-osx-x86_64-snowleopard 2.2-2 WARN
r-release-windows-ix86+x86_64 2.2-2 5.00 56.00 61.00 OK
r-oldrel-windows-ix86+x86_64 2.2-2 8.00 60.00 68.00 OK

Check Details

Version: 2.2-2
Check: examples
Result: WARN
    checking a package with encoding 'latin1' in an ASCII locale
    
     OK
Flavor: r-release-osx-x86_64-snowleopard