CRAN Package Check Results for Package relaimpo

Last updated on 2015-05-27 17:47:24.

Flavor Version Tinstall Tcheck Ttotal Status Flags
r-devel-linux-x86_64-debian-clang 2.2-2 1.89 32.19 34.08 NOTE
r-devel-linux-x86_64-debian-gcc 2.2-2 1.24 31.24 32.47 NOTE
r-devel-linux-x86_64-fedora-clang 2.2-2 64.77 NOTE
r-devel-linux-x86_64-fedora-gcc 2.2-2 61.36 NOTE
r-devel-osx-x86_64-clang 2.2-2 59.40 NOTE
r-devel-windows-ix86+x86_64 2.2-2 4.00 48.00 52.00 OK
r-patched-linux-x86_64 2.2-2 1.39 31.48 32.87 NOTE
r-patched-solaris-sparc 2.2-2 390.80 NOTE
r-patched-solaris-x86 2.2-2 80.00 NOTE
r-release-linux-x86_64 2.2-2 1.71 31.76 33.46 NOTE
r-release-osx-x86_64-mavericks 2.2-2 OK
r-release-osx-x86_64-snowleopard 2.2-2 ERROR
r-release-windows-ix86+x86_64 2.2-2 5.00 47.00 52.00 OK
r-oldrel-windows-ix86+x86_64 2.2-2 5.00 54.00 59.00 OK

Check Details

Version: 2.2-2
Check: S3 generic/method consistency
Result: NOTE
    Found the following apparent S3 methods exported but not registered:
     boot.relimp.default calc.relimp.default
    See section ‘Registering S3 methods’ in the ‘Writing R Extensions’
    manual.
Flavors: r-devel-linux-x86_64-debian-clang, r-devel-linux-x86_64-debian-gcc, r-devel-linux-x86_64-fedora-clang, r-devel-linux-x86_64-fedora-gcc, r-devel-osx-x86_64-clang, r-patched-linux-x86_64, r-patched-solaris-sparc, r-patched-solaris-x86, r-release-linux-x86_64

Version: 2.2-2
Check: package dependencies
Result: ERROR
    Package required but not available: ‘survey’
    
    See section ‘The DESCRIPTION file’ in the ‘Writing R Extensions’
    manual.
Flavor: r-release-osx-x86_64-snowleopard