CRAN Package Check Results for Package relaimpo

Last updated on 2015-03-02 19:52:25.

Flavor Version Tinstall Tcheck Ttotal Status Flags
r-devel-linux-x86_64-debian-clang 2.2-2 3.67 31.78 35.46 NOTE
r-devel-linux-x86_64-debian-gcc 2.2-2 1.28 31.29 32.57 NOTE
r-devel-linux-x86_64-fedora-clang 2.2-2 64.81 NOTE
r-devel-linux-x86_64-fedora-gcc 2.2-2 60.69 NOTE
r-devel-osx-x86_64-clang 2.2-2 61.13 NOTE
r-devel-windows-ix86+x86_64 2.2-2 8.00 63.00 71.00 OK
r-patched-linux-x86_64 2.2-2 1.58 36.44 38.02 OK
r-patched-solaris-sparc 2.2-2 415.00 OK
r-patched-solaris-x86 2.2-2 91.80 OK
r-release-linux-ix86 2.2-2 1.94 43.71 45.65 OK
r-release-linux-x86_64 2.2-2 1.50 36.08 37.58 OK
r-release-osx-x86_64-mavericks 2.2-2 OK
r-release-osx-x86_64-snowleopard 2.2-2 WARN
r-release-windows-ix86+x86_64 2.2-2 12.00 78.00 90.00 OK
r-oldrel-windows-ix86+x86_64 2.2-2 5.00 57.00 62.00 OK

Check Details

Version: 2.2-2
Check: S3 generic/method consistency
Result: NOTE
    Found the following apparent S3 methods exported but not registered:
     boot.relimp.default calc.relimp.default
    See section ‘Registering S3 methods’ in the ‘Writing R Extensions’
    manual.
Flavors: r-devel-linux-x86_64-debian-clang, r-devel-linux-x86_64-debian-gcc, r-devel-linux-x86_64-fedora-clang, r-devel-linux-x86_64-fedora-gcc, r-devel-osx-x86_64-clang

Version: 2.2-2
Check: examples
Result: WARN
    checking a package with encoding 'latin1' in an ASCII locale
    
     OK
Flavor: r-release-osx-x86_64-snowleopard