CRAN Package Check Results for Package relaimpo

Last updated on 2015-04-28 19:49:16.

Flavor Version Tinstall Tcheck Ttotal Status Flags
r-devel-linux-x86_64-debian-clang 2.2-2 1.68 32.11 33.79 NOTE
r-devel-linux-x86_64-debian-gcc 2.2-2 1.29 31.32 32.62 NOTE
r-devel-linux-x86_64-fedora-clang 2.2-2 65.90 NOTE
r-devel-linux-x86_64-fedora-gcc 2.2-2 61.56 NOTE
r-devel-osx-x86_64-clang 2.2-2 58.58 NOTE
r-devel-windows-ix86+x86_64 2.2-2 5.00 50.00 55.00 OK
r-patched-linux-x86_64 2.2-2 1.30 32.06 33.36 NOTE
r-patched-solaris-sparc 2.2-2 392.00 OK
r-patched-solaris-x86 2.2-2 79.00 NOTE
r-release-linux-x86_64 2.2-2 1.28 31.40 32.68 NOTE
r-release-osx-x86_64-mavericks 2.2-2 OK
r-release-osx-x86_64-snowleopard 2.2-2 ERROR
r-release-windows-ix86+x86_64 2.2-2 5.00 49.00 54.00 OK
r-oldrel-windows-ix86+x86_64 2.2-2 4.00 59.00 63.00 OK

Check Details

Version: 2.2-2
Check: S3 generic/method consistency
Result: NOTE
    Found the following apparent S3 methods exported but not registered:
     boot.relimp.default calc.relimp.default
    See section ‘Registering S3 methods’ in the ‘Writing R Extensions’
    manual.
Flavors: r-devel-linux-x86_64-debian-clang, r-devel-linux-x86_64-debian-gcc, r-devel-linux-x86_64-fedora-clang, r-devel-linux-x86_64-fedora-gcc, r-devel-osx-x86_64-clang, r-patched-linux-x86_64, r-patched-solaris-x86, r-release-linux-x86_64

Version: 2.2-2
Check: package dependencies
Result: ERROR
    Package required but not available: ‘survey’
    
    See section ‘The DESCRIPTION file’ in the ‘Writing R Extensions’
    manual.
Flavor: r-release-osx-x86_64-snowleopard