CRAN Package Check Results for Package relaimpo

Last updated on 2014-12-21 19:48:46.

Flavor Version Tinstall Tcheck Ttotal Status Flags
r-devel-linux-x86_64-debian-clang 2.2-2 1.44 35.33 36.77 OK
r-devel-linux-x86_64-debian-gcc 2.2-2 1.36 34.24 35.60 OK
r-devel-linux-x86_64-fedora-clang 2.2-2 75.46 OK
r-devel-linux-x86_64-fedora-gcc 2.2-2 70.40 OK
r-devel-osx-x86_64-clang 2.2-2 66.80 OK
r-devel-windows-ix86+x86_64 2.2-2 5.00 57.00 62.00 OK
r-patched-linux-x86_64 2.2-2 1.49 36.67 38.16 OK
r-patched-solaris-sparc 2.2-2 421.50 OK
r-patched-solaris-x86 2.2-2 88.70 OK
r-release-linux-ix86 2.2-2 14.29 43.35 57.64 OK
r-release-linux-x86_64 2.2-2 1.46 36.24 37.70 OK
r-release-osx-x86_64-mavericks 2.2-2 OK
r-release-osx-x86_64-snowleopard 2.2-2 WARN
r-release-windows-ix86+x86_64 2.2-2 5.00 55.00 60.00 OK
r-oldrel-windows-ix86+x86_64 2.2-2 6.00 54.00 60.00 OK

Check Details

Version: 2.2-2
Check: examples
Result: WARN
    checking a package with encoding 'latin1' in an ASCII locale
    
     OK
Flavor: r-release-osx-x86_64-snowleopard