CRAN Package Check Results for Package relations

Last updated on 2016-12-09 03:51:52.

Flavor Version Tinstall Tcheck Ttotal Status Flags
r-devel-linux-x86_64-debian-clang 0.6-6 1.42 42.35 43.77 OK
r-devel-linux-x86_64-debian-gcc 0.6-6 1.33 41.23 42.56 OK
r-devel-linux-x86_64-fedora-clang 0.6-6 80.32 NOTE --no-stop-on-test-error
r-devel-linux-x86_64-fedora-gcc 0.6-6 79.05 NOTE --no-stop-on-test-error
r-devel-macos-x86_64-clang 0.6-6 65.03 NOTE
r-devel-windows-ix86+x86_64 0.6-6 5.00 101.00 106.00 NOTE
r-patched-linux-x86_64 0.6-6 1.30 35.88 37.18 OK
r-patched-solaris-sparc 0.6-6 389.20 NOTE
r-patched-solaris-x86 0.6-6 78.40 NOTE
r-release-linux-x86_64 0.6-6 1.25 35.68 36.93 OK
r-release-osx-x86_64-mavericks 0.6-6 NOTE
r-release-windows-ix86+x86_64 0.6-6 4.00 67.00 71.00 NOTE
r-oldrel-windows-ix86+x86_64 0.6-6 8.00 80.00 88.00 NOTE

Check Details

Version: 0.6-6
Flags: --no-stop-on-test-error
Check: package dependencies
Result: NOTE
    Package which this enhances but not available for checking: ‘Rcplex’
Flavors: r-devel-linux-x86_64-fedora-clang, r-devel-linux-x86_64-fedora-gcc

Version: 0.6-6
Check: package dependencies
Result: NOTE
    Package which this enhances but not available for checking: ‘Rcplex’
Flavors: r-devel-macos-x86_64-clang, r-devel-windows-ix86+x86_64, r-release-windows-ix86+x86_64, r-oldrel-windows-ix86+x86_64

Version: 0.6-6
Check: package dependencies
Result: NOTE
    Package suggested but not available for checking: ‘Rsymphony’
    
    Package which this enhances but not available for checking: ‘Rcplex’
Flavors: r-patched-solaris-sparc, r-patched-solaris-x86, r-release-osx-x86_64-mavericks