CRAN Package Check Results for Package relations

Last updated on 2016-08-26 17:49:21.

Flavor Version Tinstall Tcheck Ttotal Status Flags
r-devel-linux-x86_64-debian-clang 0.6-6 1.32 37.27 38.60 OK
r-devel-linux-x86_64-debian-gcc 0.6-6 1.83 45.31 47.15 OK
r-devel-linux-x86_64-fedora-clang 0.6-6 67.52 NOTE
r-devel-linux-x86_64-fedora-gcc 0.6-6 62.99 NOTE
r-devel-osx-x86_64-clang 0.6-6 57.01 NOTE
r-devel-windows-ix86+x86_64 0.6-6 7.00 67.00 74.00 NOTE
r-patched-linux-x86_64 0.6-6 1.12 35.63 36.76 OK
r-patched-solaris-sparc 0.6-6 389.20 NOTE
r-patched-solaris-x86 0.6-6 78.90 NOTE
r-release-linux-x86_64 0.6-6 1.22 35.96 37.17 OK
r-release-osx-x86_64-mavericks 0.6-6 NOTE
r-release-windows-ix86+x86_64 0.6-6 9.00 72.00 81.00 NOTE
r-oldrel-windows-ix86+x86_64 0.6-6 5.00 99.00 104.00 NOTE

Check Details

Version: 0.6-6
Check: package dependencies
Result: NOTE
    Package which this enhances but not available for checking: ‘Rcplex’
Flavors: r-devel-linux-x86_64-fedora-clang, r-devel-linux-x86_64-fedora-gcc, r-devel-osx-x86_64-clang, r-devel-windows-ix86+x86_64, r-release-windows-ix86+x86_64, r-oldrel-windows-ix86+x86_64

Version: 0.6-6
Check: package dependencies
Result: NOTE
    Package suggested but not available for checking: ‘Rsymphony’
    
    Package which this enhances but not available for checking: ‘Rcplex’
Flavors: r-patched-solaris-sparc, r-patched-solaris-x86, r-release-osx-x86_64-mavericks