CRAN Package Check Results for Package relations

Last updated on 2015-05-27 19:47:18.

Flavor Version Tinstall Tcheck Ttotal Status Flags
r-devel-linux-x86_64-debian-clang 0.6-5 1.16 38.26 39.41 NOTE
r-devel-linux-x86_64-debian-gcc 0.6-5 1.18 38.32 39.50 NOTE
r-devel-linux-x86_64-fedora-clang 0.6-5 78.15 NOTE
r-devel-linux-x86_64-fedora-gcc 0.6-5 73.09 NOTE
r-devel-osx-x86_64-clang 0.6-5 77.76 NOTE
r-devel-windows-ix86+x86_64 0.6-5 4.00 62.00 66.00 NOTE
r-patched-linux-x86_64 0.6-5 1.18 37.68 38.85 NOTE
r-patched-solaris-sparc 0.6-5 466.10 NOTE
r-patched-solaris-x86 0.6-5 93.90 NOTE
r-release-linux-x86_64 0.6-5 1.17 39.22 40.38 NOTE
r-release-osx-x86_64-mavericks 0.6-5 NOTE
r-release-osx-x86_64-snowleopard 0.6-5 NOTE
r-release-windows-ix86+x86_64 0.6-5 6.00 63.00 69.00 NOTE
r-oldrel-windows-ix86+x86_64 0.6-5 5.00 91.00 96.00 NOTE

Check Details

Version: 0.6-5
Check: dependencies in R code
Result: NOTE
    Unexported objects imported by ':::' calls:
     ‘sets:::.cartesian_product’ ‘sets:::.exact_match’
     ‘sets:::.get_memberships’
     ‘sets:::.make_gset_from_support_and_memberships’ ‘sets:::.ntuple’
     ‘sets:::.set_subset’ ‘sets:::fuzzy_logic_predicates’
     See the note in ?`:::` about the use of this operator.
Flavors: r-devel-linux-x86_64-debian-clang, r-devel-linux-x86_64-debian-gcc, r-devel-linux-x86_64-fedora-clang, r-devel-linux-x86_64-fedora-gcc, r-devel-osx-x86_64-clang, r-devel-windows-ix86+x86_64, r-patched-linux-x86_64, r-patched-solaris-sparc, r-patched-solaris-x86, r-release-linux-x86_64, r-release-osx-x86_64-mavericks, r-release-osx-x86_64-snowleopard, r-release-windows-ix86+x86_64, r-oldrel-windows-ix86+x86_64

Version: 0.6-5
Check: package dependencies
Result: NOTE
    Package which this enhances but not available for checking: ‘Rcplex’
Flavors: r-devel-linux-x86_64-fedora-clang, r-devel-linux-x86_64-fedora-gcc, r-devel-osx-x86_64-clang, r-devel-windows-ix86+x86_64, r-release-windows-ix86+x86_64, r-oldrel-windows-ix86+x86_64

Version: 0.6-5
Check: package dependencies
Result: NOTE
    Package suggested but not available for checking: ‘Rsymphony’
    
    Package which this enhances but not available for checking: ‘Rcplex’
Flavors: r-patched-solaris-sparc, r-patched-solaris-x86, r-release-osx-x86_64-mavericks

Version: 0.6-5
Check: package dependencies
Result: NOTE
    Package suggested but not available for checking: ‘Rgraphviz’
    
    Package which this enhances but not available for checking: ‘Rcplex’
Flavor: r-release-osx-x86_64-snowleopard

Version: 0.6-5
Check: Rd cross-references
Result: NOTE
    Package unavailable to check Rd xrefs: ‘graph’
Flavor: r-release-osx-x86_64-snowleopard

Version: 0.6-5
Check: re-building of vignette outputs
Result: NOTE
    Error in re-building vignettes:
     ...
    Loading required package: Rgraphviz
    Warning in library(package, lib.loc = lib.loc, character.only = TRUE, logical.return = TRUE, :
     there is no package called ‘Rgraphviz’
    Loading required package: Rgraphviz
    Warning in library(package, lib.loc = lib.loc, character.only = TRUE, logical.return = TRUE, :
     there is no package called ‘Rgraphviz’
    Loading required package: Rgraphviz
    Warning in library(package, lib.loc = lib.loc, character.only = TRUE, logical.return = TRUE, :
     there is no package called ‘Rgraphviz’
    Loading required package: Rgraphviz
    Warning in library(package, lib.loc = lib.loc, character.only = TRUE, logical.return = TRUE, :
     there is no package called ‘Rgraphviz’
    Error in texi2dvi(file = file, pdf = TRUE, clean = clean, quiet = quiet, :
     Running 'texi2dvi' on 'relations.tex' failed.
    LaTeX errors:
    !pdfTeX error: pdflatex (file ./relations-plotfig.pdf): PDF inclusion: required
     page does not exist <0>
     ==> Fatal error occurred, no output PDF file produced!
    Calls: buildVignettes -> texi2pdf -> texi2dvi
    Execution halted
Flavor: r-release-osx-x86_64-snowleopard