CRAN Package Check Results for Package relations

Last updated on 2017-02-19 23:48:32.

Flavor Version Tinstall Tcheck Ttotal Status Flags
r-devel-linux-x86_64-debian-clang 0.6-6 1.33 41.71 43.04 OK
r-devel-linux-x86_64-debian-gcc 0.6-6 1.29 40.05 41.34 OK
r-devel-linux-x86_64-fedora-clang 0.6-6 77.86 NOTE --no-stop-on-test-error
r-devel-linux-x86_64-fedora-gcc 0.6-6 74.80 NOTE --no-stop-on-test-error
r-devel-macos-x86_64-clang 0.6-6 64.36 NOTE --no-stop-on-test-error
r-devel-windows-ix86+x86_64 0.6-6 4.00 98.00 102.00 NOTE
r-patched-linux-x86_64 0.6-6 1.31 36.71 38.02 OK
r-patched-solaris-sparc 0.6-6 399.90 NOTE
r-patched-solaris-x86 0.6-6 78.80 NOTE
r-release-linux-x86_64 0.6-6 1.22 35.18 36.40 OK
r-release-osx-x86_64-mavericks 0.6-6 NOTE
r-release-windows-ix86+x86_64 0.6-6 5.00 74.00 79.00 NOTE
r-oldrel-windows-ix86+x86_64 0.6-6 11.00 106.00 117.00 NOTE

Check Details

Version: 0.6-6
Flags: --no-stop-on-test-error
Check: package dependencies
Result: NOTE
    Package which this enhances but not available for checking: ‘Rcplex’
Flavors: r-devel-linux-x86_64-fedora-clang, r-devel-linux-x86_64-fedora-gcc, r-devel-macos-x86_64-clang

Version: 0.6-6
Check: package dependencies
Result: NOTE
    Package which this enhances but not available for checking: 'Rcplex'
Flavors: r-devel-windows-ix86+x86_64, r-release-windows-ix86+x86_64, r-oldrel-windows-ix86+x86_64

Version: 0.6-6
Check: package dependencies
Result: NOTE
    Package suggested but not available for checking: ‘Rsymphony’
    
    Package which this enhances but not available for checking: ‘Rcplex’
Flavors: r-patched-solaris-sparc, r-patched-solaris-x86, r-release-osx-x86_64-mavericks