CRAN Package Check Results for Package relations

Last updated on 2016-05-01 11:47:23.

Flavor Version Tinstall Tcheck Ttotal Status Flags
r-devel-linux-x86_64-debian-gcc 0.6-6 1.23 34.06 35.29 OK
r-devel-linux-x86_64-fedora-clang 0.6-6 64.67 NOTE
r-devel-linux-x86_64-fedora-gcc 0.6-6 59.67 NOTE
r-devel-osx-x86_64-clang 0.6-6 74.69 NOTE
r-devel-windows-ix86+x86_64 0.6-6 4.00 73.00 77.00 NOTE
r-patched-linux-x86_64 0.6-6 1.22 33.90 35.11 OK
r-patched-solaris-sparc 0.6-6 389.10 NOTE
r-patched-solaris-x86 0.6-6 77.60 NOTE
r-release-linux-x86_64 0.6-6 1.24 39.52 40.77 OK
r-release-osx-x86_64-mavericks 0.6-6 NOTE
r-release-windows-ix86+x86_64 0.6-6 12.00 92.00 104.00 NOTE
r-oldrel-windows-ix86+x86_64 0.6-6 13.00 78.00 91.00 NOTE

Check Details

Version: 0.6-6
Check: package dependencies
Result: NOTE
    Package which this enhances but not available for checking: ‘Rcplex’
Flavors: r-devel-linux-x86_64-fedora-clang, r-devel-linux-x86_64-fedora-gcc, r-devel-osx-x86_64-clang, r-devel-windows-ix86+x86_64, r-release-windows-ix86+x86_64, r-oldrel-windows-ix86+x86_64

Version: 0.6-6
Check: package dependencies
Result: NOTE
    Package suggested but not available for checking: ‘Rsymphony’
    
    Package which this enhances but not available for checking: ‘Rcplex’
Flavors: r-patched-solaris-sparc, r-patched-solaris-x86, r-release-osx-x86_64-mavericks