CRAN Package Check Results for Package relations

Last updated on 2016-07-25 00:46:56.

Flavor Version Tinstall Tcheck Ttotal Status Flags
r-devel-linux-x86_64-debian-clang 0.6-6 1.82 43.34 45.16 OK
r-devel-linux-x86_64-debian-gcc 0.6-6 1.66 42.84 44.50 OK
r-devel-linux-x86_64-fedora-clang 0.6-6 68.91 NOTE
r-devel-linux-x86_64-fedora-gcc 0.6-6 61.63 NOTE
r-devel-osx-x86_64-clang 0.6-6 56.71 NOTE
r-devel-windows-ix86+x86_64 0.6-6 7.00 92.00 99.00 NOTE
r-patched-linux-x86_64 0.6-6 1.68 41.79 43.47 OK
r-patched-solaris-sparc 0.6-6 389.20 NOTE
r-patched-solaris-x86 0.6-6 78.60 NOTE
r-release-linux-x86_64 0.6-6 1.46 40.84 42.31 OK
r-release-osx-x86_64-mavericks 0.6-6 NOTE
r-release-windows-ix86+x86_64 0.6-6 6.00 90.00 96.00 NOTE
r-oldrel-windows-ix86+x86_64 0.6-6 7.00 80.00 87.00 NOTE

Check Details

Version: 0.6-6
Check: package dependencies
Result: NOTE
    Package which this enhances but not available for checking: ‘Rcplex’
Flavors: r-devel-linux-x86_64-fedora-clang, r-devel-linux-x86_64-fedora-gcc, r-devel-osx-x86_64-clang, r-devel-windows-ix86+x86_64, r-release-windows-ix86+x86_64, r-oldrel-windows-ix86+x86_64

Version: 0.6-6
Check: package dependencies
Result: NOTE
    Package suggested but not available for checking: ‘Rsymphony’
    
    Package which this enhances but not available for checking: ‘Rcplex’
Flavors: r-patched-solaris-sparc, r-patched-solaris-x86, r-release-osx-x86_64-mavericks