CRAN Package Check Results for Package relations

Last updated on 2017-01-24 13:51:47.

Flavor Version Tinstall Tcheck Ttotal Status Flags
r-devel-linux-x86_64-debian-clang 0.6-6 1.19 40.02 41.21 OK
r-devel-linux-x86_64-debian-gcc 0.6-6 1.32 39.71 41.02 OK
r-devel-linux-x86_64-fedora-clang 0.6-6 76.69 NOTE --no-stop-on-test-error
r-devel-linux-x86_64-fedora-gcc 0.6-6 74.28 NOTE --no-stop-on-test-error
r-devel-macos-x86_64-clang 0.6-6 62.54 NOTE --no-stop-on-test-error
r-devel-windows-ix86+x86_64 0.6-6 6.00 101.00 107.00 NOTE
r-patched-linux-x86_64 0.6-6 1.14 35.53 36.67 OK
r-patched-solaris-sparc 0.6-6 399.90 NOTE
r-patched-solaris-x86 0.6-6 79.20 NOTE
r-release-linux-x86_64 0.6-6 1.28 36.01 37.29 OK
r-release-osx-x86_64-mavericks 0.6-6 NOTE
r-release-windows-ix86+x86_64 0.6-6 11.00 93.00 104.00 NOTE
r-oldrel-windows-ix86+x86_64 0.6-6 13.00 102.00 115.00 NOTE

Check Details

Version: 0.6-6
Flags: --no-stop-on-test-error
Check: package dependencies
Result: NOTE
    Package which this enhances but not available for checking: ‘Rcplex’
Flavors: r-devel-linux-x86_64-fedora-clang, r-devel-linux-x86_64-fedora-gcc, r-devel-macos-x86_64-clang

Version: 0.6-6
Check: package dependencies
Result: NOTE
    Package which this enhances but not available for checking: 'Rcplex'
Flavors: r-devel-windows-ix86+x86_64, r-release-windows-ix86+x86_64, r-oldrel-windows-ix86+x86_64

Version: 0.6-6
Check: package dependencies
Result: NOTE
    Package suggested but not available for checking: ‘Rsymphony’
    
    Package which this enhances but not available for checking: ‘Rcplex’
Flavors: r-patched-solaris-sparc, r-patched-solaris-x86, r-release-osx-x86_64-mavericks