CRAN Package Check Results for Package relations

Last updated on 2015-04-25 03:47:51.

Flavor Version Tinstall Tcheck Ttotal Status Flags
r-devel-linux-x86_64-debian-clang 0.6-4 1.30 33.87 35.18 ERROR
r-devel-linux-x86_64-debian-gcc 0.6-4 1.64 32.24 33.88 ERROR
r-devel-linux-x86_64-fedora-clang 0.6-4 67.50 ERROR
r-devel-linux-x86_64-fedora-gcc 0.6-4 62.08 ERROR
r-devel-osx-x86_64-clang 0.6-4 62.72 ERROR
r-devel-windows-ix86+x86_64 0.6-4 6.00 46.00 52.00 ERROR
r-patched-linux-x86_64 0.6-4 1.19 37.72 38.91 NOTE
r-patched-solaris-sparc 0.6-4 481.30 NOTE
r-patched-solaris-x86 0.6-4 93.20 NOTE
r-release-linux-x86_64 0.6-4 1.18 37.81 39.00 NOTE
r-release-osx-x86_64-mavericks 0.6-4 ERROR
r-release-osx-x86_64-snowleopard 0.6-4 NOTE
r-release-windows-ix86+x86_64 0.6-4 5.00 57.00 62.00 NOTE
r-oldrel-windows-ix86+x86_64 0.6-4 4.00 85.00 89.00 NOTE

Check Details

Version: 0.6-4
Check: package dependencies
Result: NOTE
    Package which this enhances but not available for checking: 'Rcplex'
Flavors: r-devel-windows-ix86+x86_64, r-release-windows-ix86+x86_64, r-oldrel-windows-ix86+x86_64

Version: 0.6-4
Check: dependencies in R code
Result: NOTE
    Unexported objects imported by ':::' calls:
     'sets:::.cartesian_product' 'sets:::.exact_match'
     'sets:::.get_memberships'
     'sets:::.make_gset_from_support_and_memberships' 'sets:::.ntuple'
     'sets:::.set_subset' 'sets:::fuzzy_logic_predicates'
     See the note in ?`:::` about the use of this operator.
Flavors: r-devel-windows-ix86+x86_64, r-patched-linux-x86_64, r-release-windows-ix86+x86_64, r-oldrel-windows-ix86+x86_64

Version: 0.6-4
Check: examples
Result: ERROR
    Running examples in 'relations-Ex.R' failed
    The error most likely occurred in:
    
    > ### Name: algebra
    > ### Title: Relational Algebra
    > ### Aliases: algebra relation_union relation_intersection relation_symdiff
    > ### relation_complement relation_cartesian relation_projection
    > ### relation_selection relation_division relation_join relation_semijoin
    > ### relation_antijoin relation_remainder %><% %=><% %><=% %=><=% %|><%
    > ### %><|% %|><|% %|>% %<|% %U%
    > ### Keywords: math
    >
    > ### ** Examples
    >
    > ## projection
    > Person <-
    + data.frame(Name = c("Harry", "Sally", "George", "Helena", "Peter"),
    + Age = c(34, 28, 29, 54, 34),
    + Weight = c(80, 64, 70, 54, 80),
    + stringsAsFactors = FALSE)
    > Person <- as.relation(Person)
    > relation_table(Person)
     Name Age Weight
     Helena 54 54
     Sally 28 64
     George 29 70
     Harry 34 80
     Peter 34 80
    > relation_table(relation_projection(Person, c("Age", "Weight")))
     Age Weight
     54 54
     28 64
     29 70
     34 80
    >
    > ## selection
    > relation_table(R1 <- relation_selection(Person, Age < 29))
     Name Age Weight
     Sally 28 64
    > relation_table(R2 <- relation_selection(Person, Age >= 34))
     Name Age Weight
     Helena 54 54
     Harry 34 80
     Peter 34 80
    > relation_table(R3 <- relation_selection(Person, Age == Weight))
     Name Age Weight
     Helena 54 54
    >
    > ## union
    > relation_table(R1 %U% R2)
     Name Age Weight
     Helena 54 54
     Sally 28 64
     Harry 34 80
     Peter 34 80
    >
    > ## works only for the same domains:
    > relation_table(R2 | R3)
     Name Age Weight
     Helena 54 54
     Harry 34 80
     Peter 34 80
    >
    > ## complement
    > relation_table(Person - R2)
     Name Age Weight
     Sally 28 64
     George 29 70
    >
    > ## intersection
    > relation_table(relation_intersection(R2, R3))
     Name Age Weight
     Helena 54 54
    >
    > ## works only for the same domains:
    > relation_table(R2 & R3)
     Name Age Weight
     Helena 54 54
    >
    > ## symmetric difference
    > relation_table(relation_symdiff(R2, R3))
     Name Age Weight
     Harry 34 80
     Peter 34 80
    >
    > ## Cartesian product
    > Employee <-
    + data.frame(Name =
    + c("Harry", "Sally", "George", "Harriet", "John"),
    + EmpId = c(3415, 2241, 3401, 2202, 3999),
    + DeptName =
    + c("Finance", "Sales", "Finance", "Sales", "N.N."),
    + stringsAsFactors = FALSE)
    > Employee <- as.relation(Employee)
    > relation_table(Employee)
     Name EmpId DeptName
     George 3401 Finance
     Harry 3415 Finance
     John 3999 N.N.
     Harriet 2202 Sales
     Sally 2241 Sales
    > Dept <- data.frame(DeptName = c("Finance", "Sales", "Production"),
    + Manager = c("George", "Harriet", "Charles"),
    + stringsAsFactors = FALSE)
    > Dept <- as.relation(Dept)
    > relation_table(Dept)
     DeptName Manager
     Production Charles
     Finance George
     Sales Harriet
    >
    > relation_table(Employee %><% Dept)
     Name EmpId DeptName DeptName Manager
     George 3401 Finance Production Charles
     Harry 3415 Finance Production Charles
     John 3999 N.N. Production Charles
     Harriet 2202 Sales Production Charles
     Sally 2241 Sales Production Charles
     George 3401 Finance Finance George
     Harry 3415 Finance Finance George
     John 3999 N.N. Finance George
     Harriet 2202 Sales Finance George
     Sally 2241 Sales Finance George
     George 3401 Finance Sales Harriet
     Harry 3415 Finance Sales Harriet
     John 3999 N.N. Sales Harriet
     Harriet 2202 Sales Sales Harriet
     Sally 2241 Sales Sales Harriet
    >
    > ## Natural join
    > relation_table(Employee %|><|% Dept)
     Name EmpId DeptName Manager
     George 3401 Finance George
     Harry 3415 Finance George
     Harriet 2202 Sales Harriet
     Sally 2241 Sales Harriet
    >
    > ## left (outer) join
    > relation_table(Employee %=><% Dept)
    Error in while (any((n <- nchar(x, "byte")) > 256)) x <- substr(x, 1, :
     missing value where TRUE/FALSE needed
    Calls: relation_table ... mapply -> <Anonymous> -> .create_hash -> .as.character
    Execution halted
Flavor: r-devel-windows-ix86+x86_64

Version: 0.6-4
Check: running R code from vignettes
Result: ERROR
    Errors in running code in vignettes:
    when running code in 'relations.Rnw'
     ...
     George 3401 Finance George
     Harry 3415 Finance George
     Harriet 2202 Sales Harriet
     Sally 2241 Sales Harriet
    
    > relation_table(Employee %=><% Dept)
    
     When sourcing 'relations.R':
    Error: missing value where TRUE/FALSE needed
    Execution halted
Flavor: r-devel-windows-ix86+x86_64

Version: 0.6-4
Check: re-building of vignette outputs
Result: NOTE
    Error in re-building vignettes:
     ...
    Loading required package: Rgraphviz
    Loading required package: graph
    Loading required package: grid
    
    Error: processing vignette 'relations.Rnw' failed with diagnostics:
     chunk 21 (label = naturaljoin)
    Error in while (any((n <- nchar(x, "byte")) > 256)) x <- substr(x, 1, :
     missing value where TRUE/FALSE needed
    Execution halted
Flavor: r-devel-windows-ix86+x86_64