CRAN Package Check Results for Package relations

Last updated on 2017-12-18 21:11:21 CET.

Flavor Version Tinstall Tcheck Ttotal Status Flags
r-devel-linux-x86_64-debian-clang 0.6-7 1.92 66.36 68.28 OK
r-devel-linux-x86_64-debian-gcc 0.6-7 1.47 58.89 60.36 OK
r-devel-linux-x86_64-fedora-clang 0.6-7 88.81 NOTE
r-devel-linux-x86_64-fedora-gcc 0.6-7 87.73 NOTE
r-devel-windows-ix86+x86_64 0.6-7 4.00 88.00 92.00 NOTE
r-patched-linux-x86_64 0.6-7 2.13 78.32 80.45 OK
r-patched-solaris-x86 0.6-7 118.40 NOTE
r-release-linux-x86_64 0.6-7 1.43 76.93 78.36 OK
r-release-windows-ix86+x86_64 0.6-7 5.00 118.00 123.00 NOTE
r-release-osx-x86_64 0.6-7 ERROR
r-oldrel-windows-ix86+x86_64 0.6-7 8.00 113.00 121.00 NOTE
r-oldrel-osx-x86_64 0.6-7 NOTE

Check Details

Version: 0.6-7
Check: package dependencies
Result: NOTE
    Package which this enhances but not available for checking: ‘Rcplex’
Flavors: r-devel-linux-x86_64-fedora-clang, r-devel-linux-x86_64-fedora-gcc, r-devel-windows-ix86+x86_64, r-release-windows-ix86+x86_64, r-oldrel-windows-ix86+x86_64

Version: 0.6-7
Check: package dependencies
Result: NOTE
    Package suggested but not available for checking: ‘Rsymphony’
    
    Package which this enhances but not available for checking: ‘Rcplex’
Flavors: r-patched-solaris-x86, r-oldrel-osx-x86_64

Version: 0.6-7
Check: package dependencies
Result: NOTE
    Packages suggested but not available for checking: ‘Rglpk’ ‘Rsymphony’
    
    Package which this enhances but not available for checking: ‘Rcplex’
Flavor: r-release-osx-x86_64

Version: 0.6-7
Check: examples
Result: ERROR
    Running examples in ‘relations-Ex.R’ failed
    The error most likely occurred in:
    
    > ### Name: choice
    > ### Title: Relation-Based Choices
    > ### Aliases: relation_choice
    > ### Keywords: math
    >
    > ### ** Examples
    >
    > data("SVM_Benchmarking_Classification")
    > ## Determine the three best classification learners in the above sense.
    > relation_choice(SVM_Benchmarking_Classification, k = 3)
    Error in loadNamespace(name) : there is no package called ‘Rglpk’
    Calls: relation_choice ... tryCatch -> tryCatchList -> tryCatchOne -> <Anonymous>
    Execution halted
Flavor: r-release-osx-x86_64

Version: 0.6-7
Check: running R code from vignettes
Result: WARN
    Errors in running code in vignettes:
    when running code in ‘relations.Rnw’
     ...
    
    > data("Felines")
    
    > relations <- as.relation_ensemble(Felines)
    
    > E <- relation_consensus(relations, "symdiff/E")
    
     When sourcing ‘relations.R’:
    Error: there is no package called ‘Rglpk’
    Execution halted
Flavor: r-release-osx-x86_64

Version: 0.6-7
Check: re-building of vignette outputs
Result: NOTE
    Error in re-building vignettes:
     ...
    
     clusterApply, clusterApplyLB, clusterCall, clusterEvalQ,
     clusterExport, clusterMap, parApply, parCapply, parLapply,
     parLapplyLB, parRapply, parSapply, parSapplyLB
    
    The following objects are masked from ‘package:stats’:
    
     IQR, mad, sd, var, xtabs
    
    The following objects are masked from ‘package:base’:
    
     Filter, Find, Map, Position, Reduce, anyDuplicated, append,
     as.data.frame, cbind, colMeans, colSums, colnames, do.call,
     duplicated, eval, evalq, get, grep, grepl, intersect, is.unsorted,
     lapply, lengths, mapply, match, mget, order, paste, pmax, pmax.int,
     pmin, pmin.int, rank, rbind, rowMeans, rowSums, rownames, sapply,
     setdiff, sort, table, tapply, union, unique, unsplit, which,
     which.max, which.min
    
    Loading required package: grid
    
    Error: processing vignette 'relations.Rnw' failed with diagnostics:
     chunk 26 (label = consensus1b)
    Error in loadNamespace(name) : there is no package called ‘Rglpk’
    Execution halted
Flavor: r-release-osx-x86_64