CRAN Package Check Results for Package relations

Last updated on 2014-04-18 05:48:11.

Flavor Version Tinstall Tcheck Ttotal Status Flags
r-devel-linux-x86_64-debian-clang 0.6-3 1.43 44.04 45.48 NOTE
r-devel-linux-x86_64-debian-gcc NOTE
r-devel-linux-x86_64-fedora-clang 0.6-3 54.79 NOTE
r-devel-linux-x86_64-fedora-gcc 0.6-3 51.78 NOTE
r-devel-macosx-x86_64-clang 0.6-3 84.21 NOTE
r-devel-macosx-x86_64-gcc 0.6-3 NOTE
r-devel-windows-ix86+x86_64 0.6-3 4.00 61.00 65.00 NOTE
r-patched-linux-x86_64 0.6-3 1.49 45.43 46.92 NOTE
r-patched-solaris-sparc 0.6-3 491.30 NOTE
r-patched-solaris-x86 0.6-3 99.50 NOTE
r-release-linux-ix86 0.6-3 4.00 74.00 78.00 NOTE
r-release-linux-x86_64 0.6-3 1.45 46.22 47.67 NOTE
r-release-macosx-x86_64 0.6-3 NOTE
r-release-windows-ix86+x86_64 0.6-3 4.00 69.00 73.00 NOTE
r-oldrel-windows-ix86+x86_64 0.6-3 4.00 61.00 65.00 NOTE

Check Details

Version: 0.6-3
Check: dependencies in R code
Result: NOTE
    Unexported objects imported by ':::' calls:
     ‘sets:::.cartesian_product’ ‘sets:::.exact_match’
     ‘sets:::.get_memberships’
     ‘sets:::.make_gset_from_support_and_memberships’ ‘sets:::.ntuple’
     ‘sets:::.set_subset’ ‘sets:::fuzzy_logic_predicates’
     See the note in ?`:::` about the use of this operator.
    See the information on DESCRIPTION files in the chapter ‘Creating R
    packages’ of the ‘Writing R Extensions’ manual.
Flavors: r-devel-linux-x86_64-debian-clang, r-devel-linux-x86_64-debian-gcc, r-devel-linux-x86_64-fedora-clang, r-devel-linux-x86_64-fedora-gcc, r-devel-macosx-x86_64-clang, r-devel-macosx-x86_64-gcc, r-devel-windows-ix86+x86_64, r-patched-linux-x86_64, r-patched-solaris-sparc, r-patched-solaris-x86, r-release-linux-ix86, r-release-linux-x86_64, r-release-macosx-x86_64, r-release-windows-ix86+x86_64, r-oldrel-windows-ix86+x86_64

Version: 0.6-3
Check: package dependencies
Result: NOTE
    Package which this enhances but not available for checking: ‘Rcplex’
Flavors: r-devel-linux-x86_64-fedora-clang, r-devel-linux-x86_64-fedora-gcc, r-devel-macosx-x86_64-clang, r-devel-windows-ix86+x86_64, r-release-windows-ix86+x86_64, r-oldrel-windows-ix86+x86_64

Version: 0.6-3
Check: package dependencies
Result: NOTE
    Package suggested but not available for checking: ‘Rgraphviz’
    
    Packages which this enhances but not available for checking:
     ‘seriation’ ‘Rcplex’
Flavor: r-devel-macosx-x86_64-gcc

Version: 0.6-3
Check: Rd cross-references
Result: NOTE
    Package unavailable to check Rd xrefs: ‘graph’
Flavors: r-devel-macosx-x86_64-gcc, r-release-macosx-x86_64

Version: 0.6-3
Check: re-building of vignette outputs
Result: NOTE
    Error in re-building vignettes:
     ...
    Loading required package: Rgraphviz
    Warning in library(package, lib.loc = lib.loc, character.only = TRUE, logical.return = TRUE, :
     there is no package called ‘Rgraphviz’
    Loading required package: Rgraphviz
    Warning in library(package, lib.loc = lib.loc, character.only = TRUE, logical.return = TRUE, :
     there is no package called ‘Rgraphviz’
    Loading required package: Rgraphviz
    Warning in library(package, lib.loc = lib.loc, character.only = TRUE, logical.return = TRUE, :
     there is no package called ‘Rgraphviz’
    Loading required package: Rgraphviz
    Warning in library(package, lib.loc = lib.loc, character.only = TRUE, logical.return = TRUE, :
     there is no package called ‘Rgraphviz’
    Error in texi2dvi(file = file, pdf = TRUE, clean = clean, quiet = quiet, :
     Running 'texi2dvi' on 'relations.tex' failed.
    LaTeX errors:
    !pdfTeX error: pdflatex (file ./relations-plotfig.pdf): PDF inclusion: required
     page does not exist <0>
     ==> Fatal error occurred, no output PDF file produced!
    Calls: buildVignettes -> texi2pdf -> texi2dvi
    Execution halted
Flavors: r-devel-macosx-x86_64-gcc, r-release-macosx-x86_64

Version: 0.6-3
Check: package dependencies
Result: NOTE
    Package suggested but not available for checking: ‘Rsymphony’
    
    Package which this enhances but not available for checking: ‘Rcplex’
Flavors: r-patched-solaris-sparc, r-patched-solaris-x86

Version: 0.6-3
Check: package dependencies
Result: NOTE
    Package suggested but not available for checking: ‘Rgraphviz’
    
    Package which this enhances but not available for checking: ‘Rcplex’
Flavor: r-release-macosx-x86_64