CRAN Package Check Results for Package relations

Last updated on 2017-10-22 20:47:29.

Flavor Version Tinstall Tcheck Ttotal Status Flags
r-devel-linux-x86_64-debian-clang 0.6-7 1.34 48.65 49.98 OK
r-devel-linux-x86_64-debian-gcc 0.6-7 1.68 48.40 50.08 OK
r-devel-linux-x86_64-fedora-clang 0.6-7 94.60 NOTE
r-devel-linux-x86_64-fedora-gcc 0.6-7 92.52 NOTE
r-devel-windows-ix86+x86_64 0.6-7 5.00 124.00 129.00 NOTE
r-patched-linux-x86_64 0.6-7 1.32 47.85 49.17 OK
r-patched-solaris-x86 0.6-7 119.30 NOTE
r-release-linux-x86_64 0.6-7 1.42 47.48 48.90 OK
r-release-windows-ix86+x86_64 0.6-7 8.00 114.00 122.00 NOTE
r-release-osx-x86_64 0.6-7 ERROR
r-oldrel-windows-ix86+x86_64 0.6-7 5.00 98.00 103.00 NOTE
r-oldrel-osx-x86_64 0.6-7 NOTE

Check Details

Version: 0.6-7
Check: package dependencies
Result: NOTE
    Package which this enhances but not available for checking: ‘Rcplex’
Flavors: r-devel-linux-x86_64-fedora-clang, r-devel-linux-x86_64-fedora-gcc, r-devel-windows-ix86+x86_64, r-release-windows-ix86+x86_64, r-oldrel-windows-ix86+x86_64

Version: 0.6-7
Check: package dependencies
Result: NOTE
    Package suggested but not available for checking: ‘Rsymphony’
    
    Package which this enhances but not available for checking: ‘Rcplex’
Flavors: r-patched-solaris-x86, r-oldrel-osx-x86_64

Version: 0.6-7
Check: package dependencies
Result: NOTE
    Packages suggested but not available for checking:
     ‘Rgraphviz’ ‘Rglpk’ ‘Rsymphony’
    
    Package which this enhances but not available for checking: ‘Rcplex’
Flavor: r-release-osx-x86_64

Version: 0.6-7
Check: Rd cross-references
Result: NOTE
    Package unavailable to check Rd xrefs: ‘graph’
Flavor: r-release-osx-x86_64

Version: 0.6-7
Check: examples
Result: ERROR
    Running examples in ‘relations-Ex.R’ failed
    The error most likely occurred in:
    
    > ### Name: choice
    > ### Title: Relation-Based Choices
    > ### Aliases: relation_choice
    > ### Keywords: math
    >
    > ### ** Examples
    >
    > data("SVM_Benchmarking_Classification")
    > ## Determine the three best classification learners in the above sense.
    > relation_choice(SVM_Benchmarking_Classification, k = 3)
    Error in loadNamespace(name) : there is no package called ‘Rglpk’
    Calls: relation_choice ... tryCatch -> tryCatchList -> tryCatchOne -> <Anonymous>
    Execution halted
Flavor: r-release-osx-x86_64

Version: 0.6-7
Check: running R code from vignettes
Result: WARN
    Errors in running code in vignettes:
    when running code in ‘relations.Rnw’
     ...
    
    > data("Felines")
    
    > relations <- as.relation_ensemble(Felines)
    
    > E <- relation_consensus(relations, "symdiff/E")
    
     When sourcing ‘relations.R’:
    Error: there is no package called ‘Rglpk’
    Execution halted
Flavor: r-release-osx-x86_64

Version: 0.6-7
Check: re-building of vignette outputs
Result: NOTE
    Error in re-building vignettes:
     ...
    Loading required package: Rgraphviz
    Warning in library(package, lib.loc = lib.loc, character.only = TRUE, logical.return = TRUE, :
     there is no package called ‘Rgraphviz’
    Loading required package: Rgraphviz
    Warning in library(package, lib.loc = lib.loc, character.only = TRUE, logical.return = TRUE, :
     there is no package called ‘Rgraphviz’
    
    Error: processing vignette 'relations.Rnw' failed with diagnostics:
     chunk 26 (label = consensus1b)
    Error in loadNamespace(name) : there is no package called ‘Rglpk’
    Execution halted
Flavor: r-release-osx-x86_64