CRAN Package Check Results for Package relations

Last updated on 2017-06-23 15:48:28.

Flavor Version Tinstall Tcheck Ttotal Status Flags
r-devel-linux-x86_64-debian-clang 0.6-6 1.23 41.75 42.98 OK
r-devel-linux-x86_64-debian-gcc 0.6-6 1.36 41.06 42.42 OK
r-devel-linux-x86_64-fedora-clang 0.6-6 78.00 NOTE
r-devel-linux-x86_64-fedora-gcc 0.6-6 74.52 NOTE
r-devel-windows-ix86+x86_64 0.6-6 4.00 105.00 109.00 NOTE
r-patched-linux-x86_64 0.6-6 1.22 40.56 41.78 OK
r-patched-solaris-sparc 0.6-6 461.30 NOTE
r-patched-solaris-x86 0.6-6 89.30 NOTE
r-release-linux-x86_64 0.6-6 1.34 40.47 41.80 OK
r-release-windows-ix86+x86_64 0.6-6 5.00 107.00 112.00 NOTE
r-release-osx-x86_64 0.6-6 ERROR
r-oldrel-windows-ix86+x86_64 0.6-6 5.00 92.00 97.00 NOTE
r-oldrel-osx-x86_64 0.6-6 NOTE

Check Details

Version: 0.6-6
Check: package dependencies
Result: NOTE
    Package which this enhances but not available for checking: ‘Rcplex’
Flavors: r-devel-linux-x86_64-fedora-clang, r-devel-linux-x86_64-fedora-gcc, r-devel-windows-ix86+x86_64, r-release-windows-ix86+x86_64, r-oldrel-windows-ix86+x86_64

Version: 0.6-6
Check: package dependencies
Result: NOTE
    Package suggested but not available for checking: ‘Rsymphony’
    
    Package which this enhances but not available for checking: ‘Rcplex’
Flavors: r-patched-solaris-sparc, r-patched-solaris-x86, r-oldrel-osx-x86_64

Version: 0.6-6
Check: package dependencies
Result: NOTE
    Packages suggested but not available for checking:
     ‘Rgraphviz’ ‘Rglpk’ ‘Rsymphony’
    
    Package which this enhances but not available for checking: ‘Rcplex’
Flavor: r-release-osx-x86_64

Version: 0.6-6
Check: Rd cross-references
Result: NOTE
    Package unavailable to check Rd xrefs: ‘graph’
Flavor: r-release-osx-x86_64

Version: 0.6-6
Check: examples
Result: ERROR
    Running examples in ‘relations-Ex.R’ failed
    The error most likely occurred in:
    
    > ### Name: choice
    > ### Title: Relation-Based Choices
    > ### Aliases: relation_choice
    > ### Keywords: math
    >
    > ### ** Examples
    >
    > data("SVM_Benchmarking_Classification")
    > ## Determine the three best classification learners in the above sense.
    > relation_choice(SVM_Benchmarking_Classification, k = 3)
    Error in loadNamespace(name) : there is no package called ‘Rglpk’
    Calls: relation_choice ... tryCatch -> tryCatchList -> tryCatchOne -> <Anonymous>
    Execution halted
Flavor: r-release-osx-x86_64

Version: 0.6-6
Check: running R code from vignettes
Result: WARN
    Errors in running code in vignettes:
    when running code in ‘relations.Rnw’
     ...
    
    > data("Felines")
    
    > relations <- as.relation_ensemble(Felines)
    
    > E <- relation_consensus(relations, "SD/E")
    
     When sourcing ‘relations.R’:
    Error: there is no package called ‘Rglpk’
    Execution halted
Flavor: r-release-osx-x86_64

Version: 0.6-6
Check: re-building of vignette outputs
Result: NOTE
    Error in re-building vignettes:
     ...
    Loading required package: Rgraphviz
    Warning in library(package, lib.loc = lib.loc, character.only = TRUE, logical.return = TRUE, :
     there is no package called ‘Rgraphviz’
    Loading required package: Rgraphviz
    Warning in library(package, lib.loc = lib.loc, character.only = TRUE, logical.return = TRUE, :
     there is no package called ‘Rgraphviz’
    
    Error: processing vignette 'relations.Rnw' failed with diagnostics:
     chunk 25 (label = consensus1b)
    Error in loadNamespace(name) : there is no package called ‘Rglpk’
    Execution halted
Flavor: r-release-osx-x86_64