CRAN Package Check Results for Package relations

Last updated on 2017-03-29 03:50:51.

Flavor Version Tinstall Tcheck Ttotal Status Flags
r-devel-linux-x86_64-debian-clang 0.6-6 1.27 41.07 42.35 OK
r-devel-linux-x86_64-debian-gcc 0.6-6 1.30 40.35 41.65 OK
r-devel-linux-x86_64-fedora-clang 0.6-6 83.56 NOTE --no-stop-on-test-error
r-devel-linux-x86_64-fedora-gcc 0.6-6 75.34 NOTE --no-stop-on-test-error
r-devel-macos-x86_64-clang 0.6-6 62.88 NOTE --no-stop-on-test-error
r-devel-windows-ix86+x86_64 0.6-6 4.00 106.00 110.00 NOTE
r-patched-linux-x86_64 0.6-6 1.48 39.98 41.46 OK
r-patched-solaris-sparc 0.6-6 461.30 NOTE
r-patched-solaris-x86 0.6-6 92.90 NOTE
r-release-linux-x86_64 0.6-6 1.38 35.13 36.51 OK
r-release-osx-x86_64-mavericks 0.6-6 NOTE
r-release-windows-ix86+x86_64 0.6-6 8.00 160.00 168.00 NOTE
r-oldrel-windows-ix86+x86_64 0.6-6 6.00 105.00 111.00 NOTE

Check Details

Version: 0.6-6
Flags: --no-stop-on-test-error
Check: package dependencies
Result: NOTE
    Package which this enhances but not available for checking: ‘Rcplex’
Flavors: r-devel-linux-x86_64-fedora-clang, r-devel-linux-x86_64-fedora-gcc, r-devel-macos-x86_64-clang

Version: 0.6-6
Check: package dependencies
Result: NOTE
    Package which this enhances but not available for checking: 'Rcplex'
Flavors: r-devel-windows-ix86+x86_64, r-release-windows-ix86+x86_64, r-oldrel-windows-ix86+x86_64

Version: 0.6-6
Check: package dependencies
Result: NOTE
    Package suggested but not available for checking: ‘Rsymphony’
    
    Package which this enhances but not available for checking: ‘Rcplex’
Flavors: r-patched-solaris-sparc, r-patched-solaris-x86, r-release-osx-x86_64-mavericks