CRAN Package Check Results for Package relations

Last updated on 2016-06-26 20:50:11.

Flavor Version Tinstall Tcheck Ttotal Status Flags
r-devel-linux-x86_64-debian-gcc 0.6-6 1.40 35.23 36.63 OK
r-devel-linux-x86_64-fedora-clang 0.6-6 71.14 NOTE
r-devel-linux-x86_64-fedora-gcc 0.6-6 60.69 NOTE
r-devel-osx-x86_64-clang 0.6-6 55.13 NOTE
r-devel-windows-ix86+x86_64 0.6-6 8.00 84.00 92.00 NOTE
r-patched-linux-x86_64 0.6-6 1.32 36.45 37.77 OK
r-patched-solaris-sparc 0.6-6 389.20 NOTE
r-patched-solaris-x86 0.6-6 80.30 NOTE
r-release-linux-x86_64 0.6-6 1.48 35.86 37.34 OK
r-release-osx-x86_64-mavericks 0.6-6 NOTE
r-release-windows-ix86+x86_64 0.6-6 4.00 71.00 75.00 NOTE
r-oldrel-windows-ix86+x86_64 0.6-6 10.00 99.00 109.00 NOTE

Check Details

Version: 0.6-6
Check: package dependencies
Result: NOTE
    Package which this enhances but not available for checking: ‘Rcplex’
Flavors: r-devel-linux-x86_64-fedora-clang, r-devel-linux-x86_64-fedora-gcc, r-devel-osx-x86_64-clang, r-devel-windows-ix86+x86_64, r-release-windows-ix86+x86_64, r-oldrel-windows-ix86+x86_64

Version: 0.6-6
Check: package dependencies
Result: NOTE
    Package suggested but not available for checking: ‘Rsymphony’
    
    Package which this enhances but not available for checking: ‘Rcplex’
Flavors: r-patched-solaris-sparc, r-patched-solaris-x86, r-release-osx-x86_64-mavericks