CRAN Package Check Results for Package relations

Last updated on 2015-03-01 12:47:46.

Flavor Version Tinstall Tcheck Ttotal Status Flags
r-devel-linux-x86_64-debian-clang 0.6-4 1.20 38.95 40.15 NOTE
r-devel-linux-x86_64-debian-gcc 0.6-4 1.16 37.86 39.02 NOTE
r-devel-linux-x86_64-fedora-clang 0.6-4 76.59 NOTE
r-devel-linux-x86_64-fedora-gcc 0.6-4 72.28 NOTE
r-devel-osx-x86_64-clang 0.6-4 80.09 NOTE
r-devel-windows-ix86+x86_64 0.6-4 6.00 57.00 63.00 NOTE
r-patched-linux-x86_64 0.6-4 1.38 43.44 44.82 NOTE
r-patched-solaris-sparc 0.6-4 453.80 NOTE
r-patched-solaris-x86 0.6-4 108.90 NOTE
r-release-linux-ix86 0.6-4 1.90 54.54 56.43 NOTE
r-release-linux-x86_64 0.6-4 1.37 42.22 43.59 NOTE
r-release-osx-x86_64-mavericks 0.6-4 NOTE
r-release-osx-x86_64-snowleopard 0.6-4 NOTE
r-release-windows-ix86+x86_64 0.6-4 6.00 69.00 75.00 NOTE
r-oldrel-windows-ix86+x86_64 0.6-4 6.00 74.00 80.00 NOTE

Check Details

Version: 0.6-4
Check: dependencies in R code
Result: NOTE
    Unexported objects imported by ':::' calls:
     ‘sets:::.cartesian_product’ ‘sets:::.exact_match’
     ‘sets:::.get_memberships’
     ‘sets:::.make_gset_from_support_and_memberships’ ‘sets:::.ntuple’
     ‘sets:::.set_subset’ ‘sets:::fuzzy_logic_predicates’
     See the note in ?`:::` about the use of this operator.
Flavors: r-devel-linux-x86_64-debian-clang, r-devel-linux-x86_64-debian-gcc, r-devel-linux-x86_64-fedora-clang, r-devel-linux-x86_64-fedora-gcc, r-devel-osx-x86_64-clang, r-devel-windows-ix86+x86_64, r-patched-linux-x86_64, r-patched-solaris-x86

Version: 0.6-4
Check: package dependencies
Result: NOTE
    Package which this enhances but not available for checking: ‘Rcplex’
Flavors: r-devel-linux-x86_64-fedora-clang, r-devel-linux-x86_64-fedora-gcc, r-devel-osx-x86_64-clang, r-devel-windows-ix86+x86_64, r-release-osx-x86_64-snowleopard, r-release-windows-ix86+x86_64, r-oldrel-windows-ix86+x86_64

Version: 0.6-4
Check: package dependencies
Result: NOTE
    Package suggested but not available for checking: ‘Rsymphony’
    
    Package which this enhances but not available for checking: ‘Rcplex’
Flavors: r-patched-solaris-sparc, r-patched-solaris-x86, r-release-osx-x86_64-mavericks

Version: 0.6-4
Check: dependencies in R code
Result: NOTE
    Unexported objects imported by ':::' calls:
     ‘sets:::.cartesian_product’ ‘sets:::.exact_match’
     ‘sets:::.get_memberships’
     ‘sets:::.make_gset_from_support_and_memberships’ ‘sets:::.ntuple’
     ‘sets:::.set_subset’ ‘sets:::fuzzy_logic_predicates’
     See the note in ?`:::` about the use of this operator.
    See the information on DESCRIPTION files in the chapter ‘Creating R
    packages’ of the ‘Writing R Extensions’ manual.
Flavors: r-patched-solaris-sparc, r-release-linux-ix86, r-release-linux-x86_64, r-release-osx-x86_64-mavericks, r-release-osx-x86_64-snowleopard, r-release-windows-ix86+x86_64, r-oldrel-windows-ix86+x86_64