CRAN Package Check Results for Package relations

Last updated on 2014-12-18 05:48:24.

Flavor Version Tinstall Tcheck Ttotal Status Flags
r-devel-linux-x86_64-debian-clang 0.6-3 1.56 42.44 44.00 NOTE
r-devel-linux-x86_64-debian-gcc 0.6-3 1.35 42.52 43.87 NOTE
r-devel-linux-x86_64-fedora-clang 0.6-3 89.42 NOTE
r-devel-linux-x86_64-fedora-gcc 0.6-3 81.95 NOTE
r-devel-osx-x86_64-clang 0.6-3 88.20 NOTE
r-devel-windows-ix86+x86_64 0.6-3 10.00 61.00 71.00 NOTE
r-patched-linux-x86_64 0.6-3 1.42 44.00 45.42 NOTE
r-patched-solaris-sparc 0.6-3 523.30 NOTE
r-patched-solaris-x86 0.6-3 112.20 NOTE
r-release-linux-ix86 0.6-3 1.92 53.93 55.85 NOTE
r-release-linux-x86_64 0.6-3 1.88 44.44 46.32 NOTE
r-release-osx-x86_64-mavericks 0.6-3 NOTE
r-release-osx-x86_64-snowleopard 0.6-3 NOTE
r-release-windows-ix86+x86_64 0.6-3 6.00 70.00 76.00 NOTE
r-oldrel-windows-ix86+x86_64 0.6-3 7.00 66.00 73.00 NOTE

Check Details

Version: 0.6-3
Check: dependencies in R code
Result: NOTE
    Unexported objects imported by ':::' calls:
     ‘sets:::.cartesian_product’ ‘sets:::.exact_match’
     ‘sets:::.get_memberships’
     ‘sets:::.make_gset_from_support_and_memberships’ ‘sets:::.ntuple’
     ‘sets:::.set_subset’ ‘sets:::fuzzy_logic_predicates’
     See the note in ?`:::` about the use of this operator.
    See the information on DESCRIPTION files in the chapter ‘Creating R
    packages’ of the ‘Writing R Extensions’ manual.
Flavors: r-devel-linux-x86_64-debian-clang, r-devel-linux-x86_64-debian-gcc, r-devel-linux-x86_64-fedora-clang, r-devel-linux-x86_64-fedora-gcc, r-devel-osx-x86_64-clang, r-devel-windows-ix86+x86_64, r-patched-linux-x86_64, r-patched-solaris-sparc, r-patched-solaris-x86, r-release-linux-ix86, r-release-linux-x86_64, r-release-osx-x86_64-mavericks, r-release-osx-x86_64-snowleopard, r-release-windows-ix86+x86_64, r-oldrel-windows-ix86+x86_64

Version: 0.6-3
Check: package dependencies
Result: NOTE
    Package which this enhances but not available for checking: ‘Rcplex’
Flavors: r-devel-linux-x86_64-fedora-clang, r-devel-linux-x86_64-fedora-gcc, r-devel-osx-x86_64-clang, r-devel-windows-ix86+x86_64, r-release-windows-ix86+x86_64, r-oldrel-windows-ix86+x86_64

Version: 0.6-3
Check: package dependencies
Result: NOTE
    Package suggested but not available for checking: ‘Rsymphony’
    
    Package which this enhances but not available for checking: ‘Rcplex’
Flavors: r-patched-solaris-sparc, r-patched-solaris-x86

Version: 0.6-3
Check: package dependencies
Result: NOTE
    Packages suggested but not available for checking: ‘Rgraphviz’ ‘Rsymphony’
    
    Package which this enhances but not available for checking: ‘Rcplex’
Flavor: r-release-osx-x86_64-mavericks

Version: 0.6-3
Check: Rd cross-references
Result: NOTE
    Package unavailable to check Rd xrefs: ‘graph’
Flavors: r-release-osx-x86_64-mavericks, r-release-osx-x86_64-snowleopard

Version: 0.6-3
Check: re-building of vignette outputs
Result: NOTE
    Error in re-building vignettes:
     ...
    Loading required package: Rgraphviz
    Warning in library(package, lib.loc = lib.loc, character.only = TRUE, logical.return = TRUE, :
     there is no package called ‘Rgraphviz’
    Loading required package: Rgraphviz
    Warning in library(package, lib.loc = lib.loc, character.only = TRUE, logical.return = TRUE, :
     there is no package called ‘Rgraphviz’
    Loading required package: Rgraphviz
    Warning in library(package, lib.loc = lib.loc, character.only = TRUE, logical.return = TRUE, :
     there is no package called ‘Rgraphviz’
    Loading required package: Rgraphviz
    Warning in library(package, lib.loc = lib.loc, character.only = TRUE, logical.return = TRUE, :
     there is no package called ‘Rgraphviz’
    Error in texi2dvi(file = file, pdf = TRUE, clean = clean, quiet = quiet, :
     Running 'texi2dvi' on 'relations.tex' failed.
    LaTeX errors:
    ! LaTeX Error: File `a4wide.sty' not found.
    
    Type X to quit or <RETURN> to proceed,
    or enter new name. (Default extension: sty)
    
    gn_test/relations/vignettes/relations.tex:4: ==> Fatal error occurred, no outp
    ut PDF file produced!
    Calls: buildVignettes -> texi2pdf -> texi2dvi
    Execution halted
Flavor: r-release-osx-x86_64-mavericks

Version: 0.6-3
Check: package dependencies
Result: NOTE
    Package suggested but not available for checking: ‘Rgraphviz’
    
    Package which this enhances but not available for checking: ‘Rcplex’
Flavor: r-release-osx-x86_64-snowleopard

Version: 0.6-3
Check: re-building of vignette outputs
Result: NOTE
    Error in re-building vignettes:
     ...
    Loading required package: Rgraphviz
    Warning in library(package, lib.loc = lib.loc, character.only = TRUE, logical.return = TRUE, :
     there is no package called ‘Rgraphviz’
    Loading required package: Rgraphviz
    Warning in library(package, lib.loc = lib.loc, character.only = TRUE, logical.return = TRUE, :
     there is no package called ‘Rgraphviz’
    Loading required package: Rgraphviz
    Warning in library(package, lib.loc = lib.loc, character.only = TRUE, logical.return = TRUE, :
     there is no package called ‘Rgraphviz’
    Loading required package: Rgraphviz
    Warning in library(package, lib.loc = lib.loc, character.only = TRUE, logical.return = TRUE, :
     there is no package called ‘Rgraphviz’
    Error in texi2dvi(file = file, pdf = TRUE, clean = clean, quiet = quiet, :
     Running 'texi2dvi' on 'relations.tex' failed.
    LaTeX errors:
    !pdfTeX error: pdflatex (file ./relations-plotfig.pdf): PDF inclusion: required
     page does not exist <0>
     ==> Fatal error occurred, no output PDF file produced!
    Calls: buildVignettes -> texi2pdf -> texi2dvi
    Execution halted
Flavor: r-release-osx-x86_64-snowleopard