CRAN Package Check Results for Package relations

Last updated on 2016-09-26 20:49:47.

Flavor Version Tinstall Tcheck Ttotal Status Flags
r-devel-linux-x86_64-debian-clang 0.6-6 1.35 35.98 37.33 OK
r-devel-linux-x86_64-debian-gcc 0.6-6 1.27 36.42 37.69 OK
r-devel-linux-x86_64-fedora-clang 0.6-6 65.92 NOTE
r-devel-linux-x86_64-fedora-gcc 0.6-6 63.86 NOTE
r-devel-macos-x86_64-clang 0.6-6 55.13 NOTE
r-devel-windows-ix86+x86_64 0.6-6 9.00 105.00 114.00 NOTE
r-patched-linux-x86_64 0.6-6 1.28 35.66 36.93 OK
r-patched-solaris-sparc 0.6-6 389.20 NOTE
r-patched-solaris-x86 0.6-6 78.90 NOTE
r-release-linux-x86_64 0.6-6 1.24 35.81 37.04 OK
r-release-osx-x86_64-mavericks 0.6-6 NOTE
r-release-windows-ix86+x86_64 0.6-6 7.00 105.00 112.00 NOTE
r-oldrel-windows-ix86+x86_64 0.6-6 14.00 111.00 125.00 NOTE

Check Details

Version: 0.6-6
Check: package dependencies
Result: NOTE
    Package which this enhances but not available for checking: ‘Rcplex’
Flavors: r-devel-linux-x86_64-fedora-clang, r-devel-linux-x86_64-fedora-gcc, r-devel-macos-x86_64-clang, r-devel-windows-ix86+x86_64, r-release-windows-ix86+x86_64, r-oldrel-windows-ix86+x86_64

Version: 0.6-6
Check: package dependencies
Result: NOTE
    Package suggested but not available for checking: ‘Rsymphony’
    
    Package which this enhances but not available for checking: ‘Rcplex’
Flavors: r-patched-solaris-sparc, r-patched-solaris-x86, r-release-osx-x86_64-mavericks