CRAN Package Check Results for Package relations

Last updated on 2015-08-28 08:47:10.

Flavor Version Tinstall Tcheck Ttotal Status Flags
r-devel-linux-x86_64-debian-clang 0.6-5 1.25 37.78 39.03 NOTE
r-devel-linux-x86_64-debian-gcc 0.6-5 1.11 37.92 39.04 NOTE
r-devel-linux-x86_64-fedora-clang 0.6-5 73.57 NOTE
r-devel-linux-x86_64-fedora-gcc 0.6-5 69.13 NOTE
r-devel-osx-x86_64-clang 0.6-5 68.79 NOTE
r-devel-windows-ix86+x86_64 0.6-5 6.00 82.00 88.00 NOTE
r-patched-linux-x86_64 0.6-5 1.36 37.98 39.34 NOTE
r-patched-solaris-sparc 0.6-5 462.50 NOTE
r-patched-solaris-x86 0.6-5 93.90 NOTE
r-release-linux-x86_64 0.6-5 1.18 37.51 38.70 NOTE
r-release-osx-x86_64-mavericks 0.6-5 NOTE
r-release-windows-ix86+x86_64 0.6-5 6.00 67.00 73.00 NOTE
r-oldrel-windows-ix86+x86_64 0.6-5 8.00 82.00 90.00 NOTE

Check Details

Version: 0.6-5
Check: dependencies in R code
Result: NOTE
    Unexported objects imported by ':::' calls:
     ‘sets:::.cartesian_product’ ‘sets:::.exact_match’
     ‘sets:::.get_memberships’
     ‘sets:::.make_gset_from_support_and_memberships’ ‘sets:::.ntuple’
     ‘sets:::.set_subset’ ‘sets:::fuzzy_logic_predicates’
     See the note in ?`:::` about the use of this operator.
Flavors: r-devel-linux-x86_64-debian-clang, r-devel-linux-x86_64-debian-gcc, r-devel-linux-x86_64-fedora-clang, r-devel-linux-x86_64-fedora-gcc, r-devel-osx-x86_64-clang, r-devel-windows-ix86+x86_64, r-patched-linux-x86_64, r-patched-solaris-sparc, r-patched-solaris-x86, r-release-linux-x86_64, r-release-osx-x86_64-mavericks, r-release-windows-ix86+x86_64, r-oldrel-windows-ix86+x86_64

Version: 0.6-5
Check: package dependencies
Result: NOTE
    Package which this enhances but not available for checking: ‘Rcplex’
Flavors: r-devel-linux-x86_64-fedora-clang, r-devel-linux-x86_64-fedora-gcc, r-devel-osx-x86_64-clang, r-devel-windows-ix86+x86_64, r-release-windows-ix86+x86_64, r-oldrel-windows-ix86+x86_64

Version: 0.6-5
Check: package dependencies
Result: NOTE
    Package suggested but not available for checking: ‘Rsymphony’
    
    Package which this enhances but not available for checking: ‘Rcplex’
Flavors: r-patched-solaris-sparc, r-patched-solaris-x86, r-release-osx-x86_64-mavericks