CRAN Package Check Results for Package relations

Last updated on 2016-02-06 22:47:16.

Flavor Version Tinstall Tcheck Ttotal Status Flags
r-devel-linux-x86_64-debian-gcc 0.6-6 1.14 32.18 33.32 OK
r-devel-linux-x86_64-fedora-clang 0.6-6 63.49 NOTE
r-devel-linux-x86_64-fedora-gcc 0.6-6 59.62 NOTE
r-devel-osx-x86_64-clang 0.6-6 71.39 NOTE
r-devel-windows-ix86+x86_64 0.6-6 10.00 60.00 70.00 NOTE
r-patched-linux-x86_64 0.6-6 1.31 38.41 39.71 OK
r-patched-solaris-sparc 0.6-6 443.40 NOTE
r-patched-solaris-x86 0.6-6 87.60 NOTE
r-release-linux-x86_64 0.6-6 1.40 37.71 39.11 OK
r-release-osx-x86_64-mavericks 0.6-6 NOTE
r-release-windows-ix86+x86_64 0.6-6 5.00 61.00 66.00 NOTE
r-oldrel-windows-ix86+x86_64 0.6-6 10.00 85.00 95.00 NOTE

Check Details

Version: 0.6-6
Check: package dependencies
Result: NOTE
    Package which this enhances but not available for checking: ‘Rcplex’
Flavors: r-devel-linux-x86_64-fedora-clang, r-devel-linux-x86_64-fedora-gcc, r-devel-osx-x86_64-clang, r-devel-windows-ix86+x86_64, r-release-windows-ix86+x86_64, r-oldrel-windows-ix86+x86_64

Version: 0.6-6
Check: package dependencies
Result: NOTE
    Package suggested but not available for checking: ‘Rsymphony’
    
    Package which this enhances but not available for checking: ‘Rcplex’
Flavors: r-patched-solaris-sparc, r-patched-solaris-x86, r-release-osx-x86_64-mavericks