CRAN Package Check Results for Package relations

Last updated on 2015-07-02 07:48:55.

Flavor Version Tinstall Tcheck Ttotal Status Flags
r-devel-linux-x86_64-debian-clang 0.6-5 1.23 38.73 39.96 NOTE
r-devel-linux-x86_64-debian-gcc 0.6-5 1.15 38.00 39.15 NOTE
r-devel-linux-x86_64-fedora-clang 0.6-5 73.88 NOTE
r-devel-linux-x86_64-fedora-gcc 0.6-5 69.59 NOTE
r-devel-osx-x86_64-clang 0.6-5 61.08 NOTE
r-devel-windows-ix86+x86_64 0.6-5 6.00 63.00 69.00 NOTE
r-patched-linux-x86_64 0.6-5 1.18 38.66 39.85 NOTE
r-patched-solaris-sparc 0.6-5 466.10 NOTE
r-patched-solaris-x86 0.6-5 92.90 NOTE
r-release-linux-x86_64 0.6-5 1.18 38.59 39.77 NOTE
r-release-osx-x86_64-mavericks 0.6-5 NOTE
r-release-windows-ix86+x86_64 0.6-5 5.00 67.00 72.00 NOTE
r-oldrel-windows-ix86+x86_64 0.6-5 10.00 100.00 110.00 NOTE

Check Details

Version: 0.6-5
Check: dependencies in R code
Result: NOTE
    Unexported objects imported by ':::' calls:
     ‘sets:::.cartesian_product’ ‘sets:::.exact_match’
     ‘sets:::.get_memberships’
     ‘sets:::.make_gset_from_support_and_memberships’ ‘sets:::.ntuple’
     ‘sets:::.set_subset’ ‘sets:::fuzzy_logic_predicates’
     See the note in ?`:::` about the use of this operator.
Flavors: r-devel-linux-x86_64-debian-clang, r-devel-linux-x86_64-debian-gcc, r-devel-linux-x86_64-fedora-clang, r-devel-linux-x86_64-fedora-gcc, r-devel-osx-x86_64-clang, r-devel-windows-ix86+x86_64, r-patched-linux-x86_64, r-patched-solaris-sparc, r-patched-solaris-x86, r-release-linux-x86_64, r-release-osx-x86_64-mavericks, r-release-windows-ix86+x86_64, r-oldrel-windows-ix86+x86_64

Version: 0.6-5
Check: package dependencies
Result: NOTE
    Package which this enhances but not available for checking: ‘Rcplex’
Flavors: r-devel-linux-x86_64-fedora-clang, r-devel-linux-x86_64-fedora-gcc, r-devel-osx-x86_64-clang, r-devel-windows-ix86+x86_64, r-release-windows-ix86+x86_64, r-oldrel-windows-ix86+x86_64

Version: 0.6-5
Check: package dependencies
Result: NOTE
    Package suggested but not available for checking: ‘Rsymphony’
    
    Package which this enhances but not available for checking: ‘Rcplex’
Flavors: r-patched-solaris-sparc, r-patched-solaris-x86, r-release-osx-x86_64-mavericks