CRAN Package Check Results for Package relaxnet

Last updated on 2014-04-18 03:47:22.

Flavor Version Tinstall Tcheck Ttotal Status Flags
r-devel-linux-x86_64-debian-clang 0.3-2 3.43 42.65 46.08 OK
r-devel-linux-x86_64-debian-gcc OK
r-devel-linux-x86_64-fedora-clang 0.3-2 106.56 OK
r-devel-linux-x86_64-fedora-gcc 0.3-2 104.45 OK
r-devel-macosx-x86_64-clang 0.3-2 85.46 OK
r-devel-macosx-x86_64-gcc 0.3-2 OK
r-devel-windows-ix86+x86_64 0.3-2 8.00 65.00 73.00 NOTE
r-patched-linux-x86_64 0.3-2 3.43 44.22 47.65 OK
r-patched-solaris-sparc 0.3-2 582.60 OK
r-patched-solaris-x86 0.3-2 137.70 OK
r-release-linux-ix86 0.3-2 7.00 70.00 77.00 OK
r-release-linux-x86_64 0.3-2 3.44 44.86 48.30 OK
r-release-macosx-x86_64 0.3-2 OK
r-release-windows-ix86+x86_64 0.3-2 8.00 60.00 68.00 NOTE
r-oldrel-windows-ix86+x86_64 0.3-2 8.00 56.00 64.00 NOTE

Check Details

Version: 0.3-2
Check: R code for possible problems
Result: NOTE
    cv.alpha.relaxnet: no visible global function definition for
     'mc.reset.stream'
    cv.relaxnet: no visible global function definition for
     'mc.reset.stream'
Flavors: r-devel-windows-ix86+x86_64, r-release-windows-ix86+x86_64, r-oldrel-windows-ix86+x86_64