CRAN Package Check Results for Package relaxnet

Last updated on 2016-08-26 21:47:25.

Flavor Version Tinstall Tcheck Ttotal Status Flags
r-devel-linux-x86_64-debian-clang 0.3-2 2.63 35.18 37.81 NOTE
r-devel-linux-x86_64-debian-gcc 0.3-2 4.10 41.81 45.90 NOTE
r-devel-linux-x86_64-fedora-clang 0.3-2 73.67 NOTE
r-devel-linux-x86_64-fedora-gcc 0.3-2 68.86 NOTE
r-devel-osx-x86_64-clang 0.3-2 58.17 NOTE
r-devel-windows-ix86+x86_64 0.3-2 10.00 61.00 71.00 NOTE
r-patched-linux-x86_64 0.3-2 2.50 33.63 36.13 NOTE
r-patched-solaris-sparc 0.3-2 453.30 NOTE
r-patched-solaris-x86 0.3-2 97.00 NOTE
r-release-linux-x86_64 0.3-2 2.58 34.47 37.05 NOTE
r-release-osx-x86_64-mavericks 0.3-2 NOTE
r-release-windows-ix86+x86_64 0.3-2 10.00 66.00 76.00 NOTE
r-oldrel-windows-ix86+x86_64 0.3-2 8.00 93.00 101.00 NOTE

Check Details

Version: 0.3-2
Check: dependencies in R code
Result: NOTE
    'library' or 'require' call to ‘parallel’ in package code.
     Please use :: or requireNamespace() instead.
     See section 'Suggested packages' in the 'Writing R Extensions' manual.
Flavors: r-devel-linux-x86_64-debian-clang, r-devel-linux-x86_64-debian-gcc, r-devel-linux-x86_64-fedora-clang, r-devel-linux-x86_64-fedora-gcc, r-devel-osx-x86_64-clang, r-devel-windows-ix86+x86_64, r-patched-linux-x86_64, r-patched-solaris-sparc, r-patched-solaris-x86, r-release-linux-x86_64, r-release-osx-x86_64-mavericks, r-release-windows-ix86+x86_64, r-oldrel-windows-ix86+x86_64

Version: 0.3-2
Check: R code for possible problems
Result: NOTE
    .onAttach: no visible global function definition for
     ‘packageDescription’
    .relax.cv.elnet: no visible global function definition for ‘predict’
    .relax.cv.elnet: no visible binding for global variable ‘weighted.mean’
    .relax.cv.lognet: no visible global function definition for ‘predict’
    .relax.cv.lognet: no visible binding for global variable
     ‘weighted.mean’
    .relax.cvcompute: no visible binding for global variable
     ‘weighted.mean’
    .single.column: no visible global function definition for ‘glm’
    .single.column: no visible global function definition for ‘coef’
    cv.alpha.relaxnet: no visible global function definition for
     ‘mc.reset.stream’
    cv.alpha.relaxnet: no visible global function definition for ‘mclapply’
    cv.relaxnet: no visible global function definition for ‘predict’
    cv.relaxnet: no visible global function definition for
     ‘mc.reset.stream’
    cv.relaxnet: no visible global function definition for ‘mclapply’
    predict.cv.alpha.relaxnet: no visible global function definition for
     ‘predict’
    predict.cv.relaxnet: no visible global function definition for
     ‘predict’
    predict.relaxnet: no visible global function definition for ‘predict’
    Undefined global functions or variables:
     coef glm mc.reset.stream mclapply packageDescription predict
     weighted.mean
    Consider adding
     importFrom("stats", "coef", "glm", "predict", "weighted.mean")
     importFrom("utils", "packageDescription")
    to your NAMESPACE file.
Flavors: r-devel-linux-x86_64-debian-clang, r-devel-linux-x86_64-debian-gcc, r-devel-linux-x86_64-fedora-clang, r-devel-linux-x86_64-fedora-gcc, r-devel-osx-x86_64-clang, r-devel-windows-ix86+x86_64, r-patched-linux-x86_64, r-patched-solaris-sparc, r-patched-solaris-x86, r-release-linux-x86_64, r-release-osx-x86_64-mavericks, r-release-windows-ix86+x86_64

Version: 0.3-2
Check: R code for possible problems
Result: NOTE
    cv.alpha.relaxnet: no visible global function definition for
     'mc.reset.stream'
    cv.alpha.relaxnet: no visible global function definition for 'mclapply'
    cv.relaxnet: no visible global function definition for
     'mc.reset.stream'
    cv.relaxnet: no visible global function definition for 'mclapply'
Flavor: r-oldrel-windows-ix86+x86_64