CRAN Package Check Results for Package relaxnet

Last updated on 2014-11-21 19:48:10.

Flavor Version Tinstall Tcheck Ttotal Status Flags
r-devel-linux-x86_64-debian-clang 0.3-2 3.31 41.21 44.52 NOTE
r-devel-linux-x86_64-debian-gcc 0.3-2 3.04 40.38 43.42 NOTE
r-devel-linux-x86_64-fedora-clang 0.3-2 107.05 NOTE
r-devel-linux-x86_64-fedora-gcc 0.3-2 101.06 NOTE
r-devel-osx-x86_64-clang 0.3-2 86.29 NOTE
r-devel-windows-ix86+x86_64 0.3-2 7.00 66.00 73.00 NOTE
r-patched-linux-x86_64 0.3-2 3.28 42.58 45.86 NOTE
r-patched-solaris-sparc 0.3-2 592.40 NOTE
r-patched-solaris-x86 0.3-2 135.40 NOTE
r-release-linux-ix86 0.3-2 3.79 50.76 54.55 NOTE
r-release-linux-x86_64 0.3-2 3.22 42.30 45.52 NOTE
r-release-osx-x86_64-mavericks 0.3-2 OK
r-release-osx-x86_64-snowleopard 0.3-2 OK
r-release-windows-ix86+x86_64 0.3-2 11.00 63.00 74.00 NOTE
r-oldrel-windows-ix86+x86_64 0.3-2 7.00 58.00 65.00 NOTE

Check Details

Version: 0.3-2
Check: R code for possible problems
Result: NOTE
    cv.alpha.relaxnet: no visible global function definition for
     ‘mc.reset.stream’
    cv.alpha.relaxnet: no visible global function definition for ‘mclapply’
    cv.relaxnet: no visible global function definition for
     ‘mc.reset.stream’
    cv.relaxnet: no visible global function definition for ‘mclapply’
Flavors: r-devel-linux-x86_64-debian-clang, r-devel-linux-x86_64-debian-gcc, r-devel-linux-x86_64-fedora-clang, r-devel-linux-x86_64-fedora-gcc, r-devel-osx-x86_64-clang, r-devel-windows-ix86+x86_64, r-patched-linux-x86_64, r-patched-solaris-sparc, r-patched-solaris-x86, r-release-linux-ix86, r-release-linux-x86_64, r-release-windows-ix86+x86_64

Version: 0.3-2
Check: R code for possible problems
Result: NOTE
    cv.alpha.relaxnet: no visible global function definition for
     'mc.reset.stream'
    cv.relaxnet: no visible global function definition for
     'mc.reset.stream'
Flavor: r-oldrel-windows-ix86+x86_64