CRAN Package Check Results for Package relaxnet

Last updated on 2015-03-30 00:48:29.

Flavor Version Tinstall Tcheck Ttotal Status Flags
r-devel-linux-x86_64-debian-clang 0.3-2 3.38 35.49 38.86 NOTE
r-devel-linux-x86_64-debian-gcc 0.3-2 2.54 34.44 36.98 NOTE
r-devel-linux-x86_64-fedora-clang 0.3-2 76.64 NOTE
r-devel-linux-x86_64-fedora-gcc 0.3-2 78.15 NOTE
r-devel-osx-x86_64-clang 0.3-2 71.00 NOTE
r-prerel-windows-ix86+x86_64 0.3-2 7.00 56.00 63.00 NOTE
r-prerel-linux-x86_64 0.3-2 2.49 34.78 37.27 NOTE
r-prerel-solaris-sparc 0.3-2 484.90 NOTE
r-prerel-solaris-x86 0.3-2 105.80 NOTE
r-release-linux-x86_64 0.3-2 3.41 42.46 45.87 NOTE
r-release-osx-x86_64-mavericks 0.3-2 NOTE
r-release-osx-x86_64-snowleopard 0.3-2 OK
r-release-windows-ix86+x86_64 0.3-2 7.00 67.00 74.00 NOTE
r-oldrel-windows-ix86+x86_64 0.3-2 9.00 63.00 72.00 NOTE

Check Details

Version: 0.3-2
Check: dependencies in R code
Result: NOTE
    'library' or 'require' call to ‘parallel’ in package code.
     Please use :: or requireNamespace() instead.
     See section 'Suggested packages' in the 'Writing R Extensions' manual.
Flavors: r-devel-linux-x86_64-debian-clang, r-devel-linux-x86_64-debian-gcc, r-devel-linux-x86_64-fedora-clang, r-devel-linux-x86_64-fedora-gcc, r-devel-osx-x86_64-clang, r-prerel-windows-ix86+x86_64, r-prerel-linux-x86_64, r-prerel-solaris-sparc, r-prerel-solaris-x86, r-release-linux-x86_64, r-release-windows-ix86+x86_64

Version: 0.3-2
Check: R code for possible problems
Result: NOTE
    cv.alpha.relaxnet: no visible global function definition for
     ‘mc.reset.stream’
    cv.alpha.relaxnet: no visible global function definition for ‘mclapply’
    cv.relaxnet: no visible global function definition for
     ‘mc.reset.stream’
    cv.relaxnet: no visible global function definition for ‘mclapply’
Flavors: r-devel-linux-x86_64-debian-clang, r-devel-linux-x86_64-debian-gcc, r-devel-linux-x86_64-fedora-clang, r-devel-linux-x86_64-fedora-gcc, r-devel-osx-x86_64-clang, r-prerel-windows-ix86+x86_64, r-prerel-linux-x86_64, r-prerel-solaris-sparc, r-prerel-solaris-x86, r-release-linux-x86_64, r-release-osx-x86_64-mavericks, r-release-windows-ix86+x86_64

Version: 0.3-2
Check: R code for possible problems
Result: NOTE
    cv.alpha.relaxnet: no visible global function definition for
     'mc.reset.stream'
    cv.relaxnet: no visible global function definition for
     'mc.reset.stream'
Flavor: r-oldrel-windows-ix86+x86_64