CRAN Package Check Results for Package relaxnet

Last updated on 2014-09-21 08:48:48.

Flavor Version Tinstall Tcheck Ttotal Status Flags
r-devel-linux-x86_64-debian-clang 0.3-2 3.36 41.10 44.46 NOTE
r-devel-linux-x86_64-debian-gcc 0.3-2 3.08 39.91 42.99 NOTE
r-devel-linux-x86_64-fedora-clang 0.3-2 103.36 NOTE
r-devel-linux-x86_64-fedora-gcc 0.3-2 99.76 NOTE
r-devel-osx-x86_64-clang 0.3-2 82.09 NOTE
r-devel-windows-ix86+x86_64 0.3-2 7.00 64.00 71.00 NOTE
r-patched-linux-x86_64 0.3-2 3.56 43.14 46.70 OK
r-patched-solaris-sparc 0.3-2 602.00 OK
r-patched-solaris-x86 0.3-2 135.30 OK
r-release-linux-ix86 0.3-2 3.95 53.11 57.06 OK
r-release-linux-x86_64 0.3-2 3.32 42.33 45.65 OK
r-release-osx-x86_64-mavericks 0.3-2 OK
r-release-osx-x86_64-snowleopard 0.3-2 OK
r-release-windows-ix86+x86_64 0.3-2 9.00 56.00 65.00 NOTE
r-oldrel-windows-ix86+x86_64 0.3-2 8.00 55.00 63.00 NOTE

Check Details

Version: 0.3-2
Check: R code for possible problems
Result: NOTE
    cv.alpha.relaxnet: no visible global function definition for
     ‘mc.reset.stream’
    cv.alpha.relaxnet: no visible global function definition for ‘mclapply’
    cv.relaxnet: no visible global function definition for
     ‘mc.reset.stream’
    cv.relaxnet: no visible global function definition for ‘mclapply’
Flavors: r-devel-linux-x86_64-debian-clang, r-devel-linux-x86_64-debian-gcc, r-devel-linux-x86_64-fedora-clang, r-devel-linux-x86_64-fedora-gcc, r-devel-osx-x86_64-clang, r-devel-windows-ix86+x86_64

Version: 0.3-2
Check: R code for possible problems
Result: NOTE
    cv.alpha.relaxnet: no visible global function definition for
     'mc.reset.stream'
    cv.relaxnet: no visible global function definition for
     'mc.reset.stream'
Flavors: r-release-windows-ix86+x86_64, r-oldrel-windows-ix86+x86_64