CRAN Package Check Results for Package relaxnet

Last updated on 2017-03-27 06:48:31.

Flavor Version Tinstall Tcheck Ttotal Status Flags
r-devel-linux-x86_64-debian-clang 0.3-2 2.41 35.16 37.57 NOTE
r-devel-linux-x86_64-debian-gcc 0.3-2 2.33 34.28 36.61 NOTE
r-devel-linux-x86_64-fedora-clang 0.3-2 88.33 NOTE --no-stop-on-test-error
r-devel-linux-x86_64-fedora-gcc 0.3-2 81.78 NOTE --no-stop-on-test-error
r-devel-macos-x86_64-clang 0.3-2 62.82 NOTE --no-stop-on-test-error
r-devel-windows-ix86+x86_64 0.3-2 7.00 68.00 75.00 NOTE
r-patched-linux-x86_64 0.3-2 2.49 35.27 37.76 NOTE
r-patched-solaris-sparc 0.3-2 505.20 NOTE
r-patched-solaris-x86 0.3-2 112.80 NOTE
r-release-linux-x86_64 0.3-2 2.09 31.39 33.48 NOTE
r-release-osx-x86_64-mavericks 0.3-2 NOTE
r-release-windows-ix86+x86_64 0.3-2 8.00 62.00 70.00 NOTE
r-oldrel-windows-ix86+x86_64 0.3-2 7.00 60.00 67.00 NOTE

Check Details

Version: 0.3-2
Check: dependencies in R code
Result: NOTE
    'library' or 'require' call to ‘parallel’ in package code.
     Please use :: or requireNamespace() instead.
     See section 'Suggested packages' in the 'Writing R Extensions' manual.
Flavors: r-devel-linux-x86_64-debian-clang, r-devel-linux-x86_64-debian-gcc, r-devel-windows-ix86+x86_64, r-patched-linux-x86_64, r-patched-solaris-sparc, r-patched-solaris-x86, r-release-linux-x86_64, r-release-osx-x86_64-mavericks, r-release-windows-ix86+x86_64, r-oldrel-windows-ix86+x86_64

Version: 0.3-2
Check: R code for possible problems
Result: NOTE
    .onAttach: no visible global function definition for
     ‘packageDescription’
    .relax.cv.elnet: no visible global function definition for ‘predict’
    .relax.cv.elnet: no visible binding for global variable ‘weighted.mean’
    .relax.cv.lognet: no visible global function definition for ‘predict’
    .relax.cv.lognet: no visible binding for global variable
     ‘weighted.mean’
    .relax.cvcompute: no visible binding for global variable
     ‘weighted.mean’
    .single.column: no visible global function definition for ‘glm’
    .single.column: no visible global function definition for ‘coef’
    cv.alpha.relaxnet: no visible global function definition for
     ‘mc.reset.stream’
    cv.alpha.relaxnet: no visible global function definition for ‘mclapply’
    cv.relaxnet: no visible global function definition for ‘predict’
    cv.relaxnet: no visible global function definition for
     ‘mc.reset.stream’
    cv.relaxnet: no visible global function definition for ‘mclapply’
    predict.cv.alpha.relaxnet: no visible global function definition for
     ‘predict’
    predict.cv.relaxnet: no visible global function definition for
     ‘predict’
    predict.relaxnet: no visible global function definition for ‘predict’
    Undefined global functions or variables:
     coef glm mc.reset.stream mclapply packageDescription predict
     weighted.mean
    Consider adding
     importFrom("stats", "coef", "glm", "predict", "weighted.mean")
     importFrom("utils", "packageDescription")
    to your NAMESPACE file.
Flavors: r-devel-linux-x86_64-debian-clang, r-devel-linux-x86_64-debian-gcc, r-devel-windows-ix86+x86_64, r-patched-linux-x86_64, r-patched-solaris-sparc, r-patched-solaris-x86, r-release-linux-x86_64, r-release-osx-x86_64-mavericks, r-release-windows-ix86+x86_64

Version: 0.3-2
Flags: --no-stop-on-test-error
Check: dependencies in R code
Result: NOTE
    'library' or 'require' call to ‘parallel’ in package code.
     Please use :: or requireNamespace() instead.
     See section 'Suggested packages' in the 'Writing R Extensions' manual.
Flavors: r-devel-linux-x86_64-fedora-clang, r-devel-linux-x86_64-fedora-gcc, r-devel-macos-x86_64-clang

Version: 0.3-2
Flags: --no-stop-on-test-error
Check: R code for possible problems
Result: NOTE
    .onAttach: no visible global function definition for
     ‘packageDescription’
    .relax.cv.elnet: no visible global function definition for ‘predict’
    .relax.cv.elnet: no visible binding for global variable ‘weighted.mean’
    .relax.cv.lognet: no visible global function definition for ‘predict’
    .relax.cv.lognet: no visible binding for global variable
     ‘weighted.mean’
    .relax.cvcompute: no visible binding for global variable
     ‘weighted.mean’
    .single.column: no visible global function definition for ‘glm’
    .single.column: no visible global function definition for ‘coef’
    cv.alpha.relaxnet: no visible global function definition for
     ‘mc.reset.stream’
    cv.alpha.relaxnet: no visible global function definition for ‘mclapply’
    cv.relaxnet: no visible global function definition for ‘predict’
    cv.relaxnet: no visible global function definition for
     ‘mc.reset.stream’
    cv.relaxnet: no visible global function definition for ‘mclapply’
    predict.cv.alpha.relaxnet: no visible global function definition for
     ‘predict’
    predict.cv.relaxnet: no visible global function definition for
     ‘predict’
    predict.relaxnet: no visible global function definition for ‘predict’
    Undefined global functions or variables:
     coef glm mc.reset.stream mclapply packageDescription predict
     weighted.mean
    Consider adding
     importFrom("stats", "coef", "glm", "predict", "weighted.mean")
     importFrom("utils", "packageDescription")
    to your NAMESPACE file.
Flavors: r-devel-linux-x86_64-fedora-clang, r-devel-linux-x86_64-fedora-gcc, r-devel-macos-x86_64-clang

Version: 0.3-2
Check: R code for possible problems
Result: NOTE
    cv.alpha.relaxnet: no visible global function definition for
     'mc.reset.stream'
    cv.alpha.relaxnet: no visible global function definition for 'mclapply'
    cv.relaxnet: no visible global function definition for
     'mc.reset.stream'
    cv.relaxnet: no visible global function definition for 'mclapply'
Flavor: r-oldrel-windows-ix86+x86_64