CRAN Package Check Results for Package relaxnet

Last updated on 2017-07-22 08:48:29.

Flavor Version Tinstall Tcheck Ttotal Status Flags
r-devel-linux-x86_64-debian-clang 0.3-2 2.50 42.51 45.01 NOTE
r-devel-linux-x86_64-debian-gcc 0.3-2 2.72 41.22 43.94 NOTE
r-devel-linux-x86_64-fedora-clang 0.3-2 84.08 NOTE
r-devel-linux-x86_64-fedora-gcc 0.3-2 83.29 NOTE
r-devel-windows-ix86+x86_64 0.3-2 10.00 67.00 77.00 NOTE
r-patched-linux-x86_64 0.3-2 2.52 42.11 44.63 NOTE
r-patched-solaris-x86 0.3-2 112.30 NOTE
r-release-linux-x86_64 0.3-2 2.36 42.01 44.37 NOTE
r-release-windows-ix86+x86_64 0.3-2 10.00 88.00 98.00 NOTE
r-release-osx-x86_64 0.3-2 NOTE
r-oldrel-windows-ix86+x86_64 0.3-2 10.00 77.00 87.00 NOTE
r-oldrel-osx-x86_64 0.3-2 NOTE

Check Details

Version: 0.3-2
Check: dependencies in R code
Result: NOTE
    'library' or 'require' call to ‘parallel’ in package code.
     Please use :: or requireNamespace() instead.
     See section 'Suggested packages' in the 'Writing R Extensions' manual.
Flavors: r-devel-linux-x86_64-debian-clang, r-devel-linux-x86_64-debian-gcc, r-devel-linux-x86_64-fedora-clang, r-devel-linux-x86_64-fedora-gcc, r-devel-windows-ix86+x86_64, r-patched-linux-x86_64, r-patched-solaris-x86, r-release-linux-x86_64, r-release-windows-ix86+x86_64, r-release-osx-x86_64, r-oldrel-windows-ix86+x86_64, r-oldrel-osx-x86_64

Version: 0.3-2
Check: R code for possible problems
Result: NOTE
    .onAttach: no visible global function definition for
     ‘packageDescription’
    .relax.cv.elnet: no visible global function definition for ‘predict’
    .relax.cv.elnet: no visible binding for global variable ‘weighted.mean’
    .relax.cv.lognet: no visible global function definition for ‘predict’
    .relax.cv.lognet: no visible binding for global variable
     ‘weighted.mean’
    .relax.cvcompute: no visible binding for global variable
     ‘weighted.mean’
    .single.column: no visible global function definition for ‘glm’
    .single.column: no visible global function definition for ‘coef’
    cv.alpha.relaxnet: no visible global function definition for
     ‘mc.reset.stream’
    cv.alpha.relaxnet: no visible global function definition for ‘mclapply’
    cv.relaxnet: no visible global function definition for ‘predict’
    cv.relaxnet: no visible global function definition for
     ‘mc.reset.stream’
    cv.relaxnet: no visible global function definition for ‘mclapply’
    predict.cv.alpha.relaxnet: no visible global function definition for
     ‘predict’
    predict.cv.relaxnet: no visible global function definition for
     ‘predict’
    predict.relaxnet: no visible global function definition for ‘predict’
    Undefined global functions or variables:
     coef glm mc.reset.stream mclapply packageDescription predict
     weighted.mean
    Consider adding
     importFrom("stats", "coef", "glm", "predict", "weighted.mean")
     importFrom("utils", "packageDescription")
    to your NAMESPACE file.
Flavors: r-devel-linux-x86_64-debian-clang, r-devel-linux-x86_64-debian-gcc, r-devel-linux-x86_64-fedora-clang, r-devel-linux-x86_64-fedora-gcc, r-devel-windows-ix86+x86_64, r-patched-linux-x86_64, r-patched-solaris-x86, r-release-linux-x86_64, r-release-windows-ix86+x86_64, r-release-osx-x86_64, r-oldrel-windows-ix86+x86_64, r-oldrel-osx-x86_64