CRAN Package Check Results for Package relaxnet

Last updated on 2015-08-05 08:48:43.

Flavor Version Tinstall Tcheck Ttotal Status Flags
r-devel-linux-x86_64-debian-clang 0.3-2 2.58 36.42 39.00 NOTE
r-devel-linux-x86_64-debian-gcc 0.3-2 2.56 35.04 37.60 NOTE
r-devel-linux-x86_64-fedora-clang 0.3-2 77.47 NOTE
r-devel-linux-x86_64-fedora-gcc 0.3-2 74.96 NOTE
r-devel-osx-x86_64-clang 0.3-2 65.90 NOTE
r-devel-windows-ix86+x86_64 0.3-2 10.00 83.00 93.00 NOTE
r-patched-linux-x86_64 0.3-2 2.60 34.76 37.36 NOTE
r-patched-solaris-sparc 0.3-2 503.70 NOTE
r-patched-solaris-x86 0.3-2 106.70 NOTE
r-release-linux-x86_64 0.3-2 2.53 36.65 39.18 NOTE
r-release-osx-x86_64-mavericks 0.3-2 NOTE
r-release-windows-ix86+x86_64 0.3-2 9.00 85.00 94.00 NOTE
r-oldrel-windows-ix86+x86_64 0.3-2 13.00 91.00 104.00 NOTE

Check Details

Version: 0.3-2
Check: dependencies in R code
Result: NOTE
    'library' or 'require' call to ‘parallel’ in package code.
     Please use :: or requireNamespace() instead.
     See section 'Suggested packages' in the 'Writing R Extensions' manual.
Flavors: r-devel-linux-x86_64-debian-clang, r-devel-linux-x86_64-debian-gcc, r-devel-linux-x86_64-fedora-clang, r-devel-linux-x86_64-fedora-gcc, r-devel-osx-x86_64-clang, r-devel-windows-ix86+x86_64, r-patched-linux-x86_64, r-patched-solaris-sparc, r-patched-solaris-x86, r-release-linux-x86_64, r-release-osx-x86_64-mavericks, r-release-windows-ix86+x86_64, r-oldrel-windows-ix86+x86_64

Version: 0.3-2
Check: R code for possible problems
Result: NOTE
    .onAttach: no visible global function definition for
     ‘packageDescription’
    .relax.cv.elnet: no visible global function definition for ‘predict’
    .relax.cv.elnet: no visible binding for global variable ‘weighted.mean’
    .relax.cv.lognet: no visible global function definition for ‘predict’
    .relax.cv.lognet: no visible binding for global variable
     ‘weighted.mean’
    .relax.cvcompute: no visible binding for global variable
     ‘weighted.mean’
    .single.column: no visible global function definition for ‘glm’
    .single.column: no visible global function definition for ‘coef’
    cv.alpha.relaxnet: no visible global function definition for
     ‘mc.reset.stream’
    cv.alpha.relaxnet: no visible global function definition for ‘mclapply’
    cv.relaxnet: no visible global function definition for ‘predict’
    cv.relaxnet: no visible global function definition for
     ‘mc.reset.stream’
    cv.relaxnet: no visible global function definition for ‘mclapply’
    predict.cv.alpha.relaxnet: no visible global function definition for
     ‘predict’
    predict.cv.relaxnet: no visible global function definition for
     ‘predict’
    predict.relaxnet: no visible global function definition for ‘predict’
    Undefined global functions or variables:
     coef glm mc.reset.stream mclapply packageDescription predict
     weighted.mean
    Consider adding
     importFrom("stats", "coef", "glm", "predict", "weighted.mean")
     importFrom("utils", "packageDescription")
    to your NAMESPACE.
Flavors: r-devel-linux-x86_64-debian-clang, r-devel-linux-x86_64-debian-gcc, r-devel-linux-x86_64-fedora-clang, r-devel-linux-x86_64-fedora-gcc, r-devel-windows-ix86+x86_64

Version: 0.3-2
Check: R code for possible problems
Result: NOTE
    cv.alpha.relaxnet: no visible global function definition for
     ‘mc.reset.stream’
    cv.alpha.relaxnet: no visible global function definition for ‘mclapply’
    cv.relaxnet: no visible global function definition for
     ‘mc.reset.stream’
    cv.relaxnet: no visible global function definition for ‘mclapply’
    Undefined global functions or variables:
     mc.reset.stream mclapply
Flavor: r-devel-osx-x86_64-clang

Version: 0.3-2
Check: R code for possible problems
Result: NOTE
    cv.alpha.relaxnet: no visible global function definition for
     ‘mc.reset.stream’
    cv.alpha.relaxnet: no visible global function definition for ‘mclapply’
    cv.relaxnet: no visible global function definition for
     ‘mc.reset.stream’
    cv.relaxnet: no visible global function definition for ‘mclapply’
Flavors: r-patched-linux-x86_64, r-patched-solaris-sparc, r-patched-solaris-x86, r-release-linux-x86_64, r-release-osx-x86_64-mavericks, r-release-windows-ix86+x86_64, r-oldrel-windows-ix86+x86_64