CRAN Package Check Results for Package relaxnet

Last updated on 2015-01-30 21:47:10.

Flavor Version Tinstall Tcheck Ttotal Status Flags
r-devel-linux-x86_64-debian-clang 0.3-2 2.60 35.07 37.66 NOTE
r-devel-linux-x86_64-debian-gcc 0.3-2 3.71 38.05 41.76 NOTE
r-devel-linux-x86_64-fedora-clang 0.3-2 103.02 NOTE
r-devel-linux-x86_64-fedora-gcc 0.3-2 101.71 NOTE
r-devel-osx-x86_64-clang 0.3-2 85.64 NOTE
r-devel-windows-ix86+x86_64 0.3-2 11.00 57.00 68.00 NOTE
r-patched-linux-x86_64 0.3-2 3.22 42.42 45.64 NOTE
r-patched-solaris-sparc 0.3-2 588.10 NOTE
r-patched-solaris-x86 0.3-2 139.90 NOTE
r-release-linux-ix86 0.3-2 3.75 51.22 54.97 NOTE
r-release-linux-x86_64 0.3-2 3.28 42.62 45.90 NOTE
r-release-osx-x86_64-mavericks 0.3-2 NOTE
r-release-osx-x86_64-snowleopard 0.3-2 OK
r-release-windows-ix86+x86_64 0.3-2 8.00 64.00 72.00 NOTE
r-oldrel-windows-ix86+x86_64 0.3-2 9.00 87.00 96.00 NOTE

Check Details

Version: 0.3-2
Check: dependencies in R code
Result: NOTE
    'library' or 'require' call to ‘parallel’ in package code.
     Please use :: or requireNamespace() instead.
     See section 'Suggested packages' in the 'Writing R Extensions' manual.
Flavors: r-devel-linux-x86_64-debian-clang, r-devel-linux-x86_64-debian-gcc, r-devel-linux-x86_64-fedora-clang, r-devel-linux-x86_64-fedora-gcc, r-devel-osx-x86_64-clang, r-devel-windows-ix86+x86_64

Version: 0.3-2
Check: R code for possible problems
Result: NOTE
    cv.alpha.relaxnet: no visible global function definition for
     ‘mc.reset.stream’
    cv.alpha.relaxnet: no visible global function definition for ‘mclapply’
    cv.relaxnet: no visible global function definition for
     ‘mc.reset.stream’
    cv.relaxnet: no visible global function definition for ‘mclapply’
Flavors: r-devel-linux-x86_64-debian-clang, r-devel-linux-x86_64-debian-gcc, r-devel-linux-x86_64-fedora-clang, r-devel-linux-x86_64-fedora-gcc, r-devel-osx-x86_64-clang, r-devel-windows-ix86+x86_64, r-patched-linux-x86_64, r-patched-solaris-sparc, r-patched-solaris-x86, r-release-linux-ix86, r-release-linux-x86_64, r-release-osx-x86_64-mavericks, r-release-windows-ix86+x86_64

Version: 0.3-2
Check: R code for possible problems
Result: NOTE
    cv.alpha.relaxnet: no visible global function definition for
     'mc.reset.stream'
    cv.relaxnet: no visible global function definition for
     'mc.reset.stream'
Flavor: r-oldrel-windows-ix86+x86_64