CRAN Package Check Results for Package relaxnet

Last updated on 2014-12-20 16:49:08.

Flavor Version Tinstall Tcheck Ttotal Status Flags
r-devel-linux-x86_64-debian-clang 0.3-2 3.30 41.75 45.05 NOTE
r-devel-linux-x86_64-debian-gcc 0.3-2 2.99 40.16 43.16 NOTE
r-devel-linux-x86_64-fedora-clang 0.3-2 108.05 NOTE
r-devel-linux-x86_64-fedora-gcc 0.3-2 98.46 NOTE
r-devel-osx-x86_64-clang 0.3-2 87.10 NOTE
r-devel-windows-ix86+x86_64 0.3-2 9.00 60.00 69.00 NOTE
r-patched-linux-x86_64 0.3-2 3.24 42.80 46.04 NOTE
r-patched-solaris-sparc 0.3-2 592.40 NOTE
r-patched-solaris-x86 0.3-2 138.50 NOTE
r-release-linux-ix86 0.3-2 3.85 51.11 54.96 NOTE
r-release-linux-x86_64 0.3-2 3.25 44.35 47.60 NOTE
r-release-osx-x86_64-mavericks 0.3-2 OK
r-release-osx-x86_64-snowleopard 0.3-2 OK
r-release-windows-ix86+x86_64 0.3-2 9.00 66.00 75.00 NOTE
r-oldrel-windows-ix86+x86_64 0.3-2 9.00 60.00 69.00 NOTE

Check Details

Version: 0.3-2
Check: R code for possible problems
Result: NOTE
    cv.alpha.relaxnet: no visible global function definition for
     ‘mc.reset.stream’
    cv.alpha.relaxnet: no visible global function definition for ‘mclapply’
    cv.relaxnet: no visible global function definition for
     ‘mc.reset.stream’
    cv.relaxnet: no visible global function definition for ‘mclapply’
Flavors: r-devel-linux-x86_64-debian-clang, r-devel-linux-x86_64-debian-gcc, r-devel-linux-x86_64-fedora-clang, r-devel-linux-x86_64-fedora-gcc, r-devel-osx-x86_64-clang, r-devel-windows-ix86+x86_64, r-patched-linux-x86_64, r-patched-solaris-sparc, r-patched-solaris-x86, r-release-linux-ix86, r-release-linux-x86_64, r-release-windows-ix86+x86_64

Version: 0.3-2
Check: R code for possible problems
Result: NOTE
    cv.alpha.relaxnet: no visible global function definition for
     'mc.reset.stream'
    cv.relaxnet: no visible global function definition for
     'mc.reset.stream'
Flavor: r-oldrel-windows-ix86+x86_64