CRAN Package Check Results for Package relaxnet

Last updated on 2014-07-24 11:53:29.

Flavor Version Tinstall Tcheck Ttotal Status Flags
r-devel-linux-x86_64-debian-clang 0.3-2 3.24 42.33 45.58 OK
r-devel-linux-x86_64-debian-gcc 0.3-2 3.24 40.79 44.03 OK
r-devel-linux-x86_64-fedora-clang 0.3-2 105.68 OK
r-devel-linux-x86_64-fedora-gcc 0.3-2 103.35 OK
r-devel-osx-x86_64-clang 0.3-2 84.45 OK
r-devel-windows-ix86+x86_64 0.3-2 8.00 58.00 66.00 NOTE
r-patched-linux-x86_64 0.3-2 3.20 41.75 44.94 OK
r-patched-solaris-sparc 0.3-2 582.60 OK
r-patched-solaris-x86 0.3-2 136.20 OK
r-release-linux-ix86 0.3-2 3.95 52.40 56.35 OK
r-release-linux-x86_64 0.3-2 3.32 42.91 46.24 OK
r-release-osx-x86_64-mavericks 0.3-2 OK
r-release-osx-x86_64-snowleopard 0.3-2 OK
r-release-windows-ix86+x86_64 0.3-2 7.00 63.00 70.00 NOTE
r-oldrel-windows-ix86+x86_64 0.3-2 8.00 59.00 67.00 NOTE

Check Details

Version: 0.3-2
Check: R code for possible problems
Result: NOTE
    cv.alpha.relaxnet: no visible global function definition for
     'mc.reset.stream'
    cv.relaxnet: no visible global function definition for
     'mc.reset.stream'
Flavors: r-devel-windows-ix86+x86_64, r-release-windows-ix86+x86_64, r-oldrel-windows-ix86+x86_64