CRAN Package Check Results for Package relaxnet

Last updated on 2015-02-27 05:48:12.

Flavor Version Tinstall Tcheck Ttotal Status Flags
r-devel-linux-x86_64-debian-clang 0.3-2 2.77 35.83 38.60 NOTE
r-devel-linux-x86_64-debian-gcc 0.3-2 2.49 34.99 37.48 NOTE
r-devel-linux-x86_64-fedora-clang 0.3-2 78.76 NOTE
r-devel-linux-x86_64-fedora-gcc 0.3-2 74.74 NOTE
r-devel-osx-x86_64-clang 0.3-2 68.29 NOTE
r-devel-windows-ix86+x86_64 0.3-2 9.00 51.00 60.00 NOTE
r-patched-linux-x86_64 0.3-2 3.48 43.57 47.06 NOTE
r-patched-solaris-sparc 0.3-2 624.80 NOTE
r-patched-solaris-x86 0.3-2 139.40 NOTE
r-release-linux-ix86 0.3-2 3.73 52.21 55.94 NOTE
r-release-linux-x86_64 0.3-2 3.30 0.25 3.55 OK
r-release-osx-x86_64-mavericks 0.3-2 NOTE
r-release-osx-x86_64-snowleopard 0.3-2 OK
r-release-windows-ix86+x86_64 0.3-2 9.00 85.00 94.00 NOTE
r-oldrel-windows-ix86+x86_64 0.3-2 7.00 67.00 74.00 NOTE

Check Details

Version: 0.3-2
Check: dependencies in R code
Result: NOTE
    'library' or 'require' call to ‘parallel’ in package code.
     Please use :: or requireNamespace() instead.
     See section 'Suggested packages' in the 'Writing R Extensions' manual.
Flavors: r-devel-linux-x86_64-debian-clang, r-devel-linux-x86_64-debian-gcc, r-devel-linux-x86_64-fedora-clang, r-devel-linux-x86_64-fedora-gcc, r-devel-osx-x86_64-clang, r-devel-windows-ix86+x86_64, r-patched-linux-x86_64, r-patched-solaris-sparc, r-patched-solaris-x86

Version: 0.3-2
Check: R code for possible problems
Result: NOTE
    cv.alpha.relaxnet: no visible global function definition for
     ‘mc.reset.stream’
    cv.alpha.relaxnet: no visible global function definition for ‘mclapply’
    cv.relaxnet: no visible global function definition for
     ‘mc.reset.stream’
    cv.relaxnet: no visible global function definition for ‘mclapply’
Flavors: r-devel-linux-x86_64-debian-clang, r-devel-linux-x86_64-debian-gcc, r-devel-linux-x86_64-fedora-clang, r-devel-linux-x86_64-fedora-gcc, r-devel-osx-x86_64-clang, r-devel-windows-ix86+x86_64, r-patched-linux-x86_64, r-patched-solaris-sparc, r-patched-solaris-x86, r-release-linux-ix86, r-release-osx-x86_64-mavericks, r-release-windows-ix86+x86_64

Version: 0.3-2
Check: R code for possible problems
Result: NOTE
    cv.alpha.relaxnet: no visible global function definition for
     'mc.reset.stream'
    cv.relaxnet: no visible global function definition for
     'mc.reset.stream'
Flavor: r-oldrel-windows-ix86+x86_64