CRAN Package Check Results for Package relaxnet

Last updated on 2014-08-30 17:47:14.

Flavor Version Tinstall Tcheck Ttotal Status Flags
r-devel-linux-x86_64-debian-clang 0.3-2 3.15 41.50 44.65 NOTE
r-devel-linux-x86_64-debian-gcc 0.3-2 4.04 39.66 43.70 NOTE
r-devel-linux-x86_64-fedora-clang 0.3-2 105.25 NOTE
r-devel-linux-x86_64-fedora-gcc 0.3-2 103.64 NOTE
r-devel-osx-x86_64-clang 0.3-2 81.23 NOTE
r-devel-windows-ix86+x86_64 0.3-2 12.00 64.00 76.00 NOTE
r-patched-linux-x86_64 0.3-2 3.26 42.66 45.92 OK
r-patched-solaris-sparc 0.3-2 602.00 OK
r-patched-solaris-x86 0.3-2 132.80 OK
r-release-linux-ix86 0.3-2 3.94 52.50 56.44 OK
r-release-linux-x86_64 0.3-2 3.26 42.85 46.11 OK
r-release-osx-x86_64-mavericks 0.3-2 OK
r-release-osx-x86_64-snowleopard 0.3-2 OK
r-release-windows-ix86+x86_64 0.3-2 7.00 92.00 99.00 NOTE
r-oldrel-windows-ix86+x86_64 0.3-2 6.00 59.00 65.00 NOTE

Check Details

Version: 0.3-2
Check: R code for possible problems
Result: NOTE
    cv.alpha.relaxnet: no visible global function definition for
     ‘mc.reset.stream’
    cv.alpha.relaxnet: no visible global function definition for ‘mclapply’
    cv.relaxnet: no visible global function definition for
     ‘mc.reset.stream’
    cv.relaxnet: no visible global function definition for ‘mclapply’
Flavors: r-devel-linux-x86_64-debian-clang, r-devel-linux-x86_64-debian-gcc, r-devel-linux-x86_64-fedora-clang, r-devel-linux-x86_64-fedora-gcc, r-devel-osx-x86_64-clang, r-devel-windows-ix86+x86_64

Version: 0.3-2
Check: R code for possible problems
Result: NOTE
    cv.alpha.relaxnet: no visible global function definition for
     'mc.reset.stream'
    cv.relaxnet: no visible global function definition for
     'mc.reset.stream'
Flavors: r-release-windows-ix86+x86_64, r-oldrel-windows-ix86+x86_64