CRAN Package Check Results for Package relaxnet

Last updated on 2015-05-23 03:48:52.

Flavor Version Tinstall Tcheck Ttotal Status Flags
r-devel-linux-x86_64-debian-clang 0.3-2 2.66 36.53 39.19 NOTE
r-devel-linux-x86_64-debian-gcc 0.3-2 2.67 35.23 37.90 NOTE
r-devel-linux-x86_64-fedora-clang 0.3-2 79.59 NOTE
r-devel-linux-x86_64-fedora-gcc 0.3-2 76.90 NOTE
r-devel-osx-x86_64-clang 0.3-2 67.43 NOTE
r-devel-windows-ix86+x86_64 0.3-2 7.00 52.00 59.00 NOTE
r-patched-linux-x86_64 0.3-2 2.53 36.19 38.72 NOTE
r-patched-solaris-sparc 0.3-2 497.00 NOTE
r-patched-solaris-x86 0.3-2 107.80 NOTE
r-release-linux-x86_64 0.3-2 2.80 37.35 40.15 NOTE
r-release-osx-x86_64-mavericks 0.3-2 NOTE
r-release-osx-x86_64-snowleopard 0.3-2 NOTE
r-release-windows-ix86+x86_64 0.3-2 6.00 52.00 58.00 NOTE
r-oldrel-windows-ix86+x86_64 0.3-2 9.00 62.00 71.00 NOTE

Check Details

Version: 0.3-2
Check: dependencies in R code
Result: NOTE
    'library' or 'require' call to ‘parallel’ in package code.
     Please use :: or requireNamespace() instead.
     See section 'Suggested packages' in the 'Writing R Extensions' manual.
Flavors: r-devel-linux-x86_64-debian-clang, r-devel-linux-x86_64-debian-gcc, r-devel-linux-x86_64-fedora-clang, r-devel-linux-x86_64-fedora-gcc, r-devel-osx-x86_64-clang, r-devel-windows-ix86+x86_64, r-patched-linux-x86_64, r-patched-solaris-sparc, r-patched-solaris-x86, r-release-linux-x86_64, r-release-osx-x86_64-mavericks, r-release-osx-x86_64-snowleopard, r-release-windows-ix86+x86_64, r-oldrel-windows-ix86+x86_64

Version: 0.3-2
Check: R code for possible problems
Result: NOTE
    cv.alpha.relaxnet: no visible global function definition for
     ‘mc.reset.stream’
    cv.alpha.relaxnet: no visible global function definition for ‘mclapply’
    cv.relaxnet: no visible global function definition for
     ‘mc.reset.stream’
    cv.relaxnet: no visible global function definition for ‘mclapply’
Flavors: r-devel-linux-x86_64-debian-clang, r-devel-linux-x86_64-debian-gcc, r-devel-linux-x86_64-fedora-clang, r-devel-linux-x86_64-fedora-gcc, r-devel-osx-x86_64-clang, r-devel-windows-ix86+x86_64, r-patched-linux-x86_64, r-patched-solaris-sparc, r-patched-solaris-x86, r-release-linux-x86_64, r-release-osx-x86_64-mavericks, r-release-osx-x86_64-snowleopard, r-release-windows-ix86+x86_64, r-oldrel-windows-ix86+x86_64