CRAN Package Check Results for Package reldist

Last updated on 2015-03-26 23:47:52.

Flavor Version Tinstall Tcheck Ttotal Status Flags
r-devel-linux-x86_64-debian-clang 1.6-4 2.72 37.14 39.86 NOTE
r-devel-linux-x86_64-debian-gcc 1.6-4 2.68 35.99 38.67 NOTE
r-devel-linux-x86_64-fedora-clang 1.6-4 85.37 NOTE
r-devel-linux-x86_64-fedora-gcc 1.6-4 80.96 NOTE
r-devel-osx-x86_64-clang 1.6-4 80.01 NOTE
r-prerel-windows-ix86+x86_64 1.6-4 7.00 54.00 61.00 NOTE
r-prerel-linux-x86_64 1.6-4 2.60 37.32 39.91 NOTE
r-prerel-solaris-sparc 1.6-4 485.00 NOTE
r-prerel-solaris-x86 1.6-4 111.60 NOTE
r-release-linux-x86_64 1.6-4 3.47 45.46 48.94 OK
r-release-osx-x86_64-mavericks 1.6-4 OK
r-release-osx-x86_64-snowleopard 1.6-4 OK
r-release-windows-ix86+x86_64 1.6-4 9.00 70.00 79.00 OK
r-oldrel-windows-ix86+x86_64 1.6-4 9.00 65.00 74.00 OK

Check Details

Version: 1.6-4
Check: DESCRIPTION meta-information
Result: NOTE
    Malformed Description field: should contain one or more complete sentences.
Flavors: r-devel-linux-x86_64-debian-clang, r-devel-linux-x86_64-debian-gcc, r-devel-linux-x86_64-fedora-clang, r-devel-linux-x86_64-fedora-gcc, r-devel-osx-x86_64-clang, r-prerel-windows-ix86+x86_64, r-prerel-linux-x86_64, r-prerel-solaris-sparc, r-prerel-solaris-x86