CRAN Package Check Results for Package reldist

Last updated on 2015-08-30 12:47:26.

Flavor Version Tinstall Tcheck Ttotal Status Flags
r-devel-linux-x86_64-debian-clang 1.6-4 2.49 35.61 38.10 NOTE
r-devel-linux-x86_64-debian-gcc 1.6-4 2.64 35.20 37.84 NOTE
r-devel-linux-x86_64-fedora-clang 1.6-4 80.15 NOTE
r-devel-linux-x86_64-fedora-gcc 1.6-4 77.71 NOTE
r-devel-osx-x86_64-clang 1.6-4 61.40 NOTE
r-devel-windows-ix86+x86_64 1.6-4 11.00 65.00 76.00 NOTE
r-patched-linux-x86_64 1.6-4 2.63 37.22 39.86 NOTE
r-patched-solaris-sparc 1.6-4 504.40 NOTE
r-patched-solaris-x86 1.6-4 114.60 NOTE
r-release-linux-x86_64 1.6-4 2.79 38.75 41.54 NOTE
r-release-osx-x86_64-mavericks 1.6-4 NOTE
r-release-windows-ix86+x86_64 1.6-4 11.00 89.00 100.00 NOTE
r-oldrel-windows-ix86+x86_64 1.6-4 14.00 101.00 115.00 OK

Check Details

Version: 1.6-4
Check: DESCRIPTION meta-information
Result: NOTE
    Malformed Description field: should contain one or more complete sentences.
Flavors: r-devel-linux-x86_64-debian-clang, r-devel-linux-x86_64-debian-gcc, r-devel-linux-x86_64-fedora-clang, r-devel-linux-x86_64-fedora-gcc, r-devel-osx-x86_64-clang, r-devel-windows-ix86+x86_64, r-patched-linux-x86_64, r-patched-solaris-sparc, r-patched-solaris-x86, r-release-linux-x86_64, r-release-osx-x86_64-mavericks, r-release-windows-ix86+x86_64

Version: 1.6-4
Check: R code for possible problems
Result: NOTE
    bgk_kde: no visible global function definition for ‘hist’
    bgk_kde : dct1d: no visible global function definition for ‘fft’
    bgk_kde: no visible global function definition for ‘uniroot’
    bgk_kde : idct1d: no visible global function definition for ‘fft’
    entropy: no visible global function definition for ‘approx’
    rcdist: no visible global function definition for ‘hist’
    rcdist: no visible global function definition for ‘predict’
    rcdist: no visible global function definition for ‘spline’
    rcdist: no visible global function definition for ‘loess’
    rcdist: no visible global function definition for ‘barplot’
    rcdist: no visible global function definition for ‘lines’
    rcdist: no visible global function definition for ‘plot’
    rcdist: no visible global function definition for ‘abline’
    rcdist: no visible global function definition for ‘axis’
    rcdist: no visible global function definition for ‘points’
    rcdist: no visible global function definition for ‘var’
    rddata: no visible global function definition for ‘median’
    rddata: no visible global function definition for ‘var’
    rddata: no visible global function definition for ‘hist’
    rddist: no visible global function definition for ‘approx’
    rddist: no visible global function definition for ‘plot’
    rddist: no visible global function definition for ‘lines’
    rddist: no visible global function definition for ‘axis’
    rddist: no visible global function definition for ‘segments’
    rddist: no visible global function definition for ‘abline’
    rdeciles: no visible global function definition for ‘approx’
    rdeciles: no visible global function definition for ‘hist’
    rdsamp: no visible global function definition for ‘hist’
    resplot: no visible global function definition for ‘var’
    resplot: no visible global function definition for ‘pnorm’
    rmdata: no visible global function definition for ‘median’
    rmdata: no visible global function definition for ‘var’
    rpluy: no visible global function definition for ‘pnorm’
    rpy: no visible global function definition for ‘pnorm’
    Undefined global functions or variables:
     abline approx axis barplot fft hist lines loess median plot pnorm
     points predict segments spline uniroot var
    Consider adding
     importFrom("graphics", "abline", "axis", "barplot", "hist", "lines",
     "plot", "points", "segments")
     importFrom("stats", "approx", "fft", "loess", "median", "pnorm",
     "predict", "spline", "uniroot", "var")
    to your NAMESPACE.
Flavors: r-devel-linux-x86_64-debian-clang, r-devel-linux-x86_64-debian-gcc, r-devel-linux-x86_64-fedora-clang, r-devel-linux-x86_64-fedora-gcc, r-devel-windows-ix86+x86_64