CRAN Package Check Results for Package reldist

Last updated on 2015-01-25 23:52:20.

Flavor Version Tinstall Tcheck Ttotal Status Flags
r-devel-linux-x86_64-debian-clang 1.6-3 3.33 41.95 45.28 NOTE
r-devel-linux-x86_64-debian-gcc 1.6-3 3.14 42.94 46.08 NOTE
r-devel-linux-x86_64-fedora-clang 1.6-3 119.32 NOTE
r-devel-linux-x86_64-fedora-gcc 1.6-3 106.52 NOTE
r-devel-osx-x86_64-clang 1.6-3 92.60 NOTE
r-devel-windows-ix86+x86_64 1.6-3 11.00 76.00 87.00 NOTE
r-patched-linux-x86_64 1.6-3 3.35 46.54 49.90 OK
r-patched-solaris-sparc 1.6-3 593.90 OK
r-patched-solaris-x86 1.6-3 147.70 OK
r-release-linux-ix86 1.6-3 4.14 54.46 58.60 OK
r-release-linux-x86_64 1.6-3 4.46 45.55 50.01 OK
r-release-osx-x86_64-mavericks 1.6-3 OK
r-release-osx-x86_64-snowleopard 1.6-3 OK
r-release-windows-ix86+x86_64 1.6-3 9.00 67.00 76.00 OK
r-oldrel-windows-ix86+x86_64 1.6-3 10.00 89.00 99.00 OK

Check Details

Version: 1.6-3
Check: dependencies in R code
Result: NOTE
    'library' or 'require' call to ‘locfit’ in package code.
     Please use :: or requireNamespace() instead.
     See section 'Suggested packages' in the 'Writing R Extensions' manual.
Flavors: r-devel-linux-x86_64-debian-clang, r-devel-linux-x86_64-debian-gcc, r-devel-linux-x86_64-fedora-clang, r-devel-linux-x86_64-fedora-gcc, r-devel-osx-x86_64-clang, r-devel-windows-ix86+x86_64