CRAN Package Check Results for Package reldist

Last updated on 2015-04-26 03:47:37.

Flavor Version Tinstall Tcheck Ttotal Status Flags
r-devel-linux-x86_64-debian-clang 1.6-4 2.91 37.68 40.59 NOTE
r-devel-linux-x86_64-debian-gcc 1.6-4 2.70 36.57 39.27 NOTE
r-devel-linux-x86_64-fedora-clang 1.6-4 83.08 NOTE
r-devel-linux-x86_64-fedora-gcc 1.6-4 78.09 NOTE
r-devel-osx-x86_64-clang 1.6-4 70.88 NOTE
r-devel-windows-ix86+x86_64 1.6-4 9.00 56.00 65.00 NOTE
r-patched-linux-x86_64 1.6-4 2.72 37.68 40.40 NOTE
r-patched-solaris-sparc 1.6-4 485.00 NOTE
r-patched-solaris-x86 1.6-4 113.10 NOTE
r-release-linux-x86_64 1.6-4 2.56 37.42 39.98 NOTE
r-release-osx-x86_64-mavericks 1.6-4 NOTE
r-release-osx-x86_64-snowleopard 1.6-4 NOTE
r-release-windows-ix86+x86_64 1.6-4 7.00 56.00 63.00 NOTE
r-oldrel-windows-ix86+x86_64 1.6-4 8.00 65.00 73.00 OK

Check Details

Version: 1.6-4
Check: DESCRIPTION meta-information
Result: NOTE
    Malformed Description field: should contain one or more complete sentences.
Flavors: r-devel-windows-ix86+x86_64, r-release-windows-ix86+x86_64