CRAN Package Check Results for Package reldist

Last updated on 2015-05-25 02:47:34.

Flavor Version Tinstall Tcheck Ttotal Status Flags
r-devel-linux-x86_64-debian-clang 1.6-4 2.57 38.35 40.92 NOTE
r-devel-linux-x86_64-debian-gcc 1.6-4 2.62 37.92 40.54 NOTE
r-devel-linux-x86_64-fedora-clang 1.6-4 82.88 NOTE
r-devel-linux-x86_64-fedora-gcc 1.6-4 80.06 NOTE
r-devel-osx-x86_64-clang 1.6-4 71.34 NOTE
r-devel-windows-ix86+x86_64 1.6-4 6.00 55.00 61.00 NOTE
r-patched-linux-x86_64 1.6-4 2.55 37.40 39.95 NOTE
r-patched-solaris-sparc 1.6-4 494.60 NOTE
r-patched-solaris-x86 1.6-4 112.80 NOTE
r-release-linux-x86_64 1.6-4 2.58 38.90 41.47 NOTE
r-release-osx-x86_64-mavericks 1.6-4 NOTE
r-release-osx-x86_64-snowleopard 1.6-4 NOTE
r-release-windows-ix86+x86_64 1.6-4 7.00 58.00 65.00 NOTE
r-oldrel-windows-ix86+x86_64 1.6-4 10.00 93.00 103.00 OK

Check Details

Version: 1.6-4
Check: DESCRIPTION meta-information
Result: NOTE
    Malformed Description field: should contain one or more complete sentences.
Flavors: r-devel-linux-x86_64-debian-clang, r-devel-linux-x86_64-debian-gcc, r-devel-linux-x86_64-fedora-clang, r-devel-linux-x86_64-fedora-gcc, r-devel-osx-x86_64-clang, r-devel-windows-ix86+x86_64, r-patched-linux-x86_64, r-patched-solaris-sparc, r-patched-solaris-x86, r-release-linux-x86_64, r-release-osx-x86_64-mavericks, r-release-osx-x86_64-snowleopard, r-release-windows-ix86+x86_64