CRAN Package Check Results for Package reldist

Last updated on 2015-07-01 13:47:30.

Flavor Version Tinstall Tcheck Ttotal Status Flags
r-devel-linux-x86_64-debian-clang 1.6-4 2.80 37.38 40.18 NOTE
r-devel-linux-x86_64-debian-gcc 1.6-4 2.54 37.02 39.56 NOTE
r-devel-linux-x86_64-fedora-clang 1.6-4 82.00 NOTE
r-devel-linux-x86_64-fedora-gcc 1.6-4 76.53 NOTE
r-devel-osx-x86_64-clang 1.6-4 62.08 NOTE
r-devel-windows-ix86+x86_64 1.6-4 11.00 60.00 71.00 NOTE
r-patched-linux-x86_64 1.6-4 2.59 37.94 40.53 NOTE
r-patched-solaris-sparc 1.6-4 494.60 NOTE
r-patched-solaris-x86 1.6-4 113.90 NOTE
r-release-linux-x86_64 1.6-4 2.56 37.84 40.40 NOTE
r-release-osx-x86_64-mavericks 1.6-4 NOTE
r-release-windows-ix86+x86_64 1.6-4 6.00 63.00 69.00 NOTE
r-oldrel-windows-ix86+x86_64 1.6-4 9.00 69.00 78.00 OK

Check Details

Version: 1.6-4
Check: DESCRIPTION meta-information
Result: NOTE
    Malformed Description field: should contain one or more complete sentences.
Flavors: r-devel-linux-x86_64-debian-clang, r-devel-linux-x86_64-debian-gcc, r-devel-linux-x86_64-fedora-clang, r-devel-linux-x86_64-fedora-gcc, r-devel-osx-x86_64-clang, r-devel-windows-ix86+x86_64, r-patched-linux-x86_64, r-patched-solaris-sparc, r-patched-solaris-x86, r-release-linux-x86_64, r-release-osx-x86_64-mavericks, r-release-windows-ix86+x86_64

Version: 1.6-4
Check: R code for possible problems
Result: NOTE
    bgk_kde: no visible global function definition for ‘hist’
    bgk_kde : dct1d: no visible global function definition for ‘fft’
    bgk_kde: no visible global function definition for ‘uniroot’
    bgk_kde : idct1d: no visible global function definition for ‘fft’
    entropy: no visible global function definition for ‘approx’
    rcdist: no visible global function definition for ‘hist’
    rcdist: no visible global function definition for ‘predict’
    rcdist: no visible global function definition for ‘spline’
    rcdist: no visible global function definition for ‘loess’
    rcdist: no visible global function definition for ‘barplot’
    rcdist: no visible global function definition for ‘lines’
    rcdist: no visible global function definition for ‘plot’
    rcdist: no visible global function definition for ‘abline’
    rcdist: no visible global function definition for ‘axis’
    rcdist: no visible global function definition for ‘points’
    rcdist: no visible global function definition for ‘var’
    rddata: no visible global function definition for ‘median’
    rddata: no visible global function definition for ‘var’
    rddata: no visible global function definition for ‘hist’
    rddist: no visible global function definition for ‘approx’
    rddist: no visible global function definition for ‘plot’
    rddist: no visible global function definition for ‘lines’
    rddist: no visible global function definition for ‘axis’
    rddist: no visible global function definition for ‘segments’
    rddist: no visible global function definition for ‘abline’
    rdeciles: no visible global function definition for ‘approx’
    rdeciles: no visible global function definition for ‘hist’
    rdsamp: no visible global function definition for ‘hist’
    resplot: no visible global function definition for ‘var’
    resplot: no visible global function definition for ‘pnorm’
    rmdata: no visible global function definition for ‘median’
    rmdata: no visible global function definition for ‘var’
    rpluy: no visible global function definition for ‘pnorm’
    rpy: no visible global function definition for ‘pnorm’
Flavors: r-devel-linux-x86_64-debian-clang, r-devel-linux-x86_64-debian-gcc, r-devel-linux-x86_64-fedora-clang, r-devel-linux-x86_64-fedora-gcc, r-devel-windows-ix86+x86_64