CRAN Package Check Results for Package relevent

Last updated on 2015-07-04 11:49:59.

Flavor Version Tinstall Tcheck Ttotal Status Flags
r-devel-linux-x86_64-debian-clang 1.0-4 1.92 13.41 15.33 NOTE
r-devel-linux-x86_64-debian-gcc 1.0-4 2.37 13.85 16.22 NOTE
r-devel-linux-x86_64-fedora-clang 1.0-4 28.42 NOTE
r-devel-linux-x86_64-fedora-gcc 1.0-4 27.82 NOTE
r-devel-osx-x86_64-clang 1.0-4 26.41 OK
r-devel-windows-ix86+x86_64 1.0-4 16.00 51.00 67.00 NOTE
r-patched-linux-x86_64 1.0-4 2.36 13.47 15.83 OK
r-patched-solaris-sparc 1.0-4 195.70 OK
r-patched-solaris-x86 1.0-4 43.60 OK
r-release-linux-x86_64 1.0-4 2.53 14.31 16.84 OK
r-release-osx-x86_64-mavericks 1.0-4 OK
r-release-windows-ix86+x86_64 1.0-4 13.00 46.00 59.00 OK
r-oldrel-windows-ix86+x86_64 1.0-4 11.00 34.00 45.00 OK

Check Details

Version: 1.0-4
Check: R code for possible problems
Result: NOTE
    print.summary.rem: no visible global function definition for
     ‘printCoefmat’
    print.summary.rem: no visible global function definition for ‘pnorm’
    print.summary.rem: no visible binding for global variable ‘quantile’
    print.summary.rem: no visible global function definition for ‘pchisq’
    print.summary.rem.dyad: no visible global function definition for
     ‘printCoefmat’
    print.summary.rem.dyad: no visible global function definition for
     ‘pnorm’
    print.summary.rem.dyad: no visible global function definition for
     ‘pchisq’
    rem: no visible global function definition for ‘rnorm’
    rem: no visible global function definition for ‘dnorm’
    rem: no visible global function definition for ‘runif’
    rem: no visible global function definition for ‘rchisq’
    rem: no visible global function definition for ‘cov’
    rem.dyad: no visible global function definition for ‘rnorm’
    rem.dyad: no visible global function definition for ‘optim’
    rem.dyad: no visible global function definition for ‘rchisq’
    rem.dyad: no visible global function definition for ‘quantile’
    rem.dyad: no visible global function definition for ‘sd’
    rem.dyad: no visible global function definition for ‘var’
    rem.dyad.lprior: no visible global function definition for ‘dnorm’
    rem.dyad.lprior: no visible global function definition for ‘dt’
    Undefined global functions or variables:
     cov dnorm dt optim pchisq pnorm printCoefmat quantile rchisq rnorm
     runif sd var
Flavors: r-devel-linux-x86_64-debian-clang, r-devel-linux-x86_64-debian-gcc, r-devel-linux-x86_64-fedora-clang, r-devel-linux-x86_64-fedora-gcc, r-devel-windows-ix86+x86_64