CRAN Package Check Results for Package relevent

Last updated on 2014-04-16 18:47:54.

Flavor Version Tinstall Tcheck Ttotal Status Flags
r-devel-linux-x86_64-debian-clang 1.0-3 1.65 14.25 15.90 NOTE
r-devel-linux-x86_64-debian-gcc 1.0-3 2.26 14.12 16.38 NOTE
r-devel-linux-x86_64-fedora-clang 1.0-3 30.98 NOTE
r-devel-linux-x86_64-fedora-gcc 1.0-3 30.23 NOTE
r-devel-macosx-x86_64-clang 1.0-3 32.00 NOTE
r-devel-macosx-x86_64-gcc 1.0-3 NOTE
r-devel-windows-ix86+x86_64 1.0-3 10.00 27.00 37.00 NOTE
r-patched-linux-x86_64 1.0-3 2.30 14.07 16.36 NOTE
r-patched-solaris-sparc 1.0-3 175.60 NOTE
r-patched-solaris-x86 1.0-3 43.80 NOTE
r-release-linux-ix86 1.0-3 5.00 29.00 34.00 NOTE
r-release-linux-x86_64 1.0-3 2.26 14.51 16.77 NOTE
r-release-macosx-x86_64 1.0-3 NOTE
r-release-windows-ix86+x86_64 1.0-3 11.00 27.00 38.00 NOTE
r-oldrel-windows-ix86+x86_64 1.0-3 9.00 28.00 37.00 NOTE

Check Details

Version: 1.0-3
Check: dependencies in R code
Result: NOTE
    'library' or 'require' calls to packages already attached by Depends:
     ‘sna’ ‘trust’
     Please remove these calls from your code.
    Packages in Depends field not imported from:
     ‘sna’ ‘trust’
     These packages need to be imported from (in the NAMESPACE file)
     for when this namespace is loaded but not attached.
    See the information on DESCRIPTION files in the chapter ‘Creating R
    packages’ of the ‘Writing R Extensions’ manual.
Flavors: r-devel-linux-x86_64-debian-clang, r-devel-linux-x86_64-debian-gcc, r-devel-linux-x86_64-fedora-clang, r-devel-linux-x86_64-fedora-gcc, r-devel-macosx-x86_64-clang, r-devel-macosx-x86_64-gcc, r-devel-windows-ix86+x86_64, r-patched-linux-x86_64, r-patched-solaris-sparc, r-patched-solaris-x86, r-release-linux-ix86, r-release-linux-x86_64, r-release-windows-ix86+x86_64, r-oldrel-windows-ix86+x86_64

Version: 1.0-3
Check: dependencies in R code
Result: NOTE
    'library' or 'require' calls to packages already attached by Depends:
     'sna' 'trust'
     Please remove these calls from your code.
    Packages in Depends field not imported from:
     'sna' 'trust'
     These packages need to be imported from for the case when
     this namespace is loaded but not attached.
    See the information on DESCRIPTION files in the chapter 'Creating R
    packages' of the 'Writing R Extensions' manual.
Flavor: r-release-macosx-x86_64