CRAN Package Check Results for Package relevent

Last updated on 2014-08-20 11:48:51.

Flavor Version Tinstall Tcheck Ttotal Status Flags
r-devel-linux-x86_64-debian-clang 1.0-3 1.60 13.29 14.88 NOTE
r-devel-linux-x86_64-debian-gcc 1.0-3 2.22 12.94 15.16 NOTE
r-devel-linux-x86_64-fedora-clang 1.0-3 29.25 NOTE
r-devel-linux-x86_64-fedora-gcc 1.0-3 29.95 NOTE
r-devel-osx-x86_64-clang 1.0-3 29.92 NOTE
r-devel-windows-ix86+x86_64 1.0-3 9.00 26.00 35.00 NOTE
r-patched-linux-x86_64 1.0-3 2.32 13.16 15.48 NOTE
r-patched-solaris-sparc 1.0-3 174.90 NOTE
r-patched-solaris-x86 1.0-3 43.60 NOTE
r-release-linux-ix86 1.0-3 3.54 20.06 23.60 NOTE
r-release-linux-x86_64 1.0-3 2.35 13.54 15.89 NOTE
r-release-osx-x86_64-mavericks 1.0-3 NOTE
r-release-osx-x86_64-snowleopard 1.0-3 NOTE
r-release-windows-ix86+x86_64 1.0-3 10.00 31.00 41.00 NOTE
r-oldrel-windows-ix86+x86_64 1.0-3 11.00 30.00 41.00 NOTE

Check Details

Version: 1.0-3
Check: dependencies in R code
Result: NOTE
    'library' or 'require' calls to packages already attached by Depends:
     ‘sna’ ‘trust’
     Please remove these calls from your code.
    Packages in Depends field not imported from:
     ‘sna’ ‘trust’
     These packages need to be imported from (in the NAMESPACE file)
     for when this namespace is loaded but not attached.
    See the information on DESCRIPTION files in the chapter ‘Creating R
    packages’ of the ‘Writing R Extensions’ manual.
Flavors: r-devel-linux-x86_64-debian-clang, r-devel-linux-x86_64-debian-gcc, r-devel-linux-x86_64-fedora-clang, r-devel-linux-x86_64-fedora-gcc, r-devel-osx-x86_64-clang, r-devel-windows-ix86+x86_64, r-patched-linux-x86_64, r-patched-solaris-sparc, r-patched-solaris-x86, r-release-linux-ix86, r-release-linux-x86_64, r-release-osx-x86_64-mavericks, r-release-windows-ix86+x86_64, r-oldrel-windows-ix86+x86_64

Version: 1.0-3
Check: R code for possible problems
Result: NOTE
    rem : intNullDev: no visible global function definition for ‘trust’
    rem: no visible global function definition for ‘as.mcmc’
    rem: no visible global function definition for ‘geweke.diag’
    rem: no visible global function definition for ‘gelman.diag’
    rem: no visible global function definition for ‘as.mcmc.list’
    rem: no visible global function definition for ‘trust’
    rem: no visible global function definition for ‘logSum’
    rem.dyad: no visible global function definition for ‘rgnm’
    rem.dyad: no visible global function definition for ‘logSum’
Flavors: r-devel-linux-x86_64-fedora-clang, r-devel-linux-x86_64-fedora-gcc, r-devel-osx-x86_64-clang

Version: 1.0-3
Check: dependencies in R code
Result: NOTE
    'library' or 'require' calls to packages already attached by Depends:
     'sna' 'trust'
     Please remove these calls from your code.
    Packages in Depends field not imported from:
     'sna' 'trust'
     These packages need to be imported from for the case when
     this namespace is loaded but not attached.
    See the information on DESCRIPTION files in the chapter 'Creating R
    packages' of the 'Writing R Extensions' manual.
Flavor: r-release-osx-x86_64-snowleopard