CRAN Package Check Results for Package relevent

Last updated on 2017-11-24 14:50:00 CET.

Flavor Version Tinstall Tcheck Ttotal Status Flags
r-devel-linux-x86_64-debian-clang 1.0-4 3.21 43.63 46.84 NOTE
r-devel-linux-x86_64-debian-gcc 1.0-4 3.48 46.53 50.01 NOTE
r-devel-linux-x86_64-fedora-clang 1.0-4 32.50 NOTE
r-devel-linux-x86_64-fedora-gcc 1.0-4 32.59 NOTE
r-devel-windows-ix86+x86_64 1.0-4 12.00 77.00 89.00 NOTE
r-patched-linux-x86_64 1.0-4 3.65 47.59 51.24 NOTE
r-patched-solaris-x86 1.0-4 51.20 NOTE
r-release-linux-x86_64 1.0-4 3.76 45.55 49.31 NOTE
r-release-windows-ix86+x86_64 1.0-4 13.00 65.00 78.00 NOTE
r-release-osx-x86_64 1.0-4 NOTE
r-oldrel-windows-ix86+x86_64 1.0-4 13.00 73.00 86.00 NOTE
r-oldrel-osx-x86_64 1.0-4 NOTE

Additional issues

rchk

Check Details

Version: 1.0-4
Check: R code for possible problems
Result: NOTE
    print.summary.rem: no visible global function definition for
     ‘printCoefmat’
    print.summary.rem: no visible global function definition for ‘pnorm’
    print.summary.rem: no visible binding for global variable ‘quantile’
    print.summary.rem: no visible global function definition for ‘pchisq’
    print.summary.rem.dyad: no visible global function definition for
     ‘printCoefmat’
    print.summary.rem.dyad: no visible global function definition for
     ‘pnorm’
    print.summary.rem.dyad: no visible global function definition for
     ‘pchisq’
    rem: no visible global function definition for ‘rnorm’
    rem: no visible global function definition for ‘dnorm’
    rem: no visible global function definition for ‘runif’
    rem: no visible global function definition for ‘rchisq’
    rem: no visible global function definition for ‘cov’
    rem.dyad: no visible global function definition for ‘rnorm’
    rem.dyad: no visible global function definition for ‘optim’
    rem.dyad: no visible global function definition for ‘rchisq’
    rem.dyad: no visible global function definition for ‘quantile’
    rem.dyad: no visible global function definition for ‘sd’
    rem.dyad: no visible global function definition for ‘var’
    rem.dyad.lprior: no visible global function definition for ‘dnorm’
    rem.dyad.lprior: no visible global function definition for ‘dt’
    Undefined global functions or variables:
     cov dnorm dt optim pchisq pnorm printCoefmat quantile rchisq rnorm
     runif sd var
    Consider adding
     importFrom("stats", "cov", "dnorm", "dt", "optim", "pchisq", "pnorm",
     "printCoefmat", "quantile", "rchisq", "rnorm", "runif",
     "sd", "var")
    to your NAMESPACE file.
Flavors: r-devel-linux-x86_64-debian-clang, r-devel-linux-x86_64-debian-gcc, r-devel-linux-x86_64-fedora-clang, r-devel-linux-x86_64-fedora-gcc, r-devel-windows-ix86+x86_64, r-patched-linux-x86_64, r-patched-solaris-x86, r-release-linux-x86_64, r-release-windows-ix86+x86_64, r-release-osx-x86_64, r-oldrel-windows-ix86+x86_64, r-oldrel-osx-x86_64

Version: 1.0-4
Check: compiled code
Result: NOTE
    File ‘relevent/libs/relevent.so’:
     Found no calls to: ‘R_registerRoutines’, ‘R_useDynamicSymbols’
    
    It is good practice to register native routines and to disable symbol
    search.
    
    See ‘Writing portable packages’ in the ‘Writing R Extensions’ manual.
Flavors: r-devel-linux-x86_64-debian-clang, r-devel-linux-x86_64-debian-gcc, r-devel-linux-x86_64-fedora-clang, r-devel-linux-x86_64-fedora-gcc, r-patched-linux-x86_64, r-release-linux-x86_64