CRAN Package Check Results for Package relevent

Last updated on 2015-01-31 13:48:32.

Flavor Version Tinstall Tcheck Ttotal Status Flags
r-devel-linux-x86_64-debian-clang 1.0-3 1.65 12.42 14.07 NOTE
r-devel-linux-x86_64-debian-gcc 1.0-3 2.26 12.00 14.26 NOTE
r-devel-linux-x86_64-fedora-clang 1.0-3 29.84 NOTE
r-devel-linux-x86_64-fedora-gcc 1.0-3 30.14 NOTE
r-devel-osx-x86_64-clang 1.0-3 34.53 NOTE
r-devel-windows-ix86+x86_64 1.0-3 13.00 24.00 37.00 NOTE
r-patched-linux-x86_64 1.0-3 2.32 14.98 17.30 NOTE
r-patched-solaris-sparc 1.0-3 178.00 NOTE
r-patched-solaris-x86 1.0-3 46.00 NOTE
r-release-linux-ix86 1.0-3 3.17 20.45 23.62 NOTE
r-release-linux-x86_64 1.0-3 2.75 13.97 16.72 NOTE
r-release-osx-x86_64-mavericks 1.0-3 NOTE
r-release-osx-x86_64-snowleopard 1.0-3 NOTE
r-release-windows-ix86+x86_64 1.0-3 9.00 31.00 40.00 NOTE
r-oldrel-windows-ix86+x86_64 1.0-3 10.00 48.00 58.00 NOTE

Check Details

Version: 1.0-3
Check: dependencies in R code
Result: NOTE
    'library' or 'require' calls to packages already attached by Depends:
     ‘sna’ ‘trust’
     Please remove these calls from your code.
    'library' or 'require' call to ‘coda’ in package code.
     Please use :: or requireNamespace() instead.
     See section 'Suggested packages' in the 'Writing R Extensions' manual.
    Packages in Depends field not imported from:
     ‘sna’ ‘trust’
     These packages need to be imported from (in the NAMESPACE file)
     for when this namespace is loaded but not attached.
Flavors: r-devel-linux-x86_64-debian-clang, r-devel-linux-x86_64-debian-gcc, r-devel-linux-x86_64-fedora-clang, r-devel-linux-x86_64-fedora-gcc, r-devel-osx-x86_64-clang, r-devel-windows-ix86+x86_64

Version: 1.0-3
Check: R code for possible problems
Result: NOTE
    rem : intNullDev: no visible global function definition for ‘trust’
    rem: no visible global function definition for ‘as.mcmc’
    rem: no visible global function definition for ‘geweke.diag’
    rem: no visible global function definition for ‘gelman.diag’
    rem: no visible global function definition for ‘as.mcmc.list’
    rem: no visible global function definition for ‘trust’
    rem: no visible global function definition for ‘logSum’
    rem.dyad: no visible global function definition for ‘rgnm’
    rem.dyad: no visible global function definition for ‘logSum’
Flavors: r-devel-linux-x86_64-debian-clang, r-devel-linux-x86_64-debian-gcc, r-devel-linux-x86_64-fedora-clang, r-devel-linux-x86_64-fedora-gcc, r-devel-osx-x86_64-clang, r-devel-windows-ix86+x86_64, r-patched-linux-x86_64, r-patched-solaris-sparc, r-patched-solaris-x86, r-release-linux-ix86, r-release-linux-x86_64, r-release-osx-x86_64-mavericks, r-release-windows-ix86+x86_64

Version: 1.0-3
Check: dependencies in R code
Result: NOTE
    'library' or 'require' calls to packages already attached by Depends:
     ‘sna’ ‘trust’
     Please remove these calls from your code.
    Packages in Depends field not imported from:
     ‘sna’ ‘trust’
     These packages need to be imported from (in the NAMESPACE file)
     for when this namespace is loaded but not attached.
    See the information on DESCRIPTION files in the chapter ‘Creating R
    packages’ of the ‘Writing R Extensions’ manual.
Flavors: r-patched-linux-x86_64, r-patched-solaris-sparc, r-patched-solaris-x86, r-release-linux-ix86, r-release-linux-x86_64, r-release-osx-x86_64-mavericks, r-release-windows-ix86+x86_64, r-oldrel-windows-ix86+x86_64

Version: 1.0-3
Check: dependencies in R code
Result: NOTE
    'library' or 'require' calls to packages already attached by Depends:
     'sna' 'trust'
     Please remove these calls from your code.
    Packages in Depends field not imported from:
     'sna' 'trust'
     These packages need to be imported from for the case when
     this namespace is loaded but not attached.
    See the information on DESCRIPTION files in the chapter 'Creating R
    packages' of the 'Writing R Extensions' manual.
Flavor: r-release-osx-x86_64-snowleopard