CRAN Package Check Results for Package relgam

Last updated on 2022-08-11 09:53:27 CEST.

Flavor Version Tinstall Tcheck Ttotal Status Flags
r-devel-linux-x86_64-debian-clang 1.0 2.90 61.89 64.79 NOTE
r-devel-linux-x86_64-debian-gcc 1.0 2.33 45.08 47.41 NOTE
r-devel-linux-x86_64-fedora-clang 1.0 85.61 NOTE
r-devel-linux-x86_64-fedora-gcc 1.0 85.17 NOTE
r-devel-windows-x86_64 1.0 16.00 93.00 109.00 NOTE
r-patched-linux-x86_64 1.0 3.28 56.98 60.26 NOTE
r-release-linux-x86_64 1.0 NOTE
r-release-macos-arm64 1.0 29.00 NOTE
r-release-macos-x86_64 1.0 37.00 NOTE
r-release-windows-x86_64 1.0 13.00 93.00 106.00 NOTE
r-oldrel-macos-arm64 1.0 30.00 NOTE
r-oldrel-macos-x86_64 1.0 47.00 NOTE
r-oldrel-windows-ix86+x86_64 1.0 8.00 82.00 90.00 NOTE

Check Details

Version: 1.0
Check: LazyData
Result: NOTE
     'LazyData' is specified without a 'data' directory
Flavors: r-devel-linux-x86_64-debian-clang, r-devel-linux-x86_64-debian-gcc, r-devel-linux-x86_64-fedora-clang, r-devel-linux-x86_64-fedora-gcc, r-devel-windows-x86_64, r-patched-linux-x86_64, r-release-linux-x86_64, r-release-macos-arm64, r-release-macos-x86_64, r-release-windows-x86_64, r-oldrel-macos-arm64, r-oldrel-macos-x86_64, r-oldrel-windows-ix86+x86_64