CRAN Package Check Results for Package reliaR

Last updated on 2015-04-21 02:48:43.

Flavor Version Tinstall Tcheck Ttotal Status Flags
r-devel-linux-x86_64-debian-clang 0.01 1.96 27.75 29.71 NOTE
r-devel-linux-x86_64-debian-gcc 0.01 1.92 28.09 30.01 NOTE
r-devel-linux-x86_64-fedora-clang 0.01 56.94 NOTE
r-devel-linux-x86_64-fedora-gcc 0.01 53.53 NOTE
r-devel-osx-x86_64-clang 0.01 53.32 NOTE
r-devel-windows-ix86+x86_64 0.01 7.00 46.00 53.00 NOTE
r-patched-linux-x86_64 0.01 1.81 28.46 30.28 NOTE
r-patched-solaris-sparc 0.01 340.20 NOTE
r-patched-solaris-x86 0.01 67.90 NOTE
r-release-linux-x86_64 0.01 2.37 27.01 29.38 NOTE
r-release-osx-x86_64-mavericks 0.01 NOTE
r-release-osx-x86_64-snowleopard 0.01 NOTE
r-release-windows-ix86+x86_64 0.01 5.00 52.00 57.00 NOTE
r-oldrel-windows-ix86+x86_64 0.01 10.00 45.00 55.00 OK

Check Details

Version: 0.01
Check: DESCRIPTION meta-information
Result: NOTE
    Malformed Title field: should not end in a period.
Flavors: r-devel-linux-x86_64-debian-clang, r-devel-linux-x86_64-debian-gcc, r-devel-linux-x86_64-fedora-clang, r-devel-linux-x86_64-fedora-gcc, r-devel-osx-x86_64-clang, r-devel-windows-ix86+x86_64, r-patched-linux-x86_64, r-patched-solaris-sparc, r-patched-solaris-x86, r-release-linux-x86_64, r-release-osx-x86_64-mavericks, r-release-osx-x86_64-snowleopard, r-release-windows-ix86+x86_64