CRAN Package Check Results for Package reliaR

Last updated on 2015-03-05 16:47:06.

Flavor Version Tinstall Tcheck Ttotal Status Flags
r-devel-linux-x86_64-debian-clang 0.01 1.80 28.82 30.62 NOTE
r-devel-linux-x86_64-debian-gcc 0.01 1.87 28.68 30.55 NOTE
r-devel-linux-x86_64-fedora-clang 0.01 55.85 NOTE
r-devel-linux-x86_64-fedora-gcc 0.01 53.08 NOTE
r-devel-osx-x86_64-clang 0.01 56.89 NOTE
r-devel-windows-ix86+x86_64 0.01 13.00 43.00 56.00 NOTE
r-patched-linux-x86_64 0.01 1.84 29.07 30.90 OK
r-patched-solaris-sparc 0.01 364.80 OK
r-patched-solaris-x86 0.01 74.20 OK
r-release-linux-ix86 0.01 2.22 38.96 41.18 OK
r-release-linux-x86_64 0.01 1.83 29.30 31.12 OK
r-release-osx-x86_64-mavericks 0.01 OK
r-release-windows-ix86+x86_64 0.01 5.00 58.00 63.00 OK
r-oldrel-windows-ix86+x86_64 0.01 6.00 65.00 71.00 OK

Check Details

Version: 0.01
Check: DESCRIPTION meta-information
Result: NOTE
    Malformed Title field: should not end in a period.
Flavors: r-devel-linux-x86_64-debian-clang, r-devel-linux-x86_64-debian-gcc, r-devel-linux-x86_64-fedora-clang, r-devel-linux-x86_64-fedora-gcc, r-devel-osx-x86_64-clang, r-devel-windows-ix86+x86_64