CRAN Package Check Results for Package reliaR

Last updated on 2015-05-29 07:48:09.

Flavor Version Tinstall Tcheck Ttotal Status Flags
r-devel-linux-x86_64-debian-clang 0.01 1.75 27.86 29.60 NOTE
r-devel-linux-x86_64-debian-gcc 0.01 1.65 27.35 29.00 NOTE
r-devel-linux-x86_64-fedora-clang 0.01 56.15 NOTE
r-devel-linux-x86_64-fedora-gcc 0.01 52.40 NOTE
r-devel-osx-x86_64-clang 0.01 52.90 NOTE
r-devel-windows-ix86+x86_64 0.01 9.00 46.00 55.00 NOTE
r-patched-linux-x86_64 0.01 1.65 26.60 28.24 NOTE
r-patched-solaris-sparc 0.01 337.70 NOTE
r-patched-solaris-x86 0.01 69.30 NOTE
r-release-linux-x86_64 0.01 1.73 28.46 30.19 NOTE
r-release-osx-x86_64-mavericks 0.01 NOTE
r-release-osx-x86_64-snowleopard 0.01 NOTE
r-release-windows-ix86+x86_64 0.01 5.00 52.00 57.00 NOTE
r-oldrel-windows-ix86+x86_64 0.01 10.00 45.00 55.00 OK

Check Details

Version: 0.01
Check: DESCRIPTION meta-information
Result: NOTE
    Malformed Title field: should not end in a period.
Flavors: r-devel-linux-x86_64-debian-clang, r-devel-linux-x86_64-debian-gcc, r-devel-linux-x86_64-fedora-clang, r-devel-linux-x86_64-fedora-gcc, r-devel-osx-x86_64-clang, r-devel-windows-ix86+x86_64, r-patched-linux-x86_64, r-patched-solaris-sparc, r-patched-solaris-x86, r-release-linux-x86_64, r-release-osx-x86_64-mavericks, r-release-osx-x86_64-snowleopard, r-release-windows-ix86+x86_64