CRAN Package Check Results for Package relimp

Last updated on 2015-07-05 14:46:47.

Flavor Version Tinstall Tcheck Ttotal Status Flags
r-devel-linux-x86_64-debian-clang 1.0-4 0.60 9.96 10.57 NOTE
r-devel-linux-x86_64-debian-gcc 1.0-4 0.59 9.69 10.28 NOTE
r-devel-linux-x86_64-fedora-clang 1.0-4 19.05 NOTE
r-devel-linux-x86_64-fedora-gcc 1.0-4 18.09 NOTE
r-devel-osx-x86_64-clang 1.0-4 18.59 OK
r-devel-windows-ix86+x86_64 1.0-4 2.00 18.00 20.00 NOTE
r-patched-linux-x86_64 1.0-4 0.56 10.25 10.80 OK
r-patched-solaris-sparc 1.0-4 130.90 OK
r-patched-solaris-x86 1.0-4 29.00 OK
r-release-linux-x86_64 1.0-4 0.61 10.32 10.93 OK
r-release-osx-x86_64-mavericks 1.0-4 OK
r-release-windows-ix86+x86_64 1.0-4 4.00 20.00 24.00 OK
r-oldrel-windows-ix86+x86_64 1.0-4 5.00 20.00 25.00 OK

Check Details

Version: 1.0-4
Check: R code for possible problems
Result: NOTE
    print.relimp: no visible global function definition for
     ‘capture.output’
    relimp: no visible global function definition for ‘coef’
    relimp: no visible global function definition for ‘vcov’
    relimp: no visible global function definition for ‘model.matrix’
    relimp: no visible global function definition for ‘sd’
    relrelimp: no visible global function definition for ‘coef’
    relrelimp: no visible global function definition for ‘vcov’
    relrelimp: no visible global function definition for ‘model.matrix’
    relrelimp: no visible global function definition for ‘sd’
    Undefined global functions or variables:
     capture.output coef model.matrix sd vcov
Flavors: r-devel-linux-x86_64-debian-clang, r-devel-linux-x86_64-debian-gcc, r-devel-linux-x86_64-fedora-clang, r-devel-linux-x86_64-fedora-gcc, r-devel-windows-ix86+x86_64