CRAN Package Check Results for Package relimp

Last updated on 2016-12-06 06:48:05.

Flavor Version Tinstall Tcheck Ttotal Status Flags
r-devel-linux-x86_64-debian-clang 1.0-5 0.60 15.67 16.27 OK
r-devel-linux-x86_64-debian-gcc 1.0-5 0.68 15.21 15.90 OK
r-devel-linux-x86_64-fedora-clang 1.0-5 28.74 OK --no-stop-on-test-error
r-devel-linux-x86_64-fedora-gcc 1.0-5 27.94 OK --no-stop-on-test-error
r-devel-macos-x86_64-clang 1.0-5 25.61 OK --no-stop-on-test-error
r-devel-windows-ix86+x86_64 1.0-5 2.00 34.00 36.00 OK
r-patched-linux-x86_64 1.0-5 0.56 13.32 13.88 OK
r-patched-solaris-sparc 1.0-5 153.90 OK
r-patched-solaris-x86 1.0-5 34.00 OK
r-release-linux-x86_64 1.0-5 0.64 13.51 14.15 OK
r-release-osx-x86_64-mavericks 1.0-5 NOTE
r-release-windows-ix86+x86_64 1.0-5 3.00 32.00 35.00 OK
r-oldrel-windows-ix86+x86_64 1.0-5 3.00 40.00 43.00 OK

Check Details

Version: 1.0-5
Check: dependencies in R code
Result: NOTE
    Invalid MIT-MAGIC-COOKIE-1 key
Flavor: r-release-osx-x86_64-mavericks