CRAN Package Check Results for Package relimp

Last updated on 2017-03-29 22:47:24.

Flavor Version Tinstall Tcheck Ttotal Status Flags
r-devel-linux-x86_64-debian-clang 1.0-5 0.61 15.57 16.18 OK
r-devel-linux-x86_64-debian-gcc 1.0-5 0.65 15.29 15.94 OK
r-devel-linux-x86_64-fedora-clang 1.0-5 30.15 OK --no-stop-on-test-error
r-devel-linux-x86_64-fedora-gcc 1.0-5 27.57 OK --no-stop-on-test-error
r-devel-macos-x86_64-clang 1.0-5 24.76 OK --no-stop-on-test-error
r-devel-windows-ix86+x86_64 1.0-5 2.00 49.00 51.00 OK
r-patched-linux-x86_64 1.0-5 0.60 14.95 15.55 OK
r-patched-solaris-sparc 1.0-5 169.70 OK
r-patched-solaris-x86 1.0-5 40.10 OK
r-release-linux-x86_64 1.0-5 0.59 13.05 13.64 OK
r-release-osx-x86_64-mavericks 1.0-5 NOTE
r-release-windows-ix86+x86_64 1.0-5 3.00 47.00 50.00 OK
r-oldrel-windows-ix86+x86_64 1.0-5 7.00 40.00 47.00 OK

Check Details

Version: 1.0-5
Check: dependencies in R code
Result: NOTE
    Invalid MIT-MAGIC-COOKIE-1 key
Flavor: r-release-osx-x86_64-mavericks