CRAN Package Check Results for Package relimp

Last updated on 2017-05-24 22:47:31.

Flavor Version Tinstall Tcheck Ttotal Status Flags
r-devel-linux-x86_64-debian-clang 1.0-5 0.76 15.68 16.44 OK
r-devel-linux-x86_64-debian-gcc 1.0-5 0.68 15.97 16.65 OK
r-devel-linux-x86_64-fedora-clang 1.0-5 28.34 OK --no-stop-on-test-error
r-devel-linux-x86_64-fedora-gcc 1.0-5 27.48 OK --no-stop-on-test-error
r-devel-windows-ix86+x86_64 1.0-5 3.00 34.00 37.00 OK
r-patched-linux-x86_64 1.0-5 0.64 15.57 16.20 OK
r-patched-solaris-sparc 1.0-5 169.70 OK
r-patched-solaris-x86 1.0-5 38.70 OK
r-release-linux-x86_64 1.0-5 0.67 15.52 16.19 OK
r-release-windows-ix86+x86_64 1.0-5 2.00 43.00 45.00 OK
r-release-osx-x86_64 1.0-5 OK
r-oldrel-windows-ix86+x86_64 1.0-5 3.00 44.00 47.00 OK
r-oldrel-osx-x86_64 1.0-5 NOTE

Check Details

Version: 1.0-5
Check: dependencies in R code
Result: NOTE
    Invalid MIT-MAGIC-COOKIE-1 key
Flavor: r-oldrel-osx-x86_64