CRAN Package Check Results for Package relimp

Last updated on 2015-08-04 11:49:19.

Flavor Version Tinstall Tcheck Ttotal Status Flags
r-devel-linux-x86_64-debian-clang 1.0-4 0.64 9.99 10.63 NOTE
r-devel-linux-x86_64-debian-gcc 1.0-4 0.56 9.91 10.48 NOTE
r-devel-linux-x86_64-fedora-clang 1.0-4 19.97 NOTE
r-devel-linux-x86_64-fedora-gcc 1.0-4 18.36 NOTE
r-devel-osx-x86_64-clang 1.0-4 20.40 OK
r-devel-windows-ix86+x86_64 1.0-4 3.00 32.00 35.00 NOTE
r-patched-linux-x86_64 1.0-4 0.56 10.08 10.64 OK
r-patched-solaris-sparc 1.0-4 133.30 OK
r-patched-solaris-x86 1.0-4 29.00 OK
r-release-linux-x86_64 1.0-4 0.55 10.21 10.76 OK
r-release-osx-x86_64-mavericks 1.0-4 OK
r-release-windows-ix86+x86_64 1.0-4 4.00 25.00 29.00 OK
r-oldrel-windows-ix86+x86_64 1.0-4 4.00 20.00 24.00 OK

Check Details

Version: 1.0-4
Check: R code for possible problems
Result: NOTE
    print.relimp: no visible global function definition for
     ‘capture.output’
    relimp: no visible global function definition for ‘coef’
    relimp: no visible global function definition for ‘vcov’
    relimp: no visible global function definition for ‘model.matrix’
    relimp: no visible global function definition for ‘sd’
    relrelimp: no visible global function definition for ‘coef’
    relrelimp: no visible global function definition for ‘vcov’
    relrelimp: no visible global function definition for ‘model.matrix’
    relrelimp: no visible global function definition for ‘sd’
    Undefined global functions or variables:
     capture.output coef model.matrix sd vcov
    Consider adding
     importFrom("stats", "coef", "model.matrix", "sd", "vcov")
     importFrom("utils", "capture.output")
    to your NAMESPACE.
Flavors: r-devel-linux-x86_64-debian-clang, r-devel-linux-x86_64-debian-gcc, r-devel-linux-x86_64-fedora-clang, r-devel-linux-x86_64-fedora-gcc, r-devel-windows-ix86+x86_64