CRAN Package Check Results for Package relimp

Last updated on 2016-08-28 21:50:05.

Flavor Version Tinstall Tcheck Ttotal Status Flags
r-devel-linux-x86_64-debian-clang 1.0-5 0.56 13.86 14.41 OK
r-devel-linux-x86_64-debian-gcc 1.0-5 0.57 13.69 14.26 OK
r-devel-linux-x86_64-fedora-clang 1.0-5 24.83 OK
r-devel-linux-x86_64-fedora-gcc 1.0-5 22.86 OK
r-devel-osx-x86_64-clang 1.0-5 21.98 OK
r-devel-windows-ix86+x86_64 1.0-5 3.00 73.00 76.00 OK
r-patched-linux-x86_64 1.0-5 0.54 13.61 14.15 OK
r-patched-solaris-sparc 1.0-5 153.90 OK
r-patched-solaris-x86 1.0-5 35.10 OK
r-release-linux-x86_64 1.0-5 0.65 13.63 14.27 OK
r-release-osx-x86_64-mavericks 1.0-5 NOTE
r-release-windows-ix86+x86_64 1.0-5 6.00 40.00 46.00 OK
r-oldrel-windows-ix86+x86_64 1.0-5 3.00 64.00 67.00 OK

Check Details

Version: 1.0-5
Check: dependencies in R code
Result: NOTE
    Invalid MIT-MAGIC-COOKIE-1 key
Flavor: r-release-osx-x86_64-mavericks