CRAN Package Check Results for Package relimp

Last updated on 2017-10-24 10:48:05.

Flavor Version Tinstall Tcheck Ttotal Status Flags
r-devel-linux-x86_64-debian-clang 1.0-5 0.58 16.01 16.59 OK
r-devel-linux-x86_64-debian-gcc 1.0-5 0.68 16.57 17.26 OK
r-devel-linux-x86_64-fedora-clang 1.0-5 28.66 OK
r-devel-linux-x86_64-fedora-gcc 1.0-5 27.77 OK
r-devel-windows-ix86+x86_64 1.0-5 2.00 46.00 48.00 OK
r-patched-linux-x86_64 1.0-5 0.64 16.22 16.86 OK
r-release-linux-x86_64 1.0-5 0.61 15.99 16.59 OK
r-release-windows-ix86+x86_64 1.0-5 3.00 53.00 56.00 OK
r-release-osx-x86_64 1.0-5 OK
r-oldrel-windows-ix86+x86_64 1.0-5 2.00 34.00 36.00 OK
r-oldrel-osx-x86_64 1.0-5 NOTE

Check Details

Version: 1.0-5
Check: dependencies in R code
Result: NOTE
    Invalid MIT-MAGIC-COOKIE-1 key
Flavor: r-oldrel-osx-x86_64