CRAN Package Check Results for Package relimp

Last updated on 2018-01-18 12:47:44 CET.

Flavor Version Tinstall Tcheck Ttotal Status Flags
r-devel-linux-x86_64-debian-clang 1.0-5 0.77 14.87 15.64 OK
r-devel-linux-x86_64-debian-gcc 1.0-5 0.62 19.29 19.91 OK
r-devel-linux-x86_64-fedora-clang 1.0-5 29.72 OK
r-devel-linux-x86_64-fedora-gcc 1.0-5 28.60 OK
r-devel-windows-ix86+x86_64 1.0-5 5.00 37.00 42.00 OK
r-patched-linux-x86_64 1.0-5 0.80 23.67 24.47 OK
r-patched-solaris-x86 1.0-5 45.30 OK
r-release-linux-x86_64 1.0-5 0.67 23.26 23.93 OK
r-release-windows-ix86+x86_64 1.0-5 3.00 29.00 32.00 OK
r-release-osx-x86_64 1.0-5 OK
r-oldrel-windows-ix86+x86_64 1.0-5 3.00 32.00 35.00 OK
r-oldrel-osx-x86_64 1.0-5 NOTE

Check Details

Version: 1.0-5
Check: dependencies in R code
Result: NOTE
    Invalid MIT-MAGIC-COOKIE-1 key
Flavor: r-oldrel-osx-x86_64