CRAN Package Check Results for Package relimp

Last updated on 2016-07-24 19:49:05.

Flavor Version Tinstall Tcheck Ttotal Status Flags
r-devel-linux-x86_64-debian-clang 1.0-5 0.69 15.91 16.61 OK
r-devel-linux-x86_64-debian-gcc 1.0-5 0.66 17.15 17.81 OK
r-devel-linux-x86_64-fedora-gcc 1.0-5 22.47 OK
r-devel-osx-x86_64-clang 1.0-5 22.54 OK
r-devel-windows-ix86+x86_64 1.0-5 2.00 31.00 33.00 OK
r-patched-linux-x86_64 1.0-5 0.77 16.33 17.11 OK
r-patched-solaris-sparc 1.0-5 153.90 OK
r-patched-solaris-x86 1.0-5 33.00 OK
r-release-linux-x86_64 1.0-5 0.68 16.03 16.71 OK
r-release-osx-x86_64-mavericks 1.0-5 NOTE
r-release-windows-ix86+x86_64 1.0-5 2.00 33.00 35.00 OK
r-oldrel-windows-ix86+x86_64 1.0-5 4.00 31.00 35.00 OK

Check Details

Version: 1.0-5
Check: dependencies in R code
Result: NOTE
    Invalid MIT-MAGIC-COOKIE-1 key
Flavor: r-release-osx-x86_64-mavericks