CRAN Package Check Results for Package relimp

Last updated on 2017-01-17 19:50:03.

Flavor Version Tinstall Tcheck Ttotal Status Flags
r-devel-linux-x86_64-debian-clang 1.0-5 0.64 15.15 15.78 OK
r-devel-linux-x86_64-debian-gcc 1.0-5 0.67 14.95 15.61 OK
r-devel-linux-x86_64-fedora-clang 1.0-5 27.13 OK --no-stop-on-test-error
r-devel-linux-x86_64-fedora-gcc 1.0-5 26.85 OK --no-stop-on-test-error
r-devel-macos-x86_64-clang 1.0-5 23.98 OK --no-stop-on-test-error
r-devel-windows-ix86+x86_64 1.0-5 3.00 32.00 35.00 OK
r-patched-linux-x86_64 1.0-5 0.53 13.11 13.64 OK
r-patched-solaris-sparc 1.0-5 155.00 OK
r-patched-solaris-x86 1.0-5 35.00 OK
r-release-linux-x86_64 1.0-5 0.56 13.34 13.90 OK
r-release-osx-x86_64-mavericks 1.0-5 NOTE
r-release-windows-ix86+x86_64 1.0-5 2.00 33.00 35.00 OK
r-oldrel-windows-ix86+x86_64 1.0-5 2.00 48.00 50.00 OK

Check Details

Version: 1.0-5
Check: dependencies in R code
Result: NOTE
    Invalid MIT-MAGIC-COOKIE-1 key
Flavor: r-release-osx-x86_64-mavericks