CRAN Package Check Results for Package relimp

Last updated on 2016-05-31 09:47:09.

Flavor Version Tinstall Tcheck Ttotal Status Flags
r-devel-linux-x86_64-debian-gcc 1.0-5 0.60 13.03 13.63 OK
r-devel-linux-x86_64-fedora-clang 1.0-5 24.26 OK
r-devel-linux-x86_64-fedora-gcc 1.0-5 22.49 OK
r-devel-osx-x86_64-clang 1.0-5 29.17 OK
r-devel-windows-ix86+x86_64 1.0-5 3.00 33.00 36.00 OK
r-patched-linux-x86_64 1.0-5 0.53 13.41 13.94 OK
r-patched-solaris-sparc 1.0-5 152.60 OK
r-patched-solaris-x86 1.0-5 35.00 OK
r-release-linux-x86_64 1.0-5 0.56 13.29 13.84 OK
r-release-osx-x86_64-mavericks 1.0-5 NOTE
r-release-windows-ix86+x86_64 1.0-5 5.00 31.00 36.00 OK
r-oldrel-windows-ix86+x86_64 1.0-5 2.00 30.00 32.00 OK

Check Details

Version: 1.0-5
Check: dependencies in R code
Result: NOTE
    Invalid MIT-MAGIC-COOKIE-1 key
Flavor: r-release-osx-x86_64-mavericks