CRAN Package Check Results for Package relimp

Last updated on 2016-09-30 15:47:29.

Flavor Version Tinstall Tcheck Ttotal Status Flags
r-devel-linux-x86_64-debian-clang 1.0-5 0.64 14.60 15.24 OK
r-devel-linux-x86_64-debian-gcc 1.0-5 0.58 14.48 15.06 OK
r-devel-linux-x86_64-fedora-clang 1.0-5 26.25 OK
r-devel-linux-x86_64-fedora-gcc 1.0-5 22.73 OK
r-devel-macos-x86_64-clang 1.0-5 21.44 OK
r-devel-windows-ix86+x86_64 1.0-5 3.00 41.00 44.00 OK
r-patched-linux-x86_64 1.0-5 0.55 13.62 14.17 OK
r-patched-solaris-sparc 1.0-5 153.90 OK
r-patched-solaris-x86 1.0-5 33.70 OK
r-release-linux-x86_64 1.0-5 0.58 14.76 15.34 OK
r-release-osx-x86_64-mavericks 1.0-5 NOTE
r-release-windows-ix86+x86_64 1.0-5 3.00 30.00 33.00 OK
r-oldrel-windows-ix86+x86_64 1.0-5 5.00 41.00 46.00 OK

Check Details

Version: 1.0-5
Check: dependencies in R code
Result: NOTE
    Invalid MIT-MAGIC-COOKIE-1 key
Flavor: r-release-osx-x86_64-mavericks