CRAN Package Check Results for Package relimp

Last updated on 2017-08-21 09:48:19.

Flavor Version Tinstall Tcheck Ttotal Status Flags
r-devel-linux-x86_64-debian-clang 1.0-5 0.59 15.80 16.39 OK
r-devel-linux-x86_64-debian-gcc 1.0-5 0.73 16.41 17.14 OK
r-devel-linux-x86_64-fedora-clang 1.0-5 29.69 OK
r-devel-linux-x86_64-fedora-gcc 1.0-5 28.22 OK
r-devel-windows-ix86+x86_64 1.0-5 2.00 33.00 35.00 OK
r-patched-linux-x86_64 1.0-5 0.64 15.81 16.45 OK
r-patched-solaris-x86 1.0-5 40.40 OK
r-release-linux-x86_64 1.0-5 0.62 16.11 16.72 OK
r-release-windows-ix86+x86_64 1.0-5 5.00 45.00 50.00 OK
r-release-osx-x86_64 1.0-5 OK
r-oldrel-windows-ix86+x86_64 1.0-5 2.00 31.00 33.00 OK
r-oldrel-osx-x86_64 1.0-5 NOTE

Check Details

Version: 1.0-5
Check: dependencies in R code
Result: NOTE
    Invalid MIT-MAGIC-COOKIE-1 key
Flavor: r-oldrel-osx-x86_64