CRAN Package Check Results for Package relimp

Last updated on 2015-01-26 16:46:50.

Flavor Version Tinstall Tcheck Ttotal Status Flags
r-devel-linux-x86_64-debian-clang 1.0-3 0.72 11.90 12.61 NOTE
r-devel-linux-x86_64-debian-gcc 1.0-3 0.67 11.40 12.07 NOTE
r-devel-linux-x86_64-fedora-clang 1.0-3 26.05 NOTE
r-devel-linux-x86_64-fedora-gcc 1.0-3 25.31 NOTE
r-devel-osx-x86_64-clang 1.0-3 29.22 NOTE
r-devel-windows-ix86+x86_64 1.0-3 4.00 23.00 27.00 NOTE
r-patched-linux-x86_64 1.0-3 0.71 12.23 12.94 OK
r-patched-solaris-sparc 1.0-3 148.90 OK
r-patched-solaris-x86 1.0-3 39.60 OK
r-release-linux-ix86 1.0-3 1.04 18.38 19.42 OK
r-release-linux-x86_64 1.0-3 0.70 12.34 13.04 OK
r-release-osx-x86_64-mavericks 1.0-3 OK
r-release-windows-ix86+x86_64 1.0-3 4.00 21.00 25.00 OK
r-oldrel-windows-ix86+x86_64 1.0-3 6.00 25.00 31.00 OK

Check Details

Version: 1.0-3
Check: dependencies in R code
Result: NOTE
    'library' or 'require' call to ‘nnet’ in package code.
     Please use :: or requireNamespace() instead.
     See section 'Suggested packages' in the 'Writing R Extensions' manual.
Flavors: r-devel-linux-x86_64-debian-clang, r-devel-linux-x86_64-debian-gcc, r-devel-linux-x86_64-fedora-clang, r-devel-linux-x86_64-fedora-gcc, r-devel-osx-x86_64-clang, r-devel-windows-ix86+x86_64