CRAN Package Check Results for Package relimp

Last updated on 2022-01-27 06:48:45 CET.

Flavor Version Tinstall Tcheck Ttotal Status Flags
r-devel-linux-x86_64-debian-clang 1.0-5 2.06 40.96 43.02 OK
r-devel-linux-x86_64-debian-gcc 1.0-5 2.16 32.02 34.18 OK
r-devel-linux-x86_64-fedora-clang 1.0-5 53.96 OK
r-devel-linux-x86_64-fedora-gcc 1.0-5 42.97 OK
r-devel-windows-x86_64-new-UL 1.0-5 20.00 65.00 85.00 OK
r-devel-windows-x86_64-new-TK 1.0-5 NOTE
r-patched-linux-x86_64 1.0-5 3.10 38.96 42.06 OK
r-release-linux-x86_64 1.0-5 3.04 38.30 41.34 OK
r-release-macos-arm64 1.0-5 OK
r-release-macos-x86_64 1.0-5 OK
r-release-windows-ix86+x86_64 1.0-5 5.00 44.00 49.00 OK
r-oldrel-macos-x86_64 1.0-5 OK
r-oldrel-windows-ix86+x86_64 1.0-5 6.00 51.00 57.00 OK

Check Details

Version: 1.0-5
Check: package dependencies
Result: NOTE
    Package suggested but not available for checking: 'Rcmdr'
Flavor: r-devel-windows-x86_64-new-TK