CRAN Package Check Results for Package relimp

Last updated on 2017-06-22 15:48:51.

Flavor Version Tinstall Tcheck Ttotal Status Flags
r-devel-linux-x86_64-debian-clang 1.0-5 0.67 16.19 16.87 OK
r-devel-linux-x86_64-debian-gcc 1.0-5 0.68 16.90 17.58 OK
r-devel-linux-x86_64-fedora-clang 1.0-5 28.96 OK
r-devel-linux-x86_64-fedora-gcc 1.0-5 27.23 OK
r-devel-windows-ix86+x86_64 1.0-5 3.00 33.00 36.00 OK
r-patched-linux-x86_64 1.0-5 0.68 16.63 17.31 OK
r-patched-solaris-sparc 1.0-5 169.70 OK
r-patched-solaris-x86 1.0-5 39.20 OK
r-release-linux-x86_64 1.0-5 0.65 17.02 17.67 OK
r-release-windows-ix86+x86_64 1.0-5 5.00 35.00 40.00 OK
r-release-osx-x86_64 1.0-5 OK
r-oldrel-windows-ix86+x86_64 1.0-5 4.00 32.00 36.00 OK
r-oldrel-osx-x86_64 1.0-5 NOTE

Check Details

Version: 1.0-5
Check: dependencies in R code
Result: NOTE
    Invalid MIT-MAGIC-COOKIE-1 key
Flavor: r-oldrel-osx-x86_64