CRAN Package Check Results for Package relimp

Last updated on 2017-02-26 23:48:38.

Flavor Version Tinstall Tcheck Ttotal Status Flags
r-devel-linux-x86_64-debian-clang 1.0-5 0.60 15.78 16.38 OK
r-devel-linux-x86_64-debian-gcc 1.0-5 0.63 14.97 15.60 OK
r-devel-linux-x86_64-fedora-clang 1.0-5 32.43 OK --no-stop-on-test-error
r-devel-linux-x86_64-fedora-gcc 1.0-5 26.89 OK --no-stop-on-test-error
r-devel-macos-x86_64-clang 1.0-5 25.37 OK --no-stop-on-test-error
r-devel-windows-ix86+x86_64 1.0-5 2.00 79.00 81.00 OK
r-patched-linux-x86_64 1.0-5 0.61 13.23 13.84 OK
r-patched-solaris-sparc 1.0-5 155.00 OK
r-patched-solaris-x86 1.0-5 33.30 OK
r-release-linux-x86_64 1.0-5 0.55 13.44 13.99 OK
r-release-osx-x86_64-mavericks 1.0-5 NOTE
r-release-windows-ix86+x86_64 1.0-5 4.00 42.00 46.00 OK
r-oldrel-windows-ix86+x86_64 1.0-5 4.00 43.00 47.00 OK

Check Details

Version: 1.0-5
Check: dependencies in R code
Result: NOTE
    Invalid MIT-MAGIC-COOKIE-1 key
Flavor: r-release-osx-x86_64-mavericks