CRAN Package Check Results for Package relsurv

Last updated on 2015-07-07 17:47:50.

Flavor Version Tinstall Tcheck Ttotal Status Flags
r-devel-linux-x86_64-debian-clang 2.0-5 1.49 33.77 35.26 NOTE
r-devel-linux-x86_64-debian-gcc 2.0-5 1.58 33.39 34.97 NOTE
r-devel-linux-x86_64-fedora-clang 2.0-5 67.66 NOTE
r-devel-linux-x86_64-fedora-gcc 2.0-5 64.44 NOTE
r-devel-osx-x86_64-clang 2.0-5 53.42 OK
r-devel-windows-ix86+x86_64 2.0-5 21.00 79.00 100.00 NOTE
r-patched-linux-x86_64 2.0-5 1.58 36.62 38.20 OK
r-patched-solaris-sparc 2.0-5 413.20 OK
r-patched-solaris-x86 2.0-5 88.80 OK
r-release-linux-x86_64 2.0-5 1.61 34.35 35.96 OK
r-release-osx-x86_64-mavericks 2.0-5 OK
r-release-windows-ix86+x86_64 2.0-5 22.00 77.00 99.00 OK
r-oldrel-windows-ix86+x86_64 2.0-5 15.00 80.00 95.00 OK

Check Details

Version: 2.0-5
Check: R code for possible problems
Result: NOTE
    cmp.rel: no visible global function definition for ‘qchisq’
    exp.prep: no visible global function definition for ‘approx’
    glmxp: Error while checking: invalid ‘envir’ argument
    plot.cmp.rel: no visible global function definition for ‘par’
    plot.cmp.rel: no visible global function definition for ‘plot’
    plot.cmp.rel: no visible binding for global variable ‘legend’
    plot.cmp.rel: no visible global function definition for ‘lines’
    plot.rs.br: no visible global function definition for ‘par’
    plot.rs.br: no visible global function definition for ‘plot’
    plot.rs.br: no visible global function definition for ‘abline’
    plot.rs.surv: no visible global function definition for ‘par’
    plot.rs.surv: no visible global function definition for ‘plot’
    plot.rs.surv: no visible global function definition for ‘lines’
    plot.rs.surv: no visible global function definition for ‘points’
    plot.rs.zph: no visible global function definition for ‘approx’
    plot.rs.zph: no visible global function definition for ‘plot’
    plot.rs.zph: no visible global function definition for ‘axis’
    plot.rs.zph: no visible global function definition for ‘box’
    plot.rs.zph: no visible global function definition for ‘points’
    plot.rs.zph: no visible global function definition for ‘lines’
    print.rsadd: no visible global function definition for ‘coef’
    print.rsadd: no visible global function definition for ‘pchisq’
    print.summary.rsadd: no visible global function definition for
     ‘printCoefmat’
    print.summary.rsadd: no visible global function definition for ‘symnum’
    rformulate: no visible global function definition for ‘terms’
    rformulate: no visible global function definition for ‘model.extract’
    rformulate: no visible global function definition for ‘median’
    rformulate: no visible global function definition for ‘model.matrix’
    rs.br: no visible global function definition for ‘resid’
    rs.br: no visible global function definition for ‘getFromNamespace’
    rs.diff: no visible global function definition for ‘pchisq’
    rs.period: no visible global function definition for ‘qchisq’
    rs.surv: no visible global function definition for ‘qchisq’
    rs.surv.rsadd: no visible global function definition for ‘terms’
    rs.surv.rsadd: no visible global function definition for
     ‘delete.response’
    rs.surv.rsadd: no visible global function definition for ‘model.frame’
    rs.zph: no visible global function definition for ‘resid’
    rsadd: no visible global function definition for ‘glm.control’
    rsfitterem: no visible global function definition for ‘resid’
    summary.rsadd: no visible global function definition for ‘coef’
    summary.rsadd: no visible global function definition for ‘pnorm’
    survfit.rsadd: no visible global function definition for ‘terms’
    survfit.rsadd: no visible global function definition for
     ‘delete.response’
    survfit.rsadd: no visible global function definition for ‘model.frame’
    transrate.hld: no visible global function definition for ‘read.table’
    transrate.hmd: no visible global function definition for ‘read.table’
    Undefined global functions or variables:
     abline approx axis box coef delete.response getFromNamespace
     glm.control legend lines median model.extract model.frame
     model.matrix par pchisq plot pnorm points printCoefmat qchisq
     read.table resid symnum terms
Flavors: r-devel-linux-x86_64-debian-clang, r-devel-linux-x86_64-debian-gcc, r-devel-linux-x86_64-fedora-clang, r-devel-linux-x86_64-fedora-gcc

Version: 2.0-5
Check: R code for possible problems
Result: NOTE
    cmp.rel: no visible global function definition for 'qchisq'
    exp.prep: no visible global function definition for 'approx'
    glmxp: no visible global function definition for 'binomial'
    glmxp: no visible binding for global variable 'cloglog'
    glmxp: no visible global function definition for 'glm'
    glmxp: no visible global function definition for 'poisson'
    plot.cmp.rel: no visible global function definition for 'par'
    plot.cmp.rel: no visible global function definition for 'plot'
    plot.cmp.rel: no visible binding for global variable 'legend'
    plot.cmp.rel: no visible global function definition for 'lines'
    plot.rs.br: no visible global function definition for 'par'
    plot.rs.br: no visible global function definition for 'plot'
    plot.rs.br: no visible global function definition for 'abline'
    plot.rs.surv: no visible global function definition for 'par'
    plot.rs.surv: no visible global function definition for 'plot'
    plot.rs.surv: no visible global function definition for 'lines'
    plot.rs.surv: no visible global function definition for 'points'
    plot.rs.zph: no visible global function definition for 'approx'
    plot.rs.zph: no visible global function definition for 'plot'
    plot.rs.zph: no visible global function definition for 'axis'
    plot.rs.zph: no visible global function definition for 'box'
    plot.rs.zph: no visible global function definition for 'points'
    plot.rs.zph: no visible global function definition for 'lines'
    print.rsadd: no visible global function definition for 'coef'
    print.rsadd: no visible global function definition for 'pchisq'
    print.summary.rsadd: no visible global function definition for
     'printCoefmat'
    print.summary.rsadd: no visible global function definition for 'symnum'
    rformulate: no visible global function definition for 'terms'
    rformulate: no visible global function definition for 'model.extract'
    rformulate: no visible global function definition for 'median'
    rformulate: no visible global function definition for 'model.matrix'
    rs.br: no visible global function definition for 'resid'
    rs.br: no visible global function definition for 'getFromNamespace'
    rs.diff: no visible global function definition for 'pchisq'
    rs.period: no visible global function definition for 'qchisq'
    rs.surv: no visible global function definition for 'qchisq'
    rs.surv.rsadd: no visible global function definition for 'terms'
    rs.surv.rsadd: no visible global function definition for
     'delete.response'
    rs.surv.rsadd: no visible global function definition for 'model.frame'
    rs.zph: no visible global function definition for 'resid'
    rsadd: no visible global function definition for 'glm.control'
    rsfitterem: no visible global function definition for 'resid'
    summary.rsadd: no visible global function definition for 'coef'
    summary.rsadd: no visible global function definition for 'pnorm'
    survfit.rsadd: no visible global function definition for 'terms'
    survfit.rsadd: no visible global function definition for
     'delete.response'
    survfit.rsadd: no visible global function definition for 'model.frame'
    transrate.hld: no visible global function definition for 'read.table'
    transrate.hmd: no visible global function definition for 'read.table'
    Undefined global functions or variables:
     abline approx axis binomial box cloglog coef delete.response
     getFromNamespace glm glm.control legend lines median model.extract
     model.frame model.matrix par pchisq plot pnorm points poisson
     printCoefmat qchisq read.table resid symnum terms
Flavor: r-devel-windows-ix86+x86_64