CRAN Package Check Results for Package relsurv

Last updated on 2014-09-20 01:49:19.

Flavor Version Tinstall Tcheck Ttotal Status Flags
r-devel-linux-x86_64-debian-clang 2.0-4 1.43 34.66 36.08 NOTE
r-devel-linux-x86_64-debian-gcc 2.0-4 1.51 33.89 35.40 NOTE
r-devel-linux-x86_64-fedora-clang 2.0-4 71.86 NOTE
r-devel-linux-x86_64-fedora-gcc 2.0-4 68.63 NOTE
r-devel-osx-x86_64-clang 2.0-4 63.95 NOTE
r-devel-windows-ix86+x86_64 2.0-4 10.00 67.00 77.00 NOTE
r-patched-linux-x86_64 2.0-4 1.62 38.33 39.95 NOTE
r-patched-solaris-sparc 2.0-4 487.20 NOTE
r-patched-solaris-x86 2.0-4 91.60 NOTE
r-release-linux-ix86 2.0-4 2.35 47.88 50.23 NOTE
r-release-linux-x86_64 2.0-4 1.63 38.43 40.06 NOTE
r-release-osx-x86_64-mavericks 2.0-4 NOTE
r-release-osx-x86_64-snowleopard 2.0-4 NOTE
r-release-windows-ix86+x86_64 2.0-4 10.00 82.00 92.00 NOTE
r-oldrel-windows-ix86+x86_64 2.0-4 9.00 77.00 86.00 NOTE

Check Details

Version: 2.0-4
Check: dependencies in R code
Result: NOTE
    'library' or 'require' calls to packages already attached by Depends:
     ‘splines’ ‘survival’
     Please remove these calls from your code.
    Namespace in Imports field not imported from: ‘MASS’
     All declared Imports should be used.
    See the information on DESCRIPTION files in the chapter ‘Creating R
    packages’ of the ‘Writing R Extensions’ manual.
Flavors: r-devel-linux-x86_64-debian-clang, r-devel-linux-x86_64-debian-gcc, r-devel-linux-x86_64-fedora-clang, r-devel-linux-x86_64-fedora-gcc, r-devel-osx-x86_64-clang, r-devel-windows-ix86+x86_64, r-patched-linux-x86_64, r-patched-solaris-sparc, r-patched-solaris-x86, r-release-linux-ix86, r-release-linux-x86_64, r-release-osx-x86_64-mavericks, r-release-osx-x86_64-snowleopard, r-release-windows-ix86+x86_64, r-oldrel-windows-ix86+x86_64

Version: 2.0-4
Check: R code for possible problems
Result: NOTE
    cmp.rel: no visible binding for global variable ‘survexp.us’
    invtime: no visible binding for global variable ‘survexp.us’
    rs.period: no visible binding for global variable ‘survexp.us’
    rs.surv: no visible binding for global variable ‘survexp.us’
    rsadd: no visible binding for global variable ‘survexp.us’
    rsmul: no visible binding for global variable ‘survexp.us’
    rstrans: no visible binding for global variable ‘survexp.us’
Flavors: r-devel-linux-x86_64-debian-clang, r-devel-linux-x86_64-debian-gcc, r-devel-linux-x86_64-fedora-clang, r-devel-linux-x86_64-fedora-gcc, r-devel-osx-x86_64-clang, r-devel-windows-ix86+x86_64

Version: 2.0-4
Check: Rd line widths
Result: NOTE
    Rd file 'joinrate.Rd':
     \examples lines wider than 100 characters:
     #newpop <- joinrate(list(Arizona=survexp.az,Florida=survexp.fl,Minnesota=survexp.mn),dim.name="state")
    
    Rd file 'rssurv.Rd':
     \usage lines wider than 90 characters:
     method="pohar-perme",conf.type="log",conf.int=0.95,type="kaplan-meier",all.times=FALSE)
    
    These lines will be truncated in the PDF manual.
Flavors: r-devel-linux-x86_64-debian-clang, r-devel-linux-x86_64-debian-gcc, r-devel-linux-x86_64-fedora-clang, r-devel-linux-x86_64-fedora-gcc, r-patched-linux-x86_64, r-release-linux-x86_64