CRAN Package Check Results for Package relsurv

Last updated on 2014-10-24 19:47:49.

Flavor Version Tinstall Tcheck Ttotal Status Flags
r-devel-linux-x86_64-debian-clang 2.0-4 1.65 34.97 36.62 NOTE
r-devel-linux-x86_64-debian-gcc 2.0-4 1.56 34.35 35.92 NOTE
r-devel-linux-x86_64-fedora-clang 2.0-4 73.25 NOTE
r-devel-linux-x86_64-fedora-gcc 2.0-4 67.78 NOTE
r-devel-osx-x86_64-clang 2.0-4 63.92 NOTE
r-devel-windows-ix86+x86_64 2.0-4 9.00 66.00 75.00 NOTE
r-patched-linux-x86_64 2.0-4 1.68 37.14 38.82 NOTE
r-patched-solaris-sparc 2.0-4 463.10 NOTE
r-patched-solaris-x86 2.0-4 95.50 NOTE
r-release-linux-ix86 2.0-4 2.31 48.55 50.86 NOTE
r-release-linux-x86_64 2.0-4 1.71 37.77 39.48 NOTE
r-release-osx-x86_64-mavericks 2.0-4 NOTE
r-release-osx-x86_64-snowleopard 2.0-4 NOTE
r-release-windows-ix86+x86_64 2.0-4 10.00 78.00 88.00 NOTE
r-oldrel-windows-ix86+x86_64 2.0-4 9.00 86.00 95.00 NOTE

Check Details

Version: 2.0-4
Check: dependencies in R code
Result: NOTE
    'library' or 'require' calls to packages already attached by Depends:
     ‘splines’ ‘survival’
     Please remove these calls from your code.
    Namespace in Imports field not imported from: ‘MASS’
     All declared Imports should be used.
    See the information on DESCRIPTION files in the chapter ‘Creating R
    packages’ of the ‘Writing R Extensions’ manual.
Flavors: r-devel-linux-x86_64-debian-clang, r-devel-linux-x86_64-debian-gcc, r-devel-linux-x86_64-fedora-clang, r-devel-linux-x86_64-fedora-gcc, r-devel-osx-x86_64-clang, r-devel-windows-ix86+x86_64, r-patched-linux-x86_64, r-patched-solaris-sparc, r-patched-solaris-x86, r-release-linux-ix86, r-release-linux-x86_64, r-release-osx-x86_64-mavericks, r-release-osx-x86_64-snowleopard, r-release-windows-ix86+x86_64, r-oldrel-windows-ix86+x86_64

Version: 2.0-4
Check: R code for possible problems
Result: NOTE
    cmp.rel: no visible binding for global variable ‘survexp.us’
    invtime: no visible binding for global variable ‘survexp.us’
    rs.period: no visible binding for global variable ‘survexp.us’
    rs.surv: no visible binding for global variable ‘survexp.us’
    rsadd: no visible binding for global variable ‘survexp.us’
    rsmul: no visible binding for global variable ‘survexp.us’
    rstrans: no visible binding for global variable ‘survexp.us’
Flavors: r-devel-linux-x86_64-debian-clang, r-devel-linux-x86_64-debian-gcc, r-devel-linux-x86_64-fedora-clang, r-devel-linux-x86_64-fedora-gcc, r-devel-osx-x86_64-clang, r-devel-windows-ix86+x86_64, r-patched-linux-x86_64, r-patched-solaris-sparc, r-patched-solaris-x86

Version: 2.0-4
Check: Rd line widths
Result: NOTE
    Rd file 'joinrate.Rd':
     \examples lines wider than 100 characters:
     #newpop <- joinrate(list(Arizona=survexp.az,Florida=survexp.fl,Minnesota=survexp.mn),dim.name="state")
    
    Rd file 'rssurv.Rd':
     \usage lines wider than 90 characters:
     method="pohar-perme",conf.type="log",conf.int=0.95,type="kaplan-meier",all.times=FALSE)
    
    These lines will be truncated in the PDF manual.
Flavors: r-devel-linux-x86_64-debian-clang, r-devel-linux-x86_64-debian-gcc, r-devel-linux-x86_64-fedora-clang, r-devel-linux-x86_64-fedora-gcc, r-patched-linux-x86_64, r-release-linux-x86_64