CRAN Package Check Results for Package relsurv

Last updated on 2017-06-23 18:46:58.

Flavor Version Tinstall Tcheck Ttotal Status Flags
r-devel-linux-x86_64-debian-clang 2.0-9 4.94 69.54 74.48 NOTE
r-devel-linux-x86_64-debian-gcc 2.0-9 4.01 66.42 70.43 NOTE
r-devel-linux-x86_64-fedora-clang 2.0-9 145.63 NOTE
r-devel-linux-x86_64-fedora-gcc 2.0-9 135.56 NOTE
r-devel-windows-ix86+x86_64 2.0-9 27.00 184.00 211.00 OK
r-patched-linux-x86_64 2.0-9 3.84 66.04 69.88 NOTE
r-patched-solaris-sparc 2.0-9 865.80 OK
r-patched-solaris-x86 2.0-9 171.10 OK
r-release-linux-x86_64 2.0-9 4.22 67.17 71.39 NOTE
r-release-windows-ix86+x86_64 2.0-9 17.00 191.00 208.00 OK
r-release-osx-x86_64 2.0-9 OK
r-oldrel-windows-ix86+x86_64 2.0-9 25.00 164.00 189.00 OK
r-oldrel-osx-x86_64 2.0-9 OK

Check Details

Version: 2.0-9
Check: compiled code
Result: NOTE
    File ‘relsurv/libs/relsurv.so’:
     Found no calls to: ‘R_registerRoutines’, ‘R_useDynamicSymbols’
    
    It is good practice to register native routines and to disable symbol
    search.
    
    See ‘Writing portable packages’ in the ‘Writing R Extensions’ manual.
Flavors: r-devel-linux-x86_64-debian-clang, r-devel-linux-x86_64-debian-gcc, r-devel-linux-x86_64-fedora-clang, r-devel-linux-x86_64-fedora-gcc, r-patched-linux-x86_64, r-release-linux-x86_64