CRAN Package Check Results for Package relsurv

Last updated on 2015-04-01 23:49:23.

Flavor Version Tinstall Tcheck Ttotal Status Flags
r-devel-linux-x86_64-debian-clang 2.0-4 1.40 32.74 34.14 NOTE
r-devel-linux-x86_64-debian-gcc 2.0-4 1.54 32.69 34.24 NOTE
r-devel-linux-x86_64-fedora-clang 2.0-4 66.53 NOTE
r-devel-linux-x86_64-fedora-gcc 2.0-4 65.23 NOTE
r-devel-osx-x86_64-clang 2.0-4 64.28 NOTE
r-prerel-windows-ix86+x86_64 2.0-4 11.00 69.00 80.00 NOTE
r-prerel-linux-x86_64 2.0-4 1.44 31.90 33.34 NOTE
r-prerel-solaris-sparc 2.0-4 455.60 NOTE
r-prerel-solaris-x86 2.0-4 84.60 NOTE
r-release-linux-x86_64 2.0-4 1.59 39.98 41.57 NOTE
r-release-osx-x86_64-mavericks 2.0-4 NOTE
r-release-osx-x86_64-snowleopard 2.0-4 NOTE
r-release-windows-ix86+x86_64 2.0-4 11.00 78.00 89.00 NOTE
r-oldrel-windows-ix86+x86_64 2.0-4 11.00 90.00 101.00 NOTE

Check Details

Version: 2.0-4
Check: dependencies in R code
Result: NOTE
    'library' or 'require' calls to packages already attached by Depends:
     ‘splines’ ‘survival’
     Please remove these calls from your code.
    Namespace in Imports field not imported from: ‘MASS’
     All declared Imports should be used.
Flavors: r-devel-linux-x86_64-debian-clang, r-devel-linux-x86_64-debian-gcc, r-devel-linux-x86_64-fedora-clang, r-devel-linux-x86_64-fedora-gcc, r-devel-osx-x86_64-clang, r-prerel-windows-ix86+x86_64, r-prerel-linux-x86_64, r-prerel-solaris-sparc, r-prerel-solaris-x86, r-release-linux-x86_64, r-release-windows-ix86+x86_64

Version: 2.0-4
Check: S3 generic/method consistency
Result: NOTE
    Found the following apparent S3 methods exported but not registered:
     survfit.rsadd
    See section ‘Registering S3 methods’ in the ‘Writing R Extensions’
    manual.
Flavors: r-devel-linux-x86_64-debian-clang, r-devel-linux-x86_64-debian-gcc, r-devel-linux-x86_64-fedora-clang, r-devel-linux-x86_64-fedora-gcc, r-devel-osx-x86_64-clang, r-prerel-linux-x86_64

Version: 2.0-4
Check: R code for possible problems
Result: NOTE
    cmp.rel: no visible binding for global variable ‘survexp.us’
    invtime: no visible binding for global variable ‘survexp.us’
    rs.period: no visible binding for global variable ‘survexp.us’
    rs.surv: no visible binding for global variable ‘survexp.us’
    rsadd: no visible binding for global variable ‘survexp.us’
    rsmul: no visible binding for global variable ‘survexp.us’
    rstrans: no visible binding for global variable ‘survexp.us’
Flavors: r-devel-linux-x86_64-debian-clang, r-devel-linux-x86_64-debian-gcc, r-devel-linux-x86_64-fedora-clang, r-devel-linux-x86_64-fedora-gcc, r-devel-osx-x86_64-clang, r-prerel-windows-ix86+x86_64, r-prerel-linux-x86_64, r-prerel-solaris-sparc, r-prerel-solaris-x86, r-release-linux-x86_64, r-release-osx-x86_64-mavericks, r-release-windows-ix86+x86_64

Version: 2.0-4
Check: Rd line widths
Result: NOTE
    Rd file 'joinrate.Rd':
     \examples lines wider than 100 characters:
     #newpop <- joinrate(list(Arizona=survexp.az,Florida=survexp.fl,Minnesota=survexp.mn),dim.name="state")
    
    Rd file 'rssurv.Rd':
     \usage lines wider than 90 characters:
     method="pohar-perme",conf.type="log",conf.int=0.95,type="kaplan-meier",all.times=FALSE)
    
    These lines will be truncated in the PDF manual.
Flavors: r-devel-linux-x86_64-debian-clang, r-devel-linux-x86_64-debian-gcc, r-devel-linux-x86_64-fedora-clang, r-devel-linux-x86_64-fedora-gcc, r-prerel-linux-x86_64, r-release-linux-x86_64

Version: 2.0-4
Check: dependencies in R code
Result: NOTE
    'library' or 'require' calls to packages already attached by Depends:
     ‘splines’ ‘survival’
     Please remove these calls from your code.
    Namespace in Imports field not imported from: ‘MASS’
     All declared Imports should be used.
    See the information on DESCRIPTION files in the chapter ‘Creating R
    packages’ of the ‘Writing R Extensions’ manual.
Flavors: r-release-osx-x86_64-mavericks, r-release-osx-x86_64-snowleopard, r-oldrel-windows-ix86+x86_64