CRAN Package Check Results for Package relsurv

Last updated on 2017-02-26 10:48:18.

Flavor Version Tinstall Tcheck Ttotal Status Flags
r-devel-linux-x86_64-debian-clang 2.0-9 4.19 68.09 72.28 NOTE
r-devel-linux-x86_64-debian-gcc 2.0-9 3.97 66.01 69.98 NOTE
r-devel-linux-x86_64-fedora-clang 2.0-9 157.23 NOTE --no-stop-on-test-error
r-devel-linux-x86_64-fedora-gcc 2.0-9 136.28 NOTE --no-stop-on-test-error
r-devel-macos-x86_64-clang 2.0-9 106.59 NOTE --no-stop-on-test-error
r-devel-windows-ix86+x86_64 2.0-9 25.00 179.00 204.00 OK
r-patched-linux-x86_64 2.0-9 3.54 62.05 65.59 OK
r-patched-solaris-sparc 2.0-9 798.30 OK
r-patched-solaris-x86 2.0-9 142.10 OK
r-release-linux-x86_64 2.0-9 3.69 63.16 66.85 OK
r-release-osx-x86_64-mavericks 2.0-9 OK
r-release-windows-ix86+x86_64 2.0-9 27.00 219.00 246.00 OK
r-oldrel-windows-ix86+x86_64 2.0-9 30.00 135.00 165.00 OK

Check Details

Version: 2.0-9
Check: compiled code
Result: NOTE
    File ‘relsurv/libs/relsurv.so’:
     Found no calls to: ‘R_registerRoutines’, ‘R_useDynamicSymbols’
    
    It is good practice to register native routines and to disable symbol
    search.
    
    See ‘Writing portable packages’ in the ‘Writing R Extensions’ manual.
Flavors: r-devel-linux-x86_64-debian-clang, r-devel-linux-x86_64-debian-gcc

Version: 2.0-9
Flags: --no-stop-on-test-error
Check: compiled code
Result: NOTE
    File ‘relsurv/libs/relsurv.so’:
     Found no calls to: ‘R_registerRoutines’, ‘R_useDynamicSymbols’
    
    It is good practice to register native routines and to disable symbol
    search.
    
    See ‘Writing portable packages’ in the ‘Writing R Extensions’ manual.
Flavors: r-devel-linux-x86_64-fedora-clang, r-devel-linux-x86_64-fedora-gcc, r-devel-macos-x86_64-clang