CRAN Package Check Results for Package relsurv

Last updated on 2014-04-25 05:47:23.

Flavor Version Tinstall Tcheck Ttotal Status Flags
r-devel-linux-x86_64-debian-clang 2.0-4 1.57 38.58 40.15 NOTE
r-devel-linux-x86_64-debian-gcc 2.0-4 1.57 38.16 39.74 NOTE
r-devel-linux-x86_64-fedora-clang 2.0-4 77.98 NOTE
r-devel-linux-x86_64-fedora-gcc 2.0-4 76.09 NOTE
r-devel-osx-x86_64-clang 2.0-4 66.03 NOTE
r-devel-osx-x86_64-gcc 2.0-4 NOTE
r-devel-windows-ix86+x86_64 2.0-4 9.00 71.00 80.00 NOTE
r-patched-linux-x86_64 2.0-4 1.77 38.45 40.22 NOTE
r-patched-solaris-sparc 2.0-4 468.30 NOTE
r-patched-solaris-x86 2.0-4 92.80 NOTE
r-release-linux-ix86 2.0-4 3.00 63.00 66.00 NOTE
r-release-linux-x86_64 2.0-4 1.67 38.40 40.07 NOTE
r-release-osx-x86_64-mavericks 2.0-4 WARN
r-release-osx-x86_64-snowleopard 2.0-4 NOTE
r-release-windows-ix86+x86_64 2.0-4 9.00 73.00 82.00 NOTE
r-oldrel-windows-ix86+x86_64 2.0-4 11.00 85.00 96.00 NOTE

Check Details

Version: 2.0-4
Check: dependencies in R code
Result: NOTE
    'library' or 'require' calls to packages already attached by Depends:
     ‘splines’ ‘survival’
     Please remove these calls from your code.
    Namespace in Imports field not imported from: ‘MASS’
     All declared Imports should be used.
    See the information on DESCRIPTION files in the chapter ‘Creating R
    packages’ of the ‘Writing R Extensions’ manual.
Flavors: r-devel-linux-x86_64-debian-clang, r-devel-linux-x86_64-debian-gcc, r-devel-linux-x86_64-fedora-clang, r-devel-linux-x86_64-fedora-gcc, r-devel-osx-x86_64-clang, r-devel-osx-x86_64-gcc, r-devel-windows-ix86+x86_64, r-patched-linux-x86_64, r-patched-solaris-sparc, r-patched-solaris-x86, r-release-linux-ix86, r-release-linux-x86_64, r-release-osx-x86_64-mavericks, r-release-osx-x86_64-snowleopard, r-release-windows-ix86+x86_64, r-oldrel-windows-ix86+x86_64

Version: 2.0-4
Check: Rd line widths
Result: NOTE
    Rd file 'joinrate.Rd':
     \examples lines wider than 100 characters:
     #newpop <- joinrate(list(Arizona=survexp.az,Florida=survexp.fl,Minnesota=survexp.mn),dim.name="state")
    
    Rd file 'rssurv.Rd':
     \usage lines wider than 90 characters:
     method="pohar-perme",conf.type="log",conf.int=0.95,type="kaplan-meier",all.times=FALSE)
    
    These lines will be truncated in the PDF manual.
Flavors: r-devel-linux-x86_64-fedora-clang, r-devel-linux-x86_64-fedora-gcc

Version: 2.0-4
Check: PDF version of manual
Result: WARNING
    LaTeX errors when creating PDF version.
    This typically indicates Rd problems.
    LaTeX errors found:
    ! LaTeX Error: File `upquote.sty' not found.
    
    Type X to quit or <RETURN> to proceed,
    or enter new name. (Default extension: sty)
    
    7a2c8336/Rd2.tex:8: ==> Fatal error occurred, no output PDF file produced!
Flavor: r-release-osx-x86_64-mavericks