CRAN Package Check Results for Package relsurv

Last updated on 2017-03-22 23:53:35.

Flavor Version Tinstall Tcheck Ttotal Status Flags
r-devel-linux-x86_64-debian-clang 2.0-9 4.33 66.22 70.55 NOTE
r-devel-linux-x86_64-debian-gcc 2.0-9 4.21 66.60 70.81 NOTE
r-devel-linux-x86_64-fedora-clang 2.0-9 145.93 NOTE --no-stop-on-test-error
r-devel-linux-x86_64-fedora-gcc 2.0-9 135.90 NOTE --no-stop-on-test-error
r-devel-macos-x86_64-clang 2.0-9 102.74 NOTE --no-stop-on-test-error
r-devel-windows-ix86+x86_64 2.0-9 19.00 148.00 167.00 OK
r-patched-linux-x86_64 2.0-9 4.05 61.85 65.89 OK
r-patched-solaris-sparc 2.0-9 865.80 OK
r-patched-solaris-x86 2.0-9 174.80 OK
r-release-linux-x86_64 2.0-9 3.79 62.16 65.95 OK
r-release-osx-x86_64-mavericks 2.0-9 OK
r-release-windows-ix86+x86_64 2.0-9 24.00 142.00 166.00 OK
r-oldrel-windows-ix86+x86_64 2.0-9 25.00 180.00 205.00 OK

Check Details

Version: 2.0-9
Check: compiled code
Result: NOTE
    File ‘relsurv/libs/relsurv.so’:
     Found no calls to: ‘R_registerRoutines’, ‘R_useDynamicSymbols’
    
    It is good practice to register native routines and to disable symbol
    search.
    
    See ‘Writing portable packages’ in the ‘Writing R Extensions’ manual.
Flavors: r-devel-linux-x86_64-debian-clang, r-devel-linux-x86_64-debian-gcc

Version: 2.0-9
Flags: --no-stop-on-test-error
Check: compiled code
Result: NOTE
    File ‘relsurv/libs/relsurv.so’:
     Found no calls to: ‘R_registerRoutines’, ‘R_useDynamicSymbols’
    
    It is good practice to register native routines and to disable symbol
    search.
    
    See ‘Writing portable packages’ in the ‘Writing R Extensions’ manual.
Flavors: r-devel-linux-x86_64-fedora-clang, r-devel-linux-x86_64-fedora-gcc, r-devel-macos-x86_64-clang