CRAN Package Check Results for Package relsurv

Last updated on 2017-04-30 05:48:43.

Flavor Version Tinstall Tcheck Ttotal Status Flags
r-devel-linux-x86_64-debian-clang 2.0-9 4.29 66.94 71.23 NOTE
r-devel-linux-x86_64-debian-gcc 2.0-9 4.22 66.45 70.67 NOTE
r-devel-linux-x86_64-fedora-clang 2.0-9 149.92 NOTE --no-stop-on-test-error
r-devel-linux-x86_64-fedora-gcc 2.0-9 138.40 NOTE --no-stop-on-test-error
r-devel-windows-ix86+x86_64 2.0-9 27.00 155.00 182.00 OK
r-patched-linux-x86_64 2.0-9 3.79 65.68 69.47 NOTE
r-patched-solaris-sparc 2.0-9 865.80 OK
r-patched-solaris-x86 2.0-9 171.20 OK
r-release-linux-x86_64 2.0-9 3.82 66.18 70.01 NOTE
r-release-windows-ix86+x86_64 2.0-9 37.00 192.00 229.00 OK
r-release-osx-x86_64 2.0-9 OK
r-oldrel-windows-ix86+x86_64 2.0-9 29.00 174.00 203.00 OK
r-oldrel-osx-x86_64 2.0-9 OK

Check Details

Version: 2.0-9
Check: compiled code
Result: NOTE
    File ‘relsurv/libs/relsurv.so’:
     Found no calls to: ‘R_registerRoutines’, ‘R_useDynamicSymbols’
    
    It is good practice to register native routines and to disable symbol
    search.
    
    See ‘Writing portable packages’ in the ‘Writing R Extensions’ manual.
Flavors: r-devel-linux-x86_64-debian-clang, r-devel-linux-x86_64-debian-gcc, r-patched-linux-x86_64, r-release-linux-x86_64

Version: 2.0-9
Flags: --no-stop-on-test-error
Check: compiled code
Result: NOTE
    File ‘relsurv/libs/relsurv.so’:
     Found no calls to: ‘R_registerRoutines’, ‘R_useDynamicSymbols’
    
    It is good practice to register native routines and to disable symbol
    search.
    
    See ‘Writing portable packages’ in the ‘Writing R Extensions’ manual.
Flavors: r-devel-linux-x86_64-fedora-clang, r-devel-linux-x86_64-fedora-gcc