CRAN Package Check Results for Package relsurv

Last updated on 2017-12-14 15:48:45 CET.

Flavor Version Tinstall Tcheck Ttotal Status Flags
r-devel-linux-x86_64-debian-clang 2.1-1 4.98 59.46 64.44 FAIL
r-devel-linux-x86_64-debian-gcc 2.1-1 4.65 52.37 57.02 FAIL
r-devel-linux-x86_64-fedora-clang 2.1-1 121.55 OK
r-devel-linux-x86_64-fedora-gcc 2.1-1 116.27 OK
r-devel-windows-ix86+x86_64 2.1-1 25.00 136.00 161.00 OK
r-patched-linux-x86_64 2.1-1 5.47 108.31 113.78 OK
r-patched-solaris-x86 2.1-1 167.10 OK
r-release-linux-x86_64 2.1-1 5.45 108.94 114.39 OK
r-release-windows-ix86+x86_64 2.1-1 17.00 185.00 202.00 OK
r-release-osx-x86_64 2.1-1 OK
r-oldrel-windows-ix86+x86_64 2.1-1 17.00 160.00 177.00 OK
r-oldrel-osx-x86_64 2.1-1 OK

Check Details

Version: 2.1-1
Check: pragmas in C/C++ headers and code
Result: FAIL
    
Flavors: r-devel-linux-x86_64-debian-clang, r-devel-linux-x86_64-debian-gcc