CRAN Package Check Results for Package remix

Last updated on 2014-08-27 11:51:01.

Flavor Version Tinstall Tcheck Ttotal Status Flags
r-devel-linux-x86_64-debian-clang 2.1 1.91 24.95 26.86 NOTE
r-devel-linux-x86_64-debian-gcc 2.1 1.85 23.60 25.45 NOTE
r-devel-linux-x86_64-fedora-clang 2.1 53.93 NOTE
r-devel-linux-x86_64-fedora-gcc 2.1 50.43 NOTE
r-devel-osx-x86_64-clang 2.1 47.34 NOTE
r-devel-windows-ix86+x86_64 2.1 7.00 42.00 49.00 NOTE
r-patched-linux-x86_64 2.1 1.88 24.16 26.03 NOTE
r-patched-solaris-sparc 2.1 304.90 NOTE
r-patched-solaris-x86 2.1 71.30 NOTE
r-release-linux-ix86 2.1 2.52 32.03 34.55 NOTE
r-release-linux-x86_64 2.1 1.94 25.22 27.16 NOTE
r-release-osx-x86_64-mavericks 2.1 NOTE
r-release-osx-x86_64-snowleopard 2.1 NOTE
r-release-windows-ix86+x86_64 2.1 7.00 43.00 50.00 NOTE
r-oldrel-windows-ix86+x86_64 2.1 8.00 41.00 49.00 NOTE

Check Details

Version: 2.1
Check: dependencies in R code
Result: NOTE
    Packages in Depends field not imported from:
     ‘plyr’ ‘survival’
     These packages need to be imported from (in the NAMESPACE file)
     for when this namespace is loaded but not attached.
    ':::' call which should be '::': ‘Hmisc:::label.default’
     See the note in ?`:::` about the use of this operator.
    See the information on DESCRIPTION files in the chapter ‘Creating R
    packages’ of the ‘Writing R Extensions’ manual.
Flavors: r-devel-linux-x86_64-debian-clang, r-devel-linux-x86_64-debian-gcc, r-devel-linux-x86_64-fedora-clang, r-devel-linux-x86_64-fedora-gcc, r-devel-osx-x86_64-clang, r-devel-windows-ix86+x86_64, r-patched-linux-x86_64, r-patched-solaris-sparc, r-patched-solaris-x86, r-release-linux-ix86, r-release-linux-x86_64, r-release-osx-x86_64-mavericks, r-release-windows-ix86+x86_64, r-oldrel-windows-ix86+x86_64

Version: 2.1
Check: R code for possible problems
Result: NOTE
    cross: no visible binding for global variable ‘is.Surv’
    is.numeric.and.not.surv: no visible global function definition for
     ‘is.Surv’
    remix: no visible global function definition for ‘is.formula’
    remix : <anonymous>: no visible global function definition for
     ‘is.Surv’
    remix: no visible binding for global variable ‘is.Surv’
    remix: no visible global function definition for ‘llply’
    summarize.by: no visible global function definition for ‘dlply’
    summarize.by: no visible global function definition for ‘.’
    summarize.data.frame.by: no visible global function definition for
     ‘dlply’
    survival: no visible global function definition for ‘survfit’
    survival: no visible global function definition for ‘daply’
    survival: no visible global function definition for ‘.’
    test.survival.logrank: no visible global function definition for
     ‘survdiff’
Flavors: r-devel-linux-x86_64-debian-clang, r-devel-linux-x86_64-debian-gcc, r-devel-linux-x86_64-fedora-clang, r-devel-linux-x86_64-fedora-gcc, r-devel-osx-x86_64-clang, r-devel-windows-ix86+x86_64

Version: 2.1
Check: Rd \usage sections
Result: NOTE
    S3 methods shown with full name in documentation object 'as.data.frame.correlation':
     ‘as.data.frame.correlation’
    
    S3 methods shown with full name in documentation object 'as.data.frame.freq':
     ‘as.data.frame.freq’
    
    S3 methods shown with full name in documentation object 'as.data.frame.summarize':
     ‘as.data.frame.summarize’
    
    S3 methods shown with full name in documentation object 'as.data.frame.summarize.by':
     ‘as.data.frame.summarize.by’
    
    S3 methods shown with full name in documentation object 'as.data.frame.survival':
     ‘as.data.frame.survival’
    
    S3 methods shown with full name in documentation object 'as.data.frame.tabular':
     ‘as.data.frame.tabular’
    
    The \usage entries for S3 methods should use the \method markup and not
    their full name.
    See the chapter ‘Writing R documentation files’ in the ‘Writing R
    Extensions’ manual.
Flavors: r-devel-linux-x86_64-debian-clang, r-devel-linux-x86_64-debian-gcc, r-devel-linux-x86_64-fedora-clang, r-devel-linux-x86_64-fedora-gcc, r-devel-osx-x86_64-clang, r-devel-windows-ix86+x86_64, r-patched-linux-x86_64, r-patched-solaris-sparc, r-patched-solaris-x86, r-release-linux-ix86, r-release-linux-x86_64, r-release-osx-x86_64-mavericks, r-release-osx-x86_64-snowleopard, r-release-windows-ix86+x86_64, r-oldrel-windows-ix86+x86_64

Version: 2.1
Check: dependencies in R code
Result: NOTE
    Packages in Depends field not imported from:
     'plyr' 'survival'
     These packages need to be imported from for the case when
     this namespace is loaded but not attached.
    ':::' call which should be '::': 'Hmisc:::label.default'
     See the note in ?`:::` about the use of this operator.
    See the information on DESCRIPTION files in the chapter 'Creating R
    packages' of the 'Writing R Extensions' manual.
Flavor: r-release-osx-x86_64-snowleopard