CRAN Package Check Results for Package remix

Last updated on 2014-04-24 15:50:46.

Flavor Version Tinstall Tcheck Ttotal Status Flags
r-devel-linux-x86_64-debian-clang 2.1 2.12 25.97 28.09 NOTE
r-devel-linux-x86_64-debian-gcc 2.1 2.07 26.09 28.16 NOTE
r-devel-linux-x86_64-fedora-clang 2.1 55.13 NOTE
r-devel-linux-x86_64-fedora-gcc 2.1 54.32 NOTE
r-devel-osx-x86_64-clang 2.1 53.44 NOTE
r-devel-osx-x86_64-gcc 2.1 ERROR
r-devel-windows-ix86+x86_64 2.1 7.00 38.00 45.00 NOTE
r-patched-linux-x86_64 2.1 2.03 25.89 27.92 NOTE
r-patched-solaris-sparc 2.1 299.70 NOTE
r-patched-solaris-x86 2.1 71.50 NOTE
r-release-linux-ix86 2.1 3.00 46.00 49.00 NOTE
r-release-linux-x86_64 2.1 2.03 26.22 28.26 NOTE
r-release-osx-x86_64-mavericks 2.1 WARN
r-release-osx-x86_64-snowleopard 2.1 NOTE
r-release-windows-ix86+x86_64 2.1 7.00 40.00 47.00 NOTE
r-oldrel-windows-ix86+x86_64 2.1 7.00 42.00 49.00 NOTE

Check Details

Version: 2.1
Check: dependencies in R code
Result: NOTE
    Packages in Depends field not imported from:
     ‘plyr’ ‘survival’
     These packages need to be imported from (in the NAMESPACE file)
     for when this namespace is loaded but not attached.
    ':::' call which should be '::': ‘Hmisc:::label.default’
     See the note in ?`:::` about the use of this operator.
    See the information on DESCRIPTION files in the chapter ‘Creating R
    packages’ of the ‘Writing R Extensions’ manual.
Flavors: r-devel-linux-x86_64-debian-clang, r-devel-linux-x86_64-debian-gcc, r-devel-linux-x86_64-fedora-clang, r-devel-linux-x86_64-fedora-gcc, r-devel-osx-x86_64-clang, r-devel-windows-ix86+x86_64, r-patched-linux-x86_64, r-patched-solaris-sparc, r-patched-solaris-x86, r-release-linux-ix86, r-release-linux-x86_64, r-release-osx-x86_64-mavericks, r-release-windows-ix86+x86_64, r-oldrel-windows-ix86+x86_64

Version: 2.1
Check: Rd \usage sections
Result: NOTE
    S3 methods shown with full name in documentation object 'as.data.frame.correlation':
     ‘as.data.frame.correlation’
    
    S3 methods shown with full name in documentation object 'as.data.frame.freq':
     ‘as.data.frame.freq’
    
    S3 methods shown with full name in documentation object 'as.data.frame.summarize':
     ‘as.data.frame.summarize’
    
    S3 methods shown with full name in documentation object 'as.data.frame.summarize.by':
     ‘as.data.frame.summarize.by’
    
    S3 methods shown with full name in documentation object 'as.data.frame.survival':
     ‘as.data.frame.survival’
    
    S3 methods shown with full name in documentation object 'as.data.frame.tabular':
     ‘as.data.frame.tabular’
    
    The \usage entries for S3 methods should use the \method markup and not
    their full name.
    See the chapter ‘Writing R documentation files’ in the ‘Writing R
    Extensions’ manual.
Flavors: r-devel-linux-x86_64-debian-clang, r-devel-linux-x86_64-debian-gcc, r-devel-linux-x86_64-fedora-clang, r-devel-linux-x86_64-fedora-gcc, r-devel-osx-x86_64-clang, r-devel-windows-ix86+x86_64, r-patched-linux-x86_64, r-patched-solaris-sparc, r-patched-solaris-x86, r-release-linux-ix86, r-release-linux-x86_64, r-release-osx-x86_64-mavericks, r-release-osx-x86_64-snowleopard, r-release-windows-ix86+x86_64, r-oldrel-windows-ix86+x86_64

Version: 2.1
Check: package dependencies
Result: ERROR
    Package required but not available: ‘Hmisc’
    
    See the information on DESCRIPTION files in the chapter ‘Creating R
    packages’ of the ‘Writing R Extensions’ manual.
Flavor: r-devel-osx-x86_64-gcc

Version: 2.1
Check: PDF version of manual
Result: WARNING
    LaTeX errors when creating PDF version.
    This typically indicates Rd problems.
    LaTeX errors found:
    ! LaTeX Error: File `upquote.sty' not found.
    
    Type X to quit or <RETURN> to proceed,
    or enter new name. (Default extension: sty)
    
    6b8bc48/Rd2.tex:8: ==> Fatal error occurred, no output PDF file produced!
Flavor: r-release-osx-x86_64-mavericks

Version: 2.1
Check: dependencies in R code
Result: NOTE
    Packages in Depends field not imported from:
     'plyr' 'survival'
     These packages need to be imported from for the case when
     this namespace is loaded but not attached.
    ':::' call which should be '::': 'Hmisc:::label.default'
     See the note in ?`:::` about the use of this operator.
    See the information on DESCRIPTION files in the chapter 'Creating R
    packages' of the 'Writing R Extensions' manual.
Flavor: r-release-osx-x86_64-snowleopard