CRAN Package Check Results for Package remix

Last updated on 2015-05-29 21:47:06.

Flavor Version Tinstall Tcheck Ttotal Status Flags
r-devel-linux-x86_64-debian-clang 2.1 1.86 23.01 24.87 NOTE
r-devel-linux-x86_64-debian-gcc 2.1 2.50 23.20 25.71 NOTE
r-devel-linux-x86_64-fedora-clang 2.1 49.82 NOTE
r-devel-linux-x86_64-fedora-gcc 2.1 46.77 NOTE
r-devel-osx-x86_64-clang 2.1 46.35 NOTE
r-devel-windows-ix86+x86_64 2.1 8.00 43.00 51.00 NOTE
r-patched-linux-x86_64 2.1 2.48 23.22 25.70 NOTE
r-patched-solaris-sparc 2.1 298.20 NOTE
r-patched-solaris-x86 2.1 72.10 NOTE
r-release-linux-x86_64 2.1 1.85 23.33 25.18 NOTE
r-release-osx-x86_64-mavericks 2.1 NOTE
r-release-osx-x86_64-snowleopard 2.1 ERROR
r-release-windows-ix86+x86_64 2.1 10.00 41.00 51.00 NOTE
r-oldrel-windows-ix86+x86_64 2.1 18.00 77.00 95.00 NOTE

Check Details

Version: 2.1
Check: dependencies in R code
Result: NOTE
    Packages in Depends field not imported from:
     ‘plyr’ ‘survival’
     These packages need to be imported from (in the NAMESPACE file)
     for when this namespace is loaded but not attached.
    ':::' call which should be '::': ‘Hmisc:::label.default’
     See the note in ?`:::` about the use of this operator.
Flavors: r-devel-linux-x86_64-debian-clang, r-devel-linux-x86_64-debian-gcc, r-devel-linux-x86_64-fedora-clang, r-devel-linux-x86_64-fedora-gcc, r-devel-osx-x86_64-clang, r-devel-windows-ix86+x86_64, r-patched-linux-x86_64, r-patched-solaris-sparc, r-patched-solaris-x86, r-release-linux-x86_64, r-release-osx-x86_64-mavericks, r-release-windows-ix86+x86_64, r-oldrel-windows-ix86+x86_64

Version: 2.1
Check: S3 generic/method consistency
Result: NOTE
    Found the following apparent S3 methods exported but not registered:
     as.data.frame.correlation as.data.frame.freq as.data.frame.summarize
     as.data.frame.summarize.by as.data.frame.survival
     as.data.frame.tabular
    See section ‘Registering S3 methods’ in the ‘Writing R Extensions’
    manual.
Flavors: r-devel-linux-x86_64-debian-clang, r-devel-linux-x86_64-debian-gcc, r-devel-linux-x86_64-fedora-clang, r-devel-linux-x86_64-fedora-gcc, r-devel-osx-x86_64-clang, r-patched-linux-x86_64, r-patched-solaris-sparc, r-patched-solaris-x86, r-release-linux-x86_64

Version: 2.1
Check: R code for possible problems
Result: NOTE
    cross: no visible binding for global variable ‘is.Surv’
    is.numeric.and.not.surv: no visible global function definition for
     ‘is.Surv’
    remix: no visible global function definition for ‘is.formula’
    remix : <anonymous>: no visible global function definition for
     ‘is.Surv’
    remix: no visible binding for global variable ‘is.Surv’
    remix: no visible global function definition for ‘llply’
    summarize.by: no visible global function definition for ‘dlply’
    summarize.by: no visible global function definition for ‘.’
    summarize.data.frame.by: no visible global function definition for
     ‘dlply’
    survival: no visible global function definition for ‘survfit’
    survival: no visible global function definition for ‘daply’
    survival: no visible global function definition for ‘.’
    test.survival.logrank: no visible global function definition for
     ‘survdiff’
Flavors: r-devel-linux-x86_64-debian-clang, r-devel-linux-x86_64-debian-gcc, r-devel-linux-x86_64-fedora-clang, r-devel-linux-x86_64-fedora-gcc, r-devel-osx-x86_64-clang, r-devel-windows-ix86+x86_64, r-patched-linux-x86_64, r-patched-solaris-sparc, r-patched-solaris-x86, r-release-linux-x86_64, r-release-osx-x86_64-mavericks, r-release-windows-ix86+x86_64, r-oldrel-windows-ix86+x86_64

Version: 2.1
Check: Rd \usage sections
Result: NOTE
    S3 methods shown with full name in documentation object 'as.data.frame.correlation':
     ‘as.data.frame.correlation’
    
    S3 methods shown with full name in documentation object 'as.data.frame.freq':
     ‘as.data.frame.freq’
    
    S3 methods shown with full name in documentation object 'as.data.frame.summarize':
     ‘as.data.frame.summarize’
    
    S3 methods shown with full name in documentation object 'as.data.frame.summarize.by':
     ‘as.data.frame.summarize.by’
    
    S3 methods shown with full name in documentation object 'as.data.frame.survival':
     ‘as.data.frame.survival’
    
    S3 methods shown with full name in documentation object 'as.data.frame.tabular':
     ‘as.data.frame.tabular’
    
    The \usage entries for S3 methods should use the \method markup and not
    their full name.
    See chapter ‘Writing R documentation files’ in the ‘Writing R
    Extensions’ manual.
Flavors: r-devel-linux-x86_64-debian-clang, r-devel-linux-x86_64-debian-gcc, r-devel-linux-x86_64-fedora-clang, r-devel-linux-x86_64-fedora-gcc, r-devel-osx-x86_64-clang, r-devel-windows-ix86+x86_64, r-patched-linux-x86_64, r-patched-solaris-sparc, r-patched-solaris-x86, r-release-linux-x86_64, r-release-osx-x86_64-mavericks, r-release-windows-ix86+x86_64, r-oldrel-windows-ix86+x86_64

Version: 2.1
Check: package dependencies
Result: ERROR
    Package required but not available: ‘Hmisc’
    
    See section ‘The DESCRIPTION file’ in the ‘Writing R Extensions’
    manual.
Flavor: r-release-osx-x86_64-snowleopard