CRAN Package Check Results for Package remix

Last updated on 2014-07-23 08:49:54.

Flavor Version Tinstall Tcheck Ttotal Status Flags
r-devel-linux-x86_64-debian-clang 2.1 2.90 24.18 27.08 NOTE
r-devel-linux-x86_64-debian-gcc 2.1 1.91 23.92 25.83 NOTE
r-devel-linux-x86_64-fedora-clang 2.1 55.67 NOTE
r-devel-linux-x86_64-fedora-gcc 2.1 53.74 NOTE
r-devel-osx-x86_64-clang 2.1 49.59 NOTE
r-devel-windows-ix86+x86_64 2.1 6.00 42.00 48.00 NOTE
r-patched-linux-x86_64 2.1 2.00 24.36 26.35 NOTE
r-patched-solaris-sparc 2.1 299.70 NOTE
r-patched-solaris-x86 2.1 69.80 NOTE
r-release-linux-ix86 2.1 2.56 32.09 34.66 NOTE
r-release-linux-x86_64 2.1 1.93 25.24 27.17 NOTE
r-release-osx-x86_64-mavericks 2.1 NOTE
r-release-osx-x86_64-snowleopard 2.1 NOTE
r-release-windows-ix86+x86_64 2.1 7.00 41.00 48.00 NOTE
r-oldrel-windows-ix86+x86_64 2.1 8.00 41.00 49.00 NOTE

Check Details

Version: 2.1
Check: dependencies in R code
Result: NOTE
    Packages in Depends field not imported from:
     ‘plyr’ ‘survival’
     These packages need to be imported from (in the NAMESPACE file)
     for when this namespace is loaded but not attached.
    ':::' call which should be '::': ‘Hmisc:::label.default’
     See the note in ?`:::` about the use of this operator.
    See the information on DESCRIPTION files in the chapter ‘Creating R
    packages’ of the ‘Writing R Extensions’ manual.
Flavors: r-devel-linux-x86_64-debian-clang, r-devel-linux-x86_64-debian-gcc, r-devel-linux-x86_64-fedora-clang, r-devel-linux-x86_64-fedora-gcc, r-devel-osx-x86_64-clang, r-devel-windows-ix86+x86_64, r-patched-linux-x86_64, r-patched-solaris-sparc, r-patched-solaris-x86, r-release-linux-ix86, r-release-linux-x86_64, r-release-osx-x86_64-mavericks, r-release-windows-ix86+x86_64, r-oldrel-windows-ix86+x86_64

Version: 2.1
Check: Rd \usage sections
Result: NOTE
    S3 methods shown with full name in documentation object 'as.data.frame.correlation':
     ‘as.data.frame.correlation’
    
    S3 methods shown with full name in documentation object 'as.data.frame.freq':
     ‘as.data.frame.freq’
    
    S3 methods shown with full name in documentation object 'as.data.frame.summarize':
     ‘as.data.frame.summarize’
    
    S3 methods shown with full name in documentation object 'as.data.frame.summarize.by':
     ‘as.data.frame.summarize.by’
    
    S3 methods shown with full name in documentation object 'as.data.frame.survival':
     ‘as.data.frame.survival’
    
    S3 methods shown with full name in documentation object 'as.data.frame.tabular':
     ‘as.data.frame.tabular’
    
    The \usage entries for S3 methods should use the \method markup and not
    their full name.
    See the chapter ‘Writing R documentation files’ in the ‘Writing R
    Extensions’ manual.
Flavors: r-devel-linux-x86_64-debian-clang, r-devel-linux-x86_64-debian-gcc, r-devel-linux-x86_64-fedora-clang, r-devel-linux-x86_64-fedora-gcc, r-devel-osx-x86_64-clang, r-devel-windows-ix86+x86_64, r-patched-linux-x86_64, r-patched-solaris-sparc, r-patched-solaris-x86, r-release-linux-ix86, r-release-linux-x86_64, r-release-osx-x86_64-mavericks, r-release-osx-x86_64-snowleopard, r-release-windows-ix86+x86_64, r-oldrel-windows-ix86+x86_64

Version: 2.1
Check: dependencies in R code
Result: NOTE
    Packages in Depends field not imported from:
     'plyr' 'survival'
     These packages need to be imported from for the case when
     this namespace is loaded but not attached.
    ':::' call which should be '::': 'Hmisc:::label.default'
     See the note in ?`:::` about the use of this operator.
    See the information on DESCRIPTION files in the chapter 'Creating R
    packages' of the 'Writing R Extensions' manual.
Flavor: r-release-osx-x86_64-snowleopard