CRAN Package Check Results for Package rentrez

Last updated on 2017-03-27 18:50:10.

Flavor Version Tinstall Tcheck Ttotal Status Flags
r-devel-linux-x86_64-debian-clang 1.0.4 1.12 38.86 39.99 OK
r-devel-linux-x86_64-debian-gcc 1.0.4 1.11 38.41 39.52 OK
r-devel-linux-x86_64-fedora-clang 1.0.4 44.10 WARN --no-stop-on-test-error
r-devel-linux-x86_64-fedora-gcc 1.0.4 36.87 WARN --no-stop-on-test-error
r-devel-macos-x86_64-clang 1.0.4 35.49 WARN --no-stop-on-test-error
r-devel-windows-ix86+x86_64 1.0.4 3.00 57.00 60.00 OK --no-vignettes
r-patched-linux-x86_64 1.0.4 1.12 39.33 40.45 OK
r-patched-solaris-sparc 1.0.4 252.20 OK
r-patched-solaris-x86 1.0.4 56.70 OK
r-release-linux-x86_64 1.0.4 1.08 44.28 45.36 OK
r-release-osx-x86_64-mavericks 1.0.4 OK
r-release-windows-ix86+x86_64 1.0.4 5.00 66.00 71.00 OK --no-vignettes
r-oldrel-windows-ix86+x86_64 1.0.4 4.00 50.00 54.00 ERROR --no-vignettes

Check Details

Version: 1.0.4
Flags: --no-stop-on-test-error
Check: re-building of vignette outputs
Result: WARN
    Error in re-building vignettes:
     ...
    Quitting from lines 593-598 (rentrez_tutorial.Rmd)
    Error: processing vignette 'rentrez_tutorial.Rmd' failed with diagnostics:
    'names' attribute [1] must be the same length as the vector [0]
    Execution halted
Flavors: r-devel-linux-x86_64-fedora-clang, r-devel-macos-x86_64-clang

Version: 1.0.4
Flags: --no-stop-on-test-error
Check: re-building of vignette outputs
Result: WARN
    Error in re-building vignettes:
     ...
    Quitting from lines 155-158 (rentrez_tutorial.Rmd)
    Error: processing vignette 'rentrez_tutorial.Rmd' failed with diagnostics:
    subscript out of bounds
    Execution halted
Flavor: r-devel-linux-x86_64-fedora-gcc

Version: 1.0.4
Flags: --no-vignettes
Check: examples
Result: ERROR
    Running examples in 'rentrez-Ex.R' failed
    The error most likely occurred in:
    
    > ### Name: entrez_db_summary
    > ### Title: Retrieve summary information about an NCBI database
    > ### Aliases: entrez_db_summary
    >
    > ### ** Examples
    >
    > entrez_db_summary("pubmed")
    Error in curl::curl_fetch_memory(url, handle = handle) :
     Timeout was reached
    Calls: entrez_db_summary ... request_fetch -> request_fetch.write_memory -> <Anonymous> -> .Call
    Execution halted
Flavor: r-oldrel-windows-ix86+x86_64