CRAN Package Check Results for Package rentrez

Last updated on 2017-09-19 21:48:21.

Flavor Version Tinstall Tcheck Ttotal Status Flags
r-devel-linux-x86_64-debian-clang 1.1.0 1.11 42.71 43.82 OK
r-devel-linux-x86_64-debian-gcc 1.1.0 1.09 50.64 51.72 WARN
r-devel-linux-x86_64-fedora-clang 1.1.0 40.39 WARN
r-devel-linux-x86_64-fedora-gcc 1.1.0 31.94 OK
r-devel-windows-ix86+x86_64 1.1.0 4.00 67.00 71.00 OK --no-vignettes
r-patched-linux-x86_64 1.1.0 1.28 40.37 41.65 OK
r-patched-solaris-x86 1.1.0 56.90 OK
r-release-linux-x86_64 1.1.0 1.46 69.91 71.37 OK
r-release-windows-ix86+x86_64 1.1.0 3.00 41.00 44.00 OK --no-vignettes
r-release-osx-x86_64 1.1.0 OK
r-oldrel-windows-ix86+x86_64 1.1.0 3.00 37.00 40.00 OK --no-vignettes
r-oldrel-osx-x86_64 1.1.0 OK

Check Details

Version: 1.1.0
Check: re-building of vignette outputs
Result: WARN
    Error in re-building vignettes:
     ...
    Quitting from lines 155-158 (rentrez_tutorial.Rmd)
    Error: processing vignette ‘rentrez_tutorial.Rmd’ failed with diagnostics:
    subscript out of bounds
    Execution halted
Flavor: r-devel-linux-x86_64-debian-gcc

Version: 1.1.0
Check: re-building of vignette outputs
Result: WARN
    Error in re-building vignettes:
     ...
    Quitting from lines 165-168 (rentrez_tutorial.Rmd)
    Error: processing vignette 'rentrez_tutorial.Rmd' failed with diagnostics:
    subscript out of bounds
    Execution halted
Flavor: r-devel-linux-x86_64-fedora-clang