CRAN Package Check Results for Package rentrez

Last updated on 2015-05-24 23:47:35.

Flavor Version Tinstall Tcheck Ttotal Status Flags
r-devel-linux-x86_64-debian-clang 0.4.1 1.25 39.44 40.69 OK
r-devel-linux-x86_64-debian-gcc 0.4.1 0.98 38.18 39.17 OK
r-devel-linux-x86_64-fedora-clang 0.4.1 35.90 OK
r-devel-linux-x86_64-fedora-gcc 0.4.1 33.59 OK
r-devel-osx-x86_64-clang 0.4.1 54.50 OK
r-devel-windows-ix86+x86_64 0.4.1 3.00 52.00 55.00 OK
r-patched-linux-x86_64 0.4.1 1.05 37.34 38.39 OK
r-patched-solaris-sparc 0.4.1 228.60 OK
r-patched-solaris-x86 0.4.1 51.80 OK
r-release-linux-x86_64 0.4.1 1.05 34.86 35.92 OK
r-release-osx-x86_64-mavericks 0.4.1 OK
r-release-osx-x86_64-snowleopard 0.4.1 ERROR
r-release-windows-ix86+x86_64 0.4.1 3.00 49.00 52.00 OK
r-oldrel-windows-ix86+x86_64 0.4.1 4.00 52.00 56.00 OK

Check Details

Version: 0.4.1
Check: package dependencies
Result: ERROR
    Package required but not available: ‘XML’
    
    Package suggested but not available for checking: ‘knitr’
    
    VignetteBuilder package required for checking but not installed: ‘knitr’
    
    See section ‘The DESCRIPTION file’ in the ‘Writing R Extensions’
    manual.
Flavor: r-release-osx-x86_64-snowleopard