CRAN Package Check Results for Package rentrez

Last updated on 2016-02-09 12:47:51.

Flavor Version Tinstall Tcheck Ttotal Status Flags
r-devel-linux-x86_64-debian-gcc 1.0.0 1.03 37.90 38.93 WARN --no-tests
r-devel-linux-x86_64-fedora-clang 1.0.0 34.09 WARN
r-devel-linux-x86_64-fedora-gcc 1.0.0 32.36 WARN
r-devel-osx-x86_64-clang 1.0.0 47.69 WARN
r-devel-windows-ix86+x86_64 1.0.0 6.00 68.00 74.00 WARN
r-patched-linux-x86_64 1.0.0 1.07 32.03 33.10 NOTE --no-tests
r-patched-solaris-sparc 1.0.0 222.90 NOTE
r-patched-solaris-x86 1.0.0 48.90 NOTE
r-release-linux-x86_64 1.0.0 1.18 31.41 32.60 NOTE --no-tests
r-release-osx-x86_64-mavericks 1.0.0 OK
r-release-windows-ix86+x86_64 1.0.0 6.00 63.00 69.00 NOTE
r-oldrel-windows-ix86+x86_64 1.0.0 8.00 54.00 62.00 NOTE

Check Details

Version: 1.0.0
Flags: --no-tests
Check: re-building of vignette outputs
Result: WARN
    Error in re-building vignettes:
     ...
    Quitting from lines 348-351 (rentrez_tutorial.Rmd)
    Error: processing vignette ‘rentrez_tutorial.Rmd’ failed with diagnostics:
    All components of query must be named
    Execution halted
Flavor: r-devel-linux-x86_64-debian-gcc

Version: 1.0.0
Check: re-building of vignette outputs
Result: WARN
    Error in re-building vignettes:
     ...
    Quitting from lines 348-351 (rentrez_tutorial.Rmd)
    Error: processing vignette 'rentrez_tutorial.Rmd' failed with diagnostics:
    All components of query must be named
    Execution halted
Flavors: r-devel-linux-x86_64-fedora-clang, r-devel-linux-x86_64-fedora-gcc, r-devel-osx-x86_64-clang, r-devel-windows-ix86+x86_64

Version: 1.0.0
Flags: --no-tests
Check: re-building of vignette outputs
Result: NOTE
    Error in re-building vignettes:
     ...
    Quitting from lines 348-351 (rentrez_tutorial.Rmd)
    Error: processing vignette ‘rentrez_tutorial.Rmd’ failed with diagnostics:
    All components of query must be named
    Execution halted
Flavors: r-patched-linux-x86_64, r-release-linux-x86_64

Version: 1.0.0
Check: re-building of vignette outputs
Result: NOTE
    Error in re-building vignettes:
     ...
    Warning in (if (grepl("\\.[Rr]md$", file)) knit2html else if (grepl("\\.[Rr]rst$", :
     It seems you should call rmarkdown::render() instead of knitr::knit2html() because rentrez_tutorial.Rmd appears to be an R Markdown v2 document.
    Quitting from lines 348-351 (rentrez_tutorial.Rmd)
    Error: processing vignette 'rentrez_tutorial.Rmd' failed with diagnostics:
    All components of query must be named
    Execution halted
Flavors: r-patched-solaris-sparc, r-patched-solaris-x86

Version: 1.0.0
Check: re-building of vignette outputs
Result: NOTE
    Error in re-building vignettes:
     ...
    Quitting from lines 348-351 (rentrez_tutorial.Rmd)
    Error: processing vignette 'rentrez_tutorial.Rmd' failed with diagnostics:
    All components of query must be named
    Execution halted
Flavors: r-release-windows-ix86+x86_64, r-oldrel-windows-ix86+x86_64