CRAN Package Check Results for Package rentrez

Last updated on 2016-04-29 19:49:58.

Flavor Version Tinstall Tcheck Ttotal Status Flags
r-devel-linux-x86_64-debian-gcc 1.0.2 1.02 19.25 20.27 OK --no-vignettes
r-devel-linux-x86_64-fedora-clang 1.0.2 36.90 OK
r-devel-linux-x86_64-fedora-gcc 1.0.2 33.91 OK
r-devel-osx-x86_64-clang 1.0.2 61.64 OK
r-devel-windows-ix86+x86_64 1.0.2 3.00 40.00 43.00 OK --no-vignettes
r-patched-linux-x86_64 1.0.2 1.12 19.91 21.03 OK --no-vignettes
r-patched-solaris-sparc 1.0.2 206.00 WARN
r-patched-solaris-x86 1.0.2 47.90 OK
r-release-linux-x86_64 1.0.2 1.10 23.81 24.92 OK --no-vignettes
r-release-osx-x86_64-mavericks 1.0.2 NOTE
r-release-windows-ix86+x86_64 1.0.2 4.00 36.00 40.00 OK --no-vignettes
r-oldrel-windows-ix86+x86_64 1.0.2 8.00 50.00 58.00 OK --no-vignettes

Check Details

Version: 1.0.2
Check: re-building of vignette outputs
Result: WARN
    Error in re-building vignettes:
     ...
    Warning in (if (grepl("\\.[Rr]md$", file)) knit2html else if (grepl("\\.[Rr]rst$", :
     It seems you should call rmarkdown::render() instead of knitr::knit2html() because rentrez_tutorial.Rmd appears to be an R Markdown v2 document.
    Quitting from lines 593-598 (rentrez_tutorial.Rmd)
    Error: processing vignette 'rentrez_tutorial.Rmd' failed with diagnostics:
    'names' attribute [1] must be the same length as the vector [0]
    Execution halted
Flavor: r-patched-solaris-sparc

Version: 1.0.2
Check: re-building of vignette outputs
Result: NOTE
    Error in re-building vignettes:
     ...
    Warning in (if (grepl("\\.[Rr]md$", file)) knit2html else if (grepl("\\.[Rr]rst$", :
     It seems you should call rmarkdown::render() instead of knitr::knit2html() because rentrez_tutorial.Rmd appears to be an R Markdown v2 document.
    Quitting from lines 441-444 (rentrez_tutorial.Rmd)
    Error: processing vignette 'rentrez_tutorial.Rmd' failed with diagnostics:
    HTTP failure: 502, bad gateway. This error code is often returned when trying to download many records in a single request. Try using web history as described in the rentrez tutorial
    Execution halted
Flavor: r-release-osx-x86_64-mavericks