CRAN Package Check Results for Package rentrez

Last updated on 2014-11-26 07:47:13.

Flavor Version Tinstall Tcheck Ttotal Status Flags
r-devel-linux-x86_64-debian-clang 0.3.1 1.20 44.48 45.68 ERROR
r-devel-linux-x86_64-debian-gcc 0.3.1 1.15 47.38 48.54 OK
r-devel-linux-x86_64-fedora-clang 0.3.1 46.18 OK
r-devel-linux-x86_64-fedora-gcc 0.3.1 42.89 OK
r-devel-osx-x86_64-clang 0.3.1 71.36 OK
r-devel-windows-ix86+x86_64 0.3.1 4.00 57.00 61.00 OK
r-patched-linux-x86_64 0.3.1 1.23 57.63 58.86 OK
r-patched-solaris-sparc 0.3.1 233.20 OK
r-patched-solaris-x86 0.3.1 60.20 OK
r-release-linux-ix86 0.3.1 1.57 65.34 66.91 OK
r-release-linux-x86_64 0.3.1 1.22 51.86 53.08 OK
r-release-osx-x86_64-mavericks 0.3.1 OK
r-release-osx-x86_64-snowleopard 0.3.1 OK
r-release-windows-ix86+x86_64 0.3.1 4.00 64.00 68.00 OK
r-oldrel-windows-ix86+x86_64 0.3.1 4.00 62.00 66.00 OK

Check Details

Version: 0.3.1
Check: tests
Result: ERROR
    Running the tests in ‘tests/test-all.R’ failed.
    Last 13 lines of output:
     character()
     else names(CURLcodeValues)[i]
     }
     typeName = gsub("^CURLE_", "", typeName)
     fun = (if (asError)
     stop
     else warning)
     fun(structure(list(message = msg, call = sys.call()), class = c(typeName, "GenericCurlError",
     "error", "condition")))
     }(52L, "Empty reply from server", TRUE)
    
     Error: Test failures
     Execution halted
Flavor: r-devel-linux-x86_64-debian-clang