CRAN Package Check Results for Package rentrez

Last updated on 2014-04-23 12:48:26.

Flavor Version Tinstall Tcheck Ttotal Status Flags
r-devel-linux-x86_64-debian-clang 0.2.3 1.56 20.67 22.23 OK
r-devel-linux-x86_64-debian-gcc 0.2.3 1.48 20.50 21.98 OK
r-devel-linux-x86_64-fedora-clang 0.2.3 44.18 OK
r-devel-linux-x86_64-fedora-gcc 0.2.3 41.03 OK
r-devel-osx-x86_64-clang 0.2.3 42.36 OK
r-devel-osx-x86_64-gcc 0.2.3 ERROR
r-devel-windows-ix86+x86_64 0.2.3 5.00 29.00 34.00 OK
r-patched-linux-x86_64 0.2.3 1.48 20.72 22.20 OK
r-patched-solaris-sparc 0.2.3 239.10 OK
r-patched-solaris-x86 0.2.3 58.00 OK
r-release-linux-ix86 0.2.3 2.00 37.00 39.00 OK
r-release-linux-x86_64 0.2.3 1.51 20.63 22.14 OK
r-release-osx-x86_64-mavericks 0.2.3 WARN
r-release-osx-x86_64-snowleopard 0.2.3 OK
r-release-windows-ix86+x86_64 0.2.3 9.00 41.00 50.00 OK
r-oldrel-windows-ix86+x86_64 0.2.3 5.00 46.00 51.00 OK

Check Details

Version: 0.2.3
Check: package dependencies
Result: ERROR
    Package required but not available: ‘XML’
    
    See the information on DESCRIPTION files in the chapter ‘Creating R
    packages’ of the ‘Writing R Extensions’ manual.
Flavor: r-devel-osx-x86_64-gcc

Version: 0.2.3
Check: PDF version of manual
Result: WARNING
    LaTeX errors when creating PDF version.
    This typically indicates Rd problems.
    LaTeX errors found:
    ! LaTeX Error: File `upquote.sty' not found.
    
    Type X to quit or <RETURN> to proceed,
    or enter new name. (Default extension: sty)
    
    38cf959e/Rd2.tex:8: ==> Fatal error occurred, no output PDF file produced!
Flavor: r-release-osx-x86_64-mavericks