CRAN Package Check Results for Package rentrez

Last updated on 2016-09-30 23:48:08.

Flavor Version Tinstall Tcheck Ttotal Status Flags
r-devel-linux-x86_64-debian-clang 1.0.2 1.07 48.22 49.29 WARN
r-devel-linux-x86_64-debian-gcc 1.0.2 1.05 46.15 47.20 WARN
r-devel-linux-x86_64-fedora-clang 1.0.2 36.86 WARN
r-devel-linux-x86_64-fedora-gcc 1.0.2 34.47 WARN
r-devel-macos-x86_64-clang 1.0.2 31.39 WARN
r-devel-windows-ix86+x86_64 1.0.2 5.00 48.00 53.00 WARN --no-vignettes
r-patched-linux-x86_64 1.0.2 1.04 34.97 36.01 OK
r-patched-solaris-sparc 1.0.2 211.40 OK
r-patched-solaris-x86 1.0.2 47.00 WARN
r-release-linux-x86_64 1.0.2 1.01 46.23 47.24 WARN
r-release-osx-x86_64-mavericks 1.0.2 OK
r-release-windows-ix86+x86_64 1.0.2 4.00 50.00 54.00 OK --no-vignettes
r-oldrel-windows-ix86+x86_64 1.0.2 6.00 32.00 38.00 OK --no-vignettes

Check Details

Version: 1.0.2
Check: files in ‘vignettes’
Result: WARN
    Files in the 'vignettes' directory newer than all files in 'inst/doc':
     ‘rentrez_tutorial.Rmd’
Flavors: r-devel-linux-x86_64-debian-clang, r-devel-linux-x86_64-debian-gcc, r-devel-linux-x86_64-fedora-clang, r-devel-linux-x86_64-fedora-gcc, r-devel-macos-x86_64-clang

Version: 1.0.2
Check: re-building of vignette outputs
Result: WARN
    Error in re-building vignettes:
     ...
    Quitting from lines 593-598 (rentrez_tutorial.Rmd)
    Error: processing vignette ‘rentrez_tutorial.Rmd’ failed with diagnostics:
    ‘names’ attribute [1] must be the same length as the vector [0]
    Execution halted
Flavors: r-devel-linux-x86_64-debian-clang, r-devel-linux-x86_64-debian-gcc, r-devel-linux-x86_64-fedora-clang, r-release-linux-x86_64

Version: 1.0.2
Flags: --no-vignettes
Check: files in ‘vignettes’
Result: WARN
    Files in the 'vignettes' directory newer than all files in 'inst/doc':
     'rentrez_tutorial.Rmd'
Flavor: r-devel-windows-ix86+x86_64

Version: 1.0.2
Check: re-building of vignette outputs
Result: WARN
    Error in re-building vignettes:
     ...
    Warning: It seems you should call rmarkdown::render() instead of knitr::knit2html() because rentrez_tutorial.Rmd appears to be an R Markdown v2 document.
    Quitting from lines 593-598 (rentrez_tutorial.Rmd)
    Error: processing vignette 'rentrez_tutorial.Rmd' failed with diagnostics:
    'names' attribute [1] must be the same length as the vector [0]
    Execution halted
Flavor: r-patched-solaris-x86