CRAN Package Check Results for Package rentrez

Last updated on 2017-01-23 14:48:26.

Flavor Version Tinstall Tcheck Ttotal Status Flags
r-devel-linux-x86_64-debian-clang 1.0.4 1.16 39.92 41.08 OK
r-devel-linux-x86_64-debian-gcc 1.0.4 1.04 50.55 51.60 WARN
r-devel-linux-x86_64-fedora-clang 1.0.4 43.73 OK --no-stop-on-test-error
r-devel-linux-x86_64-fedora-gcc 1.0.4 30.39 WARN --no-stop-on-test-error
r-devel-macos-x86_64-clang 1.0.4 35.91 OK --no-stop-on-test-error
r-devel-windows-ix86+x86_64 1.0.4 4.00 43.00 47.00 OK --no-vignettes
r-patched-linux-x86_64 1.0.4 1.10 35.70 36.79 OK
r-patched-solaris-sparc 1.0.4 211.30 OK
r-patched-solaris-x86 1.0.4 41.90 OK
r-release-linux-x86_64 1.0.4 1.16 38.35 39.51 OK
r-release-osx-x86_64-mavericks 1.0.4 OK
r-release-windows-ix86+x86_64 1.0.4 10.00 37.00 47.00 OK --no-vignettes
r-oldrel-windows-ix86+x86_64 1.0.4 9.00 43.00 52.00 OK --no-vignettes

Check Details

Version: 1.0.4
Check: re-building of vignette outputs
Result: WARN
    Error in re-building vignettes:
     ...
    Quitting from lines 593-598 (rentrez_tutorial.Rmd)
    Error: processing vignette ‘rentrez_tutorial.Rmd’ failed with diagnostics:
    ‘names’ attribute [1] must be the same length as the vector [0]
    Execution halted
Flavor: r-devel-linux-x86_64-debian-gcc

Version: 1.0.4
Flags: --no-stop-on-test-error
Check: re-building of vignette outputs
Result: WARN
    Error in re-building vignettes:
     ...
    Quitting from lines 593-598 (rentrez_tutorial.Rmd)
    Error: processing vignette 'rentrez_tutorial.Rmd' failed with diagnostics:
    'names' attribute [1] must be the same length as the vector [0]
    Execution halted
Flavor: r-devel-linux-x86_64-fedora-gcc