CRAN Package Check Results for Package rentrez

Last updated on 2015-04-18 17:50:59.

Flavor Version Tinstall Tcheck Ttotal Status Flags
r-devel-linux-x86_64-debian-clang 0.4.1 0.99 46.72 47.71 OK
r-devel-linux-x86_64-debian-gcc 0.4.1 0.99 41.78 42.77 OK
r-devel-linux-x86_64-fedora-clang 0.4.1 37.85 OK
r-devel-linux-x86_64-fedora-gcc 0.4.1 35.64 OK
r-devel-osx-x86_64-clang 0.4.1 48.81 OK
r-patched-linux-x86_64 0.4.1 1.37 52.73 54.10 OK
r-patched-solaris-sparc 0.4.1 231.60 OK
r-patched-solaris-x86 0.4.1 41.70 OK
r-release-linux-x86_64 0.4.1 1.08 83610.84 83611.92 OK
r-release-osx-x86_64-mavericks 0.4.1 OK
r-release-osx-x86_64-snowleopard 0.4.1 ERROR
r-release-windows-ix86+x86_64 0.4.1 3.00 62.00 65.00 OK
r-oldrel-windows-ix86+x86_64 0.4.1 4.00 56.00 60.00 OK

Check Details

Version: 0.4.1
Check: package dependencies
Result: ERROR
    Package required but not available: ‘XML’
    
    Package suggested but not available for checking: ‘knitr’
    
    VignetteBuilder package required for checking but installed: ‘knitr’
    
    See section ‘The DESCRIPTION file’ in the ‘Writing R Extensions’
    manual.
Flavor: r-release-osx-x86_64-snowleopard