CRAN Package Check Results for Package rentrez

Last updated on 2016-12-09 03:51:53.

Flavor Version Tinstall Tcheck Ttotal Status Flags
r-devel-linux-x86_64-debian-clang 1.0.4 1.07 40.24 41.31 OK
r-devel-linux-x86_64-debian-gcc 1.0.4 1.13 40.22 41.35 OK
r-devel-linux-x86_64-fedora-clang 1.0.4 45.21 WARN --no-stop-on-test-error
r-devel-linux-x86_64-fedora-gcc 1.0.4 44.43 WARN --no-stop-on-test-error
r-devel-macos-x86_64-clang 1.0.4 36.17 WARN --no-stop-on-test-error
r-devel-windows-ix86+x86_64 1.0.4 3.00 62.00 65.00 OK --no-vignettes
r-patched-linux-x86_64 1.0.4 1.06 36.25 37.31 OK
r-patched-solaris-sparc 1.0.4 210.50 OK
r-patched-solaris-x86 1.0.4 47.20 OK
r-release-linux-x86_64 1.0.4 1.09 48.69 49.78 WARN
r-release-osx-x86_64-mavericks 1.0.4 OK
r-release-windows-ix86+x86_64 1.0.4 3.00 48.00 51.00 OK --no-vignettes
r-oldrel-windows-ix86+x86_64 1.0.4 5.00 40.00 45.00 OK --no-vignettes

Check Details

Version: 1.0.4
Flags: --no-stop-on-test-error
Check: re-building of vignette outputs
Result: WARN
    Error in re-building vignettes:
     ...
    Quitting from lines 593-598 (rentrez_tutorial.Rmd)
    Error: processing vignette 'rentrez_tutorial.Rmd' failed with diagnostics:
    'names' attribute [1] must be the same length as the vector [0]
    Execution halted
Flavors: r-devel-linux-x86_64-fedora-clang, r-devel-linux-x86_64-fedora-gcc, r-devel-macos-x86_64-clang

Version: 1.0.4
Check: re-building of vignette outputs
Result: WARN
    Error in re-building vignettes:
     ...
    Quitting from lines 593-598 (rentrez_tutorial.Rmd)
    Error: processing vignette ‘rentrez_tutorial.Rmd’ failed with diagnostics:
    ‘names’ attribute [1] must be the same length as the vector [0]
    Execution halted
Flavor: r-release-linux-x86_64