CRAN Package Check Results for Package rentrez

Last updated on 2017-02-25 17:47:46.

Flavor Version Tinstall Tcheck Ttotal Status Flags
r-devel-linux-x86_64-debian-clang 1.0.4 1.04 40.94 41.97 OK
r-devel-linux-x86_64-debian-gcc 1.0.4 1.14 39.02 40.16 OK
r-devel-linux-x86_64-fedora-clang 1.0.4 50.58 OK --no-stop-on-test-error
r-devel-linux-x86_64-fedora-gcc 1.0.4 43.59 OK --no-stop-on-test-error
r-devel-macos-x86_64-clang 1.0.4 36.33 WARN --no-stop-on-test-error
r-devel-windows-ix86+x86_64 1.0.4 5.00 52.00 57.00 OK --no-vignettes
r-patched-linux-x86_64 1.0.4 1.09 35.13 36.21 OK
r-patched-solaris-sparc 1.0.4 211.30 OK
r-patched-solaris-x86 1.0.4 46.20 OK
r-release-linux-x86_64 1.0.4 0.96 36.63 37.58 OK
r-release-osx-x86_64-mavericks 1.0.4 OK
r-release-windows-ix86+x86_64 1.0.4 6.00 76.00 82.00 OK --no-vignettes
r-oldrel-windows-ix86+x86_64 1.0.4 6.00 35.00 41.00 OK --no-vignettes

Check Details

Version: 1.0.4
Flags: --no-stop-on-test-error
Check: re-building of vignette outputs
Result: WARN
    Error in re-building vignettes:
     ...
    Quitting from lines 593-598 (rentrez_tutorial.Rmd)
    Error: processing vignette 'rentrez_tutorial.Rmd' failed with diagnostics:
    'names' attribute [1] must be the same length as the vector [0]
    Execution halted
Flavor: r-devel-macos-x86_64-clang