CRAN Package Check Results for Package repec

Last updated on 2022-05-18 11:52:39 CEST.

Flavor Version Tinstall Tcheck Ttotal Status Flags
r-devel-linux-x86_64-debian-clang 0.1.0 2.43 31.03 33.46 NOTE
r-devel-linux-x86_64-debian-gcc 0.1.0 1.57 23.94 25.51 NOTE
r-devel-linux-x86_64-fedora-clang 0.1.0 40.29 NOTE
r-devel-linux-x86_64-fedora-gcc 0.1.0 38.89 NOTE
r-devel-windows-x86_64 0.1.0 18.00 48.00 66.00 NOTE
r-patched-linux-x86_64 0.1.0 2.32 29.83 32.15 NOTE
r-release-linux-x86_64 0.1.0 2.22 30.02 32.24 NOTE
r-release-macos-arm64 0.1.0 13.00 NOTE
r-release-macos-x86_64 0.1.0 19.00 NOTE
r-release-windows-x86_64 0.1.0 16.00 51.00 67.00 NOTE
r-oldrel-macos-arm64 0.1.0 17.00 NOTE
r-oldrel-macos-x86_64 0.1.0 25.00 NOTE
r-oldrel-windows-ix86+x86_64 0.1.0 5.00 38.00 43.00 NOTE

Check Details

Version: 0.1.0
Check: LazyData
Result: NOTE
     'LazyData' is specified without a 'data' directory
Flavors: r-devel-linux-x86_64-debian-clang, r-devel-linux-x86_64-debian-gcc, r-devel-linux-x86_64-fedora-clang, r-devel-linux-x86_64-fedora-gcc, r-devel-windows-x86_64, r-patched-linux-x86_64, r-release-linux-x86_64, r-release-macos-arm64, r-release-macos-x86_64, r-release-windows-x86_64, r-oldrel-macos-arm64, r-oldrel-macos-x86_64, r-oldrel-windows-ix86+x86_64