CRAN Package Check Results for Package repec

Last updated on 2023-03-28 13:50:14 CEST.

Flavor Version Tinstall Tcheck Ttotal Status Flags
r-devel-linux-x86_64-debian-clang 0.1.0 2.26 21.32 23.58 NOTE
r-devel-linux-x86_64-debian-gcc 0.1.0 1.59 17.18 18.77 NOTE
r-devel-linux-x86_64-fedora-clang 0.1.0 29.97 NOTE
r-devel-linux-x86_64-fedora-gcc 0.1.0 28.54 NOTE
r-patched-linux-x86_64 0.1.0 2.51 20.94 23.45 NOTE
r-release-linux-x86_64 0.1.0 1.99 22.25 24.24 NOTE
r-release-macos-arm64 0.1.0 13.00 NOTE
r-release-macos-x86_64 0.1.0 19.00 NOTE
r-release-windows-x86_64 0.1.0 17.00 53.00 70.00 NOTE
r-oldrel-macos-arm64 0.1.0 17.00 NOTE
r-oldrel-macos-x86_64 0.1.0 25.00 NOTE
r-oldrel-windows-ix86+x86_64 0.1.0 5.00 48.00 53.00 NOTE

Check Details

Version: 0.1.0
Check: LazyData
Result: NOTE
     'LazyData' is specified without a 'data' directory
Flavors: r-devel-linux-x86_64-debian-clang, r-devel-linux-x86_64-debian-gcc, r-devel-linux-x86_64-fedora-clang, r-devel-linux-x86_64-fedora-gcc, r-patched-linux-x86_64, r-release-linux-x86_64, r-release-macos-arm64, r-release-macos-x86_64, r-release-windows-x86_64, r-oldrel-macos-arm64, r-oldrel-macos-x86_64, r-oldrel-windows-ix86+x86_64