Last updated on 2021-04-12 20:47:51 CEST.
Flavor | Version | Tinstall | Tcheck | Ttotal | Status | Flags |
---|---|---|---|---|---|---|
r-devel-linux-x86_64-debian-clang | 1.0.1 | 4.41 | 43.95 | 48.36 | NOTE | |
r-devel-linux-x86_64-debian-gcc | 1.0.1 | 3.22 | 32.47 | 35.69 | NOTE | |
r-devel-linux-x86_64-fedora-clang | 1.0.1 | 64.24 | NOTE | |||
r-devel-linux-x86_64-fedora-gcc | 1.0.1 | 54.71 | NOTE | |||
r-devel-windows-ix86+x86_64 | 1.0.1 | 11.00 | 54.00 | 65.00 | NOTE | |
r-devel-windows-x86_64-gcc10-UCRT | 1.0.1 | NOTE | ||||
r-patched-linux-x86_64 | 1.0.1 | 4.41 | 40.04 | 44.45 | OK | |
r-patched-solaris-x86 | 1.0.1 | 82.70 | OK | |||
r-release-linux-x86_64 | 1.0.1 | 4.45 | 40.39 | 44.84 | OK | |
r-release-macos-x86_64 | 1.0.1 | OK | ||||
r-release-windows-ix86+x86_64 | 1.0.1 | 30.00 | 59.00 | 89.00 | OK | |
r-oldrel-macos-x86_64 | 1.0.1 | OK | ||||
r-oldrel-windows-ix86+x86_64 | 1.0.1 | 8.00 | 45.00 | 53.00 | OK |
Version: 1.0.1
Check: LazyData
Result: NOTE
'LazyData' is specified without a 'data' directory
Flavors: r-devel-linux-x86_64-debian-clang, r-devel-linux-x86_64-debian-gcc, r-devel-linux-x86_64-fedora-clang, r-devel-linux-x86_64-fedora-gcc, r-devel-windows-ix86+x86_64, r-devel-windows-x86_64-gcc10-UCRT