CRAN Package Check Results for Package repmis

Last updated on 2014-07-29 23:47:14.

Flavor Version Tinstall Tcheck Ttotal Status Flags
r-devel-linux-x86_64-debian-clang 0.2.9 2.52 31.59 34.10 OK
r-devel-linux-x86_64-debian-gcc 0.2.9 2.67 29.22 31.89 ERROR
r-devel-linux-x86_64-fedora-clang 0.2.9 77.74 OK
r-devel-linux-x86_64-fedora-gcc 0.2.9 73.24 OK
r-devel-osx-x86_64-clang 0.2.9 74.73 OK
r-devel-windows-ix86+x86_64 0.2.9 24.00 54.00 78.00 OK
r-patched-linux-x86_64 0.2.9 2.64 31.97 34.62 OK
r-patched-solaris-sparc 0.2.9 395.00 OK
r-patched-solaris-x86 0.2.9 94.30 OK
r-release-linux-ix86 0.2.9 3.46 41.54 45.01 OK
r-release-linux-x86_64 0.2.9 3.91 32.80 36.70 ERROR
r-release-osx-x86_64-mavericks 0.2.9 OK
r-release-osx-x86_64-snowleopard 0.2.9 OK
r-release-windows-ix86+x86_64 0.2.9 23.00 49.00 72.00 ERROR
r-oldrel-windows-ix86+x86_64 0.2.9 22.00 45.00 67.00 ERROR

Check Details

Version: 0.2.9
Check: examples
Result: ERROR
    Running examples in repmis-Ex.R failed
    The error most likely occurred in:
    
    > ### Name: source_DropboxData
    > ### Title: Load plain-text data from Dropbox non-Public folders
    > ### Aliases: source_DropboxData
    >
    > ### ** Examples
    >
    > # Download Financial Regulatory Governance data (see Gandrud 2012)
    > FinData <- source_DropboxData(file = "fin_research_note.csv",
    + key = "exh4iobbm2p5p1v",
    + sep = ",", header = TRUE)
    Downloading data from: https://dl.dropboxusercontent.com/s/exh4iobbm2p5p1v/fin_research_note.csv
    
    Warning in mapCurlOptNames(names(.els), asNames = TRUE) :
     Unrecognized CURL options: writedata
    *** Error in `/home/hornik/tmp/R.check/r-devel-gcc/Work/build/bin/exec/R': realloc(): invalid pointer: 0x00000000fbad2884 ***
    Aborted
Flavor: r-devel-linux-x86_64-debian-gcc

Version: 0.2.9
Check: examples
Result: ERROR
    Running examples in repmis-Ex.R failed
    The error most likely occurred in:
    
    > ### Name: source_DropboxData
    > ### Title: Load plain-text data from Dropbox non-Public folders
    > ### Aliases: source_DropboxData
    >
    > ### ** Examples
    >
    > # Download Financial Regulatory Governance data (see Gandrud 2012)
    > FinData <- source_DropboxData(file = "fin_research_note.csv",
    + key = "exh4iobbm2p5p1v",
    + sep = ",", header = TRUE)
    Downloading data from: https://dl.dropboxusercontent.com/s/exh4iobbm2p5p1v/fin_research_note.csv
    
    Warning in mapCurlOptNames(names(.els), asNames = TRUE) :
     Unrecognized CURL options: writedata
    *** Error in `/home/hornik/tmp/R.check/r-release-gcc/Work/build/bin/exec/R': realloc(): invalid pointer: 0x00000000fbad2884 ***
    Aborted
Flavor: r-release-linux-x86_64

Version: 0.2.9
Check: examples
Result: ERROR
    Running examples in 'repmis-Ex.R' failed
    The error most likely occurred in:
    
    > ### Name: source_DropboxData
    > ### Title: Load plain-text data from Dropbox non-Public folders
    > ### Aliases: source_DropboxData
    >
    > ### ** Examples
    >
    > # Download Financial Regulatory Governance data (see Gandrud 2012)
    > FinData <- source_DropboxData(file = "fin_research_note.csv",
    + key = "exh4iobbm2p5p1v",
    + sep = ",", header = TRUE)
    Downloading data from: https://dl.dropboxusercontent.com/s/exh4iobbm2p5p1v/fin_research_note.csv
    
    Warning in mapCurlOptNames(names(.els), asNames = TRUE) :
     Unrecognized CURL options: writedata
Flavors: r-release-windows-ix86+x86_64, r-oldrel-windows-ix86+x86_64