CRAN Package Check Results for Package repmis

Last updated on 2015-07-02 21:47:02.

Flavor Version Tinstall Tcheck Ttotal Status Flags
r-devel-linux-x86_64-debian-clang 0.4.4 3.02 18.94 21.95 NOTE
r-devel-linux-x86_64-debian-gcc 0.4.4 2.62 18.31 20.92 NOTE
r-devel-linux-x86_64-fedora-clang 0.4.4 40.45 NOTE
r-devel-linux-x86_64-fedora-gcc 0.4.4 38.86 NOTE
r-devel-osx-x86_64-clang 0.4.4 40.53 OK
r-devel-windows-ix86+x86_64 0.4.4 23.00 32.00 55.00 NOTE
r-patched-linux-x86_64 0.4.4 2.62 19.46 22.08 OK
r-patched-solaris-sparc 0.4.4 220.00 OK
r-patched-solaris-x86 0.4.4 56.20 OK
r-release-linux-x86_64 0.4.4 2.62 18.84 21.46 OK
r-release-osx-x86_64-mavericks 0.4.4 OK
r-release-windows-ix86+x86_64 0.4.4 21.00 34.00 55.00 OK
r-oldrel-windows-ix86+x86_64 0.4.4 21.00 52.00 73.00 OK

Check Details

Version: 0.4.4
Check: R code for possible problems
Result: NOTE
    InstallOldPackages: no visible global function definition for
     ‘available.packages’
    InstallOldPackages: no visible global function definition for
     ‘contrib.url’
    InstallOldPackages : IOP: no visible global function definition for
     ‘install.packages’
    InstallOldPackages : IOP: no visible global function definition for
     ‘download.file’
    LoadandCite: no visible global function definition for
     ‘installed.packages’
    LoadandCite: no visible global function definition for
     ‘install.packages’
    source_GitHubData: no visible global function definition for
     ‘read.table’
    write_bibExtra : <anonymous>: no visible global function definition for
     ‘citation’
    write_bibExtra : <anonymous>: no visible global function definition for
     ‘toBibtex’
    write_bibExtra: no visible global function definition for ‘toBibtex’
    write_bibExtra: no visible global function definition for ‘citation’
    Undefined global functions or variables:
     available.packages citation contrib.url download.file
     install.packages installed.packages read.table toBibtex
Flavors: r-devel-linux-x86_64-debian-clang, r-devel-linux-x86_64-fedora-clang, r-devel-linux-x86_64-fedora-gcc

Version: 0.4.4
Check: R code for possible problems
Result: NOTE
    InstallOldPackages: no visible global function definition for
     ‘available.packages’
    InstallOldPackages: no visible global function definition for
     ‘contrib.url’
    InstallOldPackages : IOP: no visible global function definition for
     ‘install.packages’
    InstallOldPackages : IOP: no visible global function definition for
     ‘download.file’
    LoadandCite: no visible global function definition for
     ‘installed.packages’
    LoadandCite: no visible global function definition for
     ‘install.packages’
    source_GitHubData: no visible global function definition for
     ‘read.table’
    write_bibExtra : <anonymous>: no visible global function definition for
     ‘citation’
    write_bibExtra : <anonymous>: no visible global function definition for
     ‘toBibtex’
    write_bibExtra: no visible global function definition for ‘toBibtex’
    write_bibExtra: no visible global function definition for ‘citation’
Flavors: r-devel-linux-x86_64-debian-gcc, r-devel-windows-ix86+x86_64