CRAN Package Check Results for Package repmis

Last updated on 2015-02-27 05:48:12.

Flavor Version Tinstall Tcheck Ttotal Status Flags
r-devel-linux-x86_64-debian-clang 0.4 3.27 25.19 28.46 NOTE
r-devel-linux-x86_64-debian-gcc 0.4 3.26 24.39 27.65 NOTE
r-devel-linux-x86_64-fedora-clang 0.4 57.57 NOTE
r-devel-linux-x86_64-fedora-gcc 0.4 53.02 NOTE
r-devel-osx-x86_64-clang 0.4 61.18 NOTE
r-devel-windows-ix86+x86_64 0.4 38.00 42.00 80.00 NOTE
r-patched-linux-x86_64 0.4 4.58 37.70 42.27 OK
r-patched-solaris-sparc 0.4 434.70 OK
r-patched-solaris-x86 0.4 109.00 OK
r-release-linux-ix86 0.4 3.50 43.68 47.18 OK
r-release-linux-x86_64 0.4 5.44 0.25 5.69 OK
r-release-osx-x86_64-mavericks 0.4 OK
r-release-osx-x86_64-snowleopard 0.4 OK
r-release-windows-ix86+x86_64 0.4 25.00 64.00 89.00 OK
r-oldrel-windows-ix86+x86_64 0.4 20.00 63.00 83.00 OK

Check Details

Version: 0.4
Check: DESCRIPTION meta-information
Result: NOTE
    Malformed Title field: should not end in a period.
Flavors: r-devel-linux-x86_64-debian-clang, r-devel-linux-x86_64-debian-gcc, r-devel-linux-x86_64-fedora-clang, r-devel-linux-x86_64-fedora-gcc, r-devel-osx-x86_64-clang, r-devel-windows-ix86+x86_64