CRAN Package Check Results for Package repmis

Last updated on 2015-08-29 06:47:52.

Flavor Version Tinstall Tcheck Ttotal Status Flags
r-devel-linux-x86_64-debian-clang 0.4.4 2.76 18.99 21.75 NOTE
r-devel-linux-x86_64-debian-gcc 0.4.4 2.57 17.96 20.53 NOTE
r-devel-linux-x86_64-fedora-clang 0.4.4 39.80 NOTE
r-devel-linux-x86_64-fedora-gcc 0.4.4 38.78 NOTE
r-devel-osx-x86_64-clang 0.4.4 47.45 OK
r-devel-windows-ix86+x86_64 0.4.4 43.00 37.00 80.00 NOTE
r-patched-linux-x86_64 0.4.4 2.71 18.89 21.60 OK
r-patched-solaris-sparc 0.4.4 241.50 OK
r-patched-solaris-x86 0.4.4 56.70 OK
r-release-linux-x86_64 0.4.4 2.70 19.28 21.98 OK
r-release-osx-x86_64-mavericks 0.4.4 OK
r-release-windows-ix86+x86_64 0.4.4 32.00 54.00 86.00 OK
r-oldrel-windows-ix86+x86_64 0.4.4 41.00 81.00 122.00 OK

Check Details

Version: 0.4.4
Check: R code for possible problems
Result: NOTE
    InstallOldPackages: no visible global function definition for
     ‘available.packages’
    InstallOldPackages: no visible global function definition for
     ‘contrib.url’
    InstallOldPackages : IOP: no visible global function definition for
     ‘install.packages’
    InstallOldPackages : IOP: no visible global function definition for
     ‘download.file’
    LoadandCite: no visible global function definition for
     ‘installed.packages’
    LoadandCite: no visible global function definition for
     ‘install.packages’
    source_GitHubData: no visible global function definition for
     ‘read.table’
    write_bibExtra : <anonymous>: no visible global function definition for
     ‘citation’
    write_bibExtra : <anonymous>: no visible global function definition for
     ‘toBibtex’
    write_bibExtra: no visible global function definition for ‘toBibtex’
    write_bibExtra: no visible global function definition for ‘citation’
    Undefined global functions or variables:
     available.packages citation contrib.url download.file
     install.packages installed.packages read.table toBibtex
    Consider adding
     importFrom("utils", "available.packages", "citation", "contrib.url",
     "download.file", "install.packages", "installed.packages",
     "read.table", "toBibtex")
    to your NAMESPACE.
Flavors: r-devel-linux-x86_64-debian-clang, r-devel-linux-x86_64-debian-gcc, r-devel-linux-x86_64-fedora-clang, r-devel-linux-x86_64-fedora-gcc, r-devel-windows-ix86+x86_64