CRAN Package Check Results for Package repmis

Last updated on 2016-02-07 03:50:47.

Flavor Version Tinstall Tcheck Ttotal Status Flags
r-devel-linux-x86_64-debian-gcc 0.4.4 3.08 16.42 19.50 ERROR
r-devel-linux-x86_64-fedora-clang 0.4.4 36.36 ERROR
r-devel-linux-x86_64-fedora-gcc 0.4.4 34.13 ERROR
r-devel-osx-x86_64-clang 0.4.4 37.43 ERROR
r-devel-windows-ix86+x86_64 0.4.4 18.00 33.00 51.00 ERROR
r-patched-linux-x86_64 0.4.4 3.27 18.57 21.84 OK
r-patched-solaris-sparc 0.4.4 225.70 OK
r-patched-solaris-x86 0.4.4 45.80 OK
r-release-linux-x86_64 0.4.4 3.06 18.72 21.78 OK
r-release-osx-x86_64-mavericks 0.4.4 OK
r-release-windows-ix86+x86_64 0.4.4 23.00 33.00 56.00 ERROR
r-oldrel-windows-ix86+x86_64 0.4.4 39.00 71.00 110.00 OK

Check Details

Version: 0.4.4
Check: R code for possible problems
Result: NOTE
    InstallOldPackages: no visible global function definition for
     ‘available.packages’
    InstallOldPackages: no visible global function definition for
     ‘contrib.url’
    InstallOldPackages : IOP: no visible global function definition for
     ‘install.packages’
    InstallOldPackages : IOP: no visible global function definition for
     ‘download.file’
    LoadandCite: no visible global function definition for
     ‘installed.packages’
    LoadandCite: no visible global function definition for
     ‘install.packages’
    source_GitHubData: no visible global function definition for
     ‘read.table’
    write_bibExtra : <anonymous>: no visible global function definition for
     ‘citation’
    write_bibExtra : <anonymous>: no visible global function definition for
     ‘toBibtex’
    write_bibExtra: no visible global function definition for ‘toBibtex’
    write_bibExtra: no visible global function definition for ‘citation’
    Undefined global functions or variables:
     available.packages citation contrib.url download.file
     install.packages installed.packages read.table toBibtex
    Consider adding
     importFrom("utils", "available.packages", "citation", "contrib.url",
     "download.file", "install.packages", "installed.packages",
     "read.table", "toBibtex")
    to your NAMESPACE file.
Flavors: r-devel-linux-x86_64-debian-gcc, r-devel-linux-x86_64-fedora-clang, r-devel-linux-x86_64-fedora-gcc, r-devel-osx-x86_64-clang, r-devel-windows-ix86+x86_64

Version: 0.4.4
Check: examples
Result: ERROR
    Running examples in ‘repmis-Ex.R’ failed
    The error most likely occurred in:
    
    > ### Name: source_DropboxData
    > ### Title: Load plain-text data from Dropbox non-Public folders
    > ### Aliases: source_DropboxData
    >
    > ### ** Examples
    >
    > # Download Financial Regulatory Governance data (see Gandrud 2012)
    > FinData <- source_DropboxData(file = "fin_research_note.csv",
    + key = "exh4iobbm2p5p1v",
    + sep = ",", header = TRUE)
    Downloading data from: https://dl.dropboxusercontent.com/s/exh4iobbm2p5p1v/fin_research_note.csv
    
    Error in download_data_intern(url = url, sha1 = sha1, temp_file = temp_file) :
     Forbidden (HTTP 403).
    Calls: source_DropboxData -> download_data_intern -> stop_for_status
    Execution halted
Flavors: r-devel-linux-x86_64-debian-gcc, r-devel-linux-x86_64-fedora-clang, r-devel-linux-x86_64-fedora-gcc, r-devel-osx-x86_64-clang, r-devel-windows-ix86+x86_64, r-release-windows-ix86+x86_64