CRAN Package Check Results for Package repmis

Last updated on 2015-03-30 23:47:56.

Flavor Version Tinstall Tcheck Ttotal Status Flags
r-devel-linux-x86_64-debian-clang 0.4.2 2.58 18.72 21.30 OK
r-devel-linux-x86_64-debian-gcc 0.4.2 2.50 18.16 20.66 OK
r-devel-linux-x86_64-fedora-clang 0.4.2 41.06 OK
r-devel-linux-x86_64-fedora-gcc 0.4.2 40.09 OK
r-devel-osx-x86_64-clang 0.4.2 49.06 OK
r-prerel-windows-ix86+x86_64 0.4.2 18.00 28.00 46.00 OK
r-prerel-linux-x86_64 0.4 3.14 24.06 27.20 NOTE
r-prerel-solaris-sparc 0.4.2 235.70 OK
r-prerel-solaris-x86 0.4.2 51.20 OK
r-release-linux-x86_64 0.4.2 3.43 26.42 29.86 OK
r-release-osx-x86_64-mavericks 0.4.2 OK
r-release-osx-x86_64-snowleopard 0.4.2 ERROR
r-release-windows-ix86+x86_64 0.4.2 17.00 44.00 61.00 OK
r-oldrel-windows-ix86+x86_64 0.4.2 21.00 50.00 71.00 OK

Check Details

Version: 0.4
Check: DESCRIPTION meta-information
Result: NOTE
    Malformed Title field: should not end in a period.
Flavor: r-prerel-linux-x86_64

Version: 0.4.2
Check: R code for possible problems
Result: NOTE
    source_DropboxData: possible error in fread(data, sep = sep, header =
     header, data.table = F, ...): unused argument (data.table = F)
    source_data: possible error in fread(data, sep = sep, header = header,
     data.table = F, stringsAsFactors = stringsAsFactors, ...): unused
     argument (data.table = F)
Flavor: r-release-osx-x86_64-snowleopard

Version: 0.4.2
Check: examples
Result: ERROR
    Running examples in ‘repmis-Ex.R’ failed
    The error most likely occurred in:
    
    > ### Name: source_DropboxData
    > ### Title: Load plain-text data from Dropbox non-Public folders
    > ### Aliases: source_DropboxData
    >
    > ### ** Examples
    >
    > # Download Financial Regulatory Governance data (see Gandrud 2012)
    > FinData <- source_DropboxData(file = "fin_research_note.csv",
    + key = "exh4iobbm2p5p1v",
    + sep = ",", header = TRUE)
    Downloading data from: https://dl.dropboxusercontent.com/s/exh4iobbm2p5p1v/fin_research_note.csv
    
    SHA-1 hash of the downloaded data file is:
    20d03b194b24816f90776dae178e7e8dd5510f41
    Error in fread(data, sep = sep, header = header, data.table = F, ...) :
     unused argument (data.table = F)
    Calls: source_DropboxData -> fread
    Execution halted
Flavor: r-release-osx-x86_64-snowleopard