Last updated on 2022-05-17 09:52:42 CEST.
Flavor | Version | Tinstall | Tcheck | Ttotal | Status | Flags |
---|---|---|---|---|---|---|
r-devel-linux-x86_64-debian-clang | 3.4 | 164.66 | 50.78 | 215.44 | OK | |
r-devel-linux-x86_64-debian-gcc | 3.4 | 143.18 | 38.60 | 181.78 | OK | |
r-devel-linux-x86_64-fedora-clang | 3.4 | 336.54 | NOTE | |||
r-devel-linux-x86_64-fedora-gcc | 3.4 | 297.91 | NOTE | |||
r-devel-windows-x86_64 | 3.4 | 156.00 | 99.00 | 255.00 | OK | |
r-patched-linux-x86_64 | 3.4 | 144.26 | 48.11 | 192.37 | OK | |
r-release-linux-x86_64 | 3.4 | 158.81 | 48.03 | 206.84 | OK | |
r-release-macos-arm64 | 3.4 | 71.00 | NOTE | |||
r-release-macos-x86_64 | 3.4 | 90.00 | NOTE | |||
r-release-windows-x86_64 | 3.4 | 140.00 | 94.00 | 234.00 | OK | |
r-oldrel-macos-arm64 | 3.4 | 82.00 | NOTE | |||
r-oldrel-macos-x86_64 | 3.4 | 136.00 | NOTE | |||
r-oldrel-windows-ix86+x86_64 | 3.4 | 398.00 | 93.00 | 491.00 | OK |
Version: 3.4
Check: installed package size
Result: NOTE
installed size is 9.5Mb
sub-directories of 1Mb or more:
libs 9.3Mb
Flavors: r-devel-linux-x86_64-fedora-clang, r-release-macos-arm64, r-release-macos-x86_64, r-oldrel-macos-arm64, r-oldrel-macos-x86_64
Version: 3.4
Check: compiled code
Result: NOTE
File ‘repolr/libs/repolr.so’:
Found no calls to: ‘R_registerRoutines’, ‘R_useDynamicSymbols’
It is good practice to register native routines and to disable symbol
search.
See ‘Writing portable packages’ in the ‘Writing R Extensions’ manual.
Flavors: r-devel-linux-x86_64-fedora-clang, r-devel-linux-x86_64-fedora-gcc