CRAN Package Check Results for Package reportReg

Last updated on 2024-02-29 02:51:41 CET.

Flavor Version Tinstall Tcheck Ttotal Status Flags
r-devel-linux-x86_64-debian-clang 0.3.0 2.56 22.81 25.37 NOTE
r-devel-linux-x86_64-debian-gcc 0.3.0 1.74 17.60 19.34 NOTE
r-devel-linux-x86_64-fedora-clang 0.3.0 31.17 NOTE
r-devel-linux-x86_64-fedora-gcc 0.3.0 29.85 NOTE
r-devel-windows-x86_64 0.3.0 3.00 39.00 42.00 NOTE
r-patched-linux-x86_64 0.3.0 2.53 22.46 24.99 NOTE
r-release-linux-x86_64 0.3.0 2.61 22.34 24.95 NOTE
r-release-macos-arm64 0.3.0 16.00 NOTE
r-release-macos-x86_64 0.3.0 19.00 NOTE
r-release-windows-x86_64 0.3.0 3.00 40.00 43.00 NOTE
r-oldrel-macos-arm64 0.3.0 15.00 NOTE
r-oldrel-windows-x86_64 0.3.0 3.00 44.00 47.00 NOTE

Check Details

Version: 0.3.0
Check: LazyData
Result: NOTE 'LazyData' is specified without a 'data' directory Flavors: r-devel-linux-x86_64-debian-clang, r-devel-linux-x86_64-debian-gcc, r-devel-linux-x86_64-fedora-clang, r-devel-linux-x86_64-fedora-gcc, r-devel-windows-x86_64, r-patched-linux-x86_64, r-release-linux-x86_64, r-release-macos-arm64, r-release-macos-x86_64, r-release-windows-x86_64, r-oldrel-macos-arm64, r-oldrel-windows-x86_64