Last updated on 2021-04-22 18:48:47 CEST.
Flavor | Version | Tinstall | Tcheck | Ttotal | Status | Flags |
---|---|---|---|---|---|---|
r-devel-linux-x86_64-debian-clang | 1.1.2 | 8.14 | 181.46 | 189.60 | NOTE | |
r-devel-linux-x86_64-debian-gcc | 1.1.2 | 6.68 | 130.86 | 137.54 | NOTE | |
r-devel-linux-x86_64-fedora-clang | 1.1.2 | 230.02 | NOTE | |||
r-devel-linux-x86_64-fedora-gcc | 1.1.2 | 221.02 | NOTE | |||
r-devel-windows-ix86+x86_64 | 1.1.2 | 14.00 | 305.00 | 319.00 | NOTE | |
r-devel-windows-x86_64-gcc10-UCRT | 1.1.2 | NOTE | ||||
r-patched-linux-x86_64 | 1.1.2 | 8.95 | 171.92 | 180.87 | OK | |
r-patched-solaris-x86 | 1.1.2 | 228.60 | OK | |||
r-release-linux-x86_64 | 1.1.2 | 8.36 | 171.83 | 180.19 | OK | |
r-release-macos-x86_64 | 1.1.2 | OK | ||||
r-release-windows-ix86+x86_64 | 1.1.2 | 15.00 | 250.00 | 265.00 | OK | |
r-oldrel-macos-x86_64 | 1.1.2 | ERROR |
Version: 1.1.2
Check: LazyData
Result: NOTE
'LazyData' is specified without a 'data' directory
Flavors: r-devel-linux-x86_64-debian-clang, r-devel-linux-x86_64-debian-gcc, r-devel-linux-x86_64-fedora-clang, r-devel-linux-x86_64-fedora-gcc, r-devel-windows-ix86+x86_64, r-devel-windows-x86_64-gcc10-UCRT
Version: 1.1.2
Check: whether package can be installed
Result: ERROR
Installation failed.
Flavor: r-oldrel-macos-x86_64