CRAN Package Check Results for Package reports

Last updated on 2015-05-06 23:48:04.

Flavor Version Tinstall Tcheck Ttotal Status Flags
r-devel-linux-x86_64-debian-clang 0.1.4 0.80 12.49 13.29 OK
r-devel-linux-x86_64-debian-gcc 0.1.4 0.84 12.05 12.89 OK
r-devel-linux-x86_64-fedora-clang 0.1.4 24.77 OK
r-devel-linux-x86_64-fedora-gcc 0.1.4 22.67 OK
r-devel-osx-x86_64-clang 0.1.4 26.44 OK
r-devel-windows-ix86+x86_64 0.1.4 7.00 27.00 34.00 OK
r-patched-linux-x86_64 0.1.4 0.80 12.08 12.88 OK
r-patched-solaris-sparc 0.1.4 153.80 OK
r-patched-solaris-x86 0.1.4 34.50 OK
r-release-linux-x86_64 0.1.4 0.80 12.39 13.18 OK
r-release-osx-x86_64-mavericks 0.1.4 OK
r-release-osx-x86_64-snowleopard 0.1.4 NOTE
r-release-windows-ix86+x86_64 0.1.4 6.00 19.00 25.00 OK
r-oldrel-windows-ix86+x86_64 0.1.4 5.00 22.00 27.00 OK

Check Details

Version: 0.1.4
Check: package dependencies
Result: NOTE
    Packages suggested but not available for checking: ‘knitr’ ‘knitcitations’
Flavor: r-release-osx-x86_64-snowleopard