CRAN Package Check Results for Package reports

Last updated on 2020-04-02 18:49:39 CEST.

Flavor Version Tinstall Tcheck Ttotal Status Flags
r-devel-linux-x86_64-debian-clang 0.1.4 3.79 25.00 28.79 NOTE
r-devel-linux-x86_64-debian-gcc 0.1.4 3.31 19.89 23.20 NOTE
r-devel-linux-x86_64-fedora-clang 0.1.4 34.79 NOTE
r-devel-linux-x86_64-fedora-gcc 0.1.4 34.92 NOTE
r-devel-windows-ix86+x86_64 0.1.4 9.00 35.00 44.00 NOTE
r-devel-windows-ix86+x86_64-gcc8 0.1.4 9.00 38.00 47.00 NOTE
r-patched-linux-x86_64 0.1.4 3.53 24.69 28.22 NOTE
r-patched-solaris-x86 0.1.4 53.50 NOTE
r-release-linux-x86_64 0.1.4 3.51 23.06 26.57 NOTE
r-release-windows-ix86+x86_64 0.1.4 9.00 43.00 52.00 NOTE
r-release-osx-x86_64 0.1.4 NOTE
r-oldrel-windows-ix86+x86_64 0.1.4 10.00 36.00 46.00 NOTE
r-oldrel-osx-x86_64 0.1.4 NOTE

Check Details

Version: 0.1.4
Check: R code for possible problems
Result: NOTE
    delete: no visible global function definition for 'menu'
    doc_temp: no visible global function definition for 'menu'
    html5: no visible global function definition for 'na.omit'
    install_pandoc: no visible global function definition for
     'download.file'
    new_report: no visible global function definition for 'tail'
    new_report: no visible global function definition for 'head'
    new_report: no visible global function definition for 'menu'
    presentation: no visible global function definition for 'head'
    presentation: no visible global function definition for 'tail'
    presentation: no visible global function definition for 'menu'
    repo2github: no visible global function definition for 'download.file'
    repo2github: no visible global function definition for 'unzip'
    reveal.js: no visible global function definition for 'na.omit'
    update_bib: no visible global function definition for 'tail'
    update_bib: no visible global function definition for 'menu'
    Undefined global functions or variables:
     download.file head menu na.omit tail unzip
    Consider adding
     importFrom("stats", "na.omit")
     importFrom("utils", "download.file", "head", "menu", "tail", "unzip")
    to your NAMESPACE file.
Flavors: r-devel-linux-x86_64-debian-clang, r-devel-linux-x86_64-debian-gcc, r-devel-linux-x86_64-fedora-clang, r-devel-linux-x86_64-fedora-gcc, r-patched-linux-x86_64, r-patched-solaris-x86, r-release-linux-x86_64, r-release-osx-x86_64, r-oldrel-osx-x86_64

Version: 0.1.4
Check: R code for possible problems
Result: NOTE
    CA: no visible global function definition for 'readClipboard'
    LL: no visible global function definition for 'readClipboard'
    US: no visible global function definition for 'readClipboard'
    delete: no visible global function definition for 'menu'
    doc_temp: no visible global function definition for 'menu'
    html5: no visible global function definition for 'na.omit'
    install_pandoc: no visible global function definition for
     'download.file'
    latexlist: no visible global function definition for 'readClipboard'
    new_report: no visible global function definition for 'tail'
    new_report: no visible global function definition for 'head'
    new_report: no visible global function definition for 'menu'
    presentation: no visible global function definition for 'head'
    presentation: no visible global function definition for 'tail'
    presentation: no visible global function definition for 'menu'
    repo2github: no visible global function definition for 'download.file'
    repo2github: no visible global function definition for 'unzip'
    reveal.js: no visible global function definition for 'na.omit'
    strWrap: no visible global function definition for 'readClipboard'
    update_bib: no visible global function definition for 'tail'
    update_bib: no visible global function definition for 'menu'
    Undefined global functions or variables:
     download.file head menu na.omit readClipboard tail unzip
    Consider adding
     importFrom("stats", "na.omit")
     importFrom("utils", "download.file", "head", "menu", "readClipboard",
     "tail", "unzip")
    to your NAMESPACE file.
Flavors: r-devel-windows-ix86+x86_64, r-devel-windows-ix86+x86_64-gcc8, r-release-windows-ix86+x86_64, r-oldrel-windows-ix86+x86_64