CRAN Package Check Results for Package reports

Last updated on 2014-12-21 09:51:35.

Flavor Version Tinstall Tcheck Ttotal Status Flags
r-devel-linux-x86_64-debian-clang 0.1.2 1.15 13.70 14.85 NOTE
r-devel-linux-x86_64-debian-gcc 0.1.2 1.06 13.41 14.47 NOTE
r-devel-linux-x86_64-fedora-clang 0.1.4 17.45 OK
r-devel-linux-x86_64-fedora-gcc 0.1.4 17.43 OK
r-devel-osx-x86_64-clang 0.1.4 28.98 OK
r-devel-windows-ix86+x86_64 0.1.2 6.00 22.00 28.00 NOTE
r-patched-linux-x86_64 0.1.2 1.23 13.40 14.62 NOTE
r-patched-solaris-sparc 0.1.2 161.60 NOTE
r-patched-solaris-x86 0.1.4 34.20 OK
r-release-linux-ix86 0.1.2 1.55 19.38 20.93 NOTE
r-release-linux-x86_64 0.1.2 1.16 14.47 15.63 NOTE
r-release-osx-x86_64-mavericks 0.1.2 NOTE
r-release-osx-x86_64-snowleopard 0.1.2 NOTE
r-release-windows-ix86+x86_64 0.1.2 5.00 25.00 30.00 NOTE
r-oldrel-windows-ix86+x86_64 0.1.4 5.00 25.00 30.00 OK

Check Details

Version: 0.1.2
Check: package dependencies
Result: NOTE
    Package suggested but not available for checking: ‘installr’
Flavors: r-devel-linux-x86_64-debian-clang, r-devel-linux-x86_64-debian-gcc, r-patched-linux-x86_64, r-patched-solaris-sparc, r-release-linux-ix86, r-release-linux-x86_64, r-release-osx-x86_64-mavericks

Version: 0.1.2
Check: dependencies in R code
Result: NOTE
    Namespaces in Imports field not imported from:
     ‘knitcitations’ ‘knitr’
     All declared Imports should be used.
    See the information on DESCRIPTION files in the chapter ‘Creating R
    packages’ of the ‘Writing R Extensions’ manual.
Flavors: r-devel-linux-x86_64-debian-clang, r-devel-linux-x86_64-debian-gcc, r-devel-windows-ix86+x86_64, r-patched-linux-x86_64, r-patched-solaris-sparc, r-release-linux-ix86, r-release-linux-x86_64, r-release-osx-x86_64-mavericks, r-release-osx-x86_64-snowleopard, r-release-windows-ix86+x86_64

Version: 0.1.2
Check: R code for possible problems
Result: NOTE
    presentation: no visible binding for global variable ‘themes’
Flavors: r-devel-linux-x86_64-debian-clang, r-devel-linux-x86_64-debian-gcc, r-devel-windows-ix86+x86_64, r-patched-linux-x86_64, r-patched-solaris-sparc, r-release-linux-ix86, r-release-linux-x86_64, r-release-windows-ix86+x86_64

Version: 0.1.2
Check: package dependencies
Result: NOTE
    Packages suggested but not available for checking: ‘qdap’ ‘installr’
Flavor: r-release-osx-x86_64-snowleopard