CRAN Package Check Results for Package reports

Last updated on 2014-09-03 03:50:37.

Flavor Version Tinstall Tcheck Ttotal Status Flags
r-devel-linux-x86_64-debian-clang 0.1.2 1.54 12.39 13.93 NOTE
r-devel-linux-x86_64-debian-gcc 0.1.2 1.06 12.42 13.47 NOTE
r-devel-linux-x86_64-fedora-clang 0.1.2 27.96 NOTE
r-devel-linux-x86_64-fedora-gcc 0.1.2 26.06 NOTE
r-devel-osx-x86_64-clang 0.1.2 27.59 NOTE
r-devel-windows-ix86+x86_64 0.1.2 4.00 21.00 25.00 NOTE
r-patched-linux-x86_64 0.1.2 1.14 15.67 16.80 NOTE
r-patched-solaris-sparc 0.1.2 191.70 NOTE
r-patched-solaris-x86 0.1.2 44.20 NOTE
r-release-linux-ix86 0.1.2 1.54 22.72 24.26 NOTE
r-release-linux-x86_64 0.1.2 1.22 15.55 16.77 NOTE
r-release-osx-x86_64-mavericks 0.1.2 NOTE
r-release-osx-x86_64-snowleopard 0.1.2 NOTE
r-release-windows-ix86+x86_64 0.1.2 4.00 25.00 29.00 NOTE
r-oldrel-windows-ix86+x86_64 0.1.2 5.00 26.00 31.00 NOTE

Check Details

Version: 0.1.2
Check: package dependencies
Result: NOTE
    Package suggested but not available for checking: ‘installr’
Flavors: r-devel-linux-x86_64-debian-clang, r-devel-linux-x86_64-debian-gcc, r-devel-linux-x86_64-fedora-clang, r-devel-linux-x86_64-fedora-gcc, r-devel-osx-x86_64-clang, r-patched-linux-x86_64, r-patched-solaris-sparc, r-patched-solaris-x86, r-release-linux-ix86, r-release-linux-x86_64, r-release-osx-x86_64-mavericks

Version: 0.1.2
Check: dependencies in R code
Result: NOTE
    Namespaces in Imports field not imported from:
     ‘knitcitations’ ‘knitr’
     All declared Imports should be used.
    See the information on DESCRIPTION files in the chapter ‘Creating R
    packages’ of the ‘Writing R Extensions’ manual.
Flavors: r-devel-linux-x86_64-debian-clang, r-devel-linux-x86_64-debian-gcc, r-devel-linux-x86_64-fedora-clang, r-devel-linux-x86_64-fedora-gcc, r-devel-osx-x86_64-clang, r-devel-windows-ix86+x86_64, r-patched-linux-x86_64, r-patched-solaris-sparc, r-patched-solaris-x86, r-release-linux-ix86, r-release-linux-x86_64, r-release-osx-x86_64-mavericks, r-release-osx-x86_64-snowleopard, r-release-windows-ix86+x86_64, r-oldrel-windows-ix86+x86_64

Version: 0.1.2
Check: R code for possible problems
Result: NOTE
    presentation: no visible binding for global variable ‘themes’
Flavors: r-devel-linux-x86_64-debian-clang, r-devel-linux-x86_64-debian-gcc, r-devel-linux-x86_64-fedora-clang, r-devel-linux-x86_64-fedora-gcc, r-devel-osx-x86_64-clang, r-devel-windows-ix86+x86_64

Version: 0.1.2
Check: package dependencies
Result: NOTE
    Packages suggested but not available for checking: ‘qdap’ ‘installr’
Flavor: r-release-osx-x86_64-snowleopard