CRAN Package Check Results for Package reports

Last updated on 2015-07-31 08:50:12.

Flavor Version Tinstall Tcheck Ttotal Status Flags
r-devel-linux-x86_64-debian-clang 0.1.4 0.85 12.04 12.89 NOTE
r-devel-linux-x86_64-debian-gcc 0.1.4 1.13 11.66 12.79 NOTE
r-devel-linux-x86_64-fedora-clang 0.1.4 24.45 NOTE
r-devel-linux-x86_64-fedora-gcc 0.1.4 22.42 NOTE
r-devel-osx-x86_64-clang 0.1.4 23.29 OK
r-devel-windows-ix86+x86_64 0.1.4 9.00 21.00 30.00 NOTE
r-patched-linux-x86_64 0.1.4 0.90 12.46 13.36 OK
r-patched-solaris-sparc 0.1.4 157.10 OK
r-patched-solaris-x86 0.1.4 34.30 OK
r-release-linux-x86_64 0.1.4 1.22 12.38 13.60 OK
r-release-osx-x86_64-mavericks 0.1.4 OK
r-release-windows-ix86+x86_64 0.1.4 9.00 20.00 29.00 OK
r-oldrel-windows-ix86+x86_64 0.1.4 5.00 25.00 30.00 OK

Check Details

Version: 0.1.4
Check: R code for possible problems
Result: NOTE
    delete: no visible global function definition for ‘menu’
    doc_temp: no visible global function definition for ‘menu’
    html5: no visible global function definition for ‘na.omit’
    install_pandoc: no visible global function definition for
     ‘download.file’
    new_report: no visible global function definition for ‘tail’
    new_report: no visible global function definition for ‘head’
    new_report: no visible global function definition for ‘menu’
    presentation: no visible global function definition for ‘head’
    presentation: no visible global function definition for ‘tail’
    presentation: no visible global function definition for ‘menu’
    repo2github: no visible global function definition for ‘download.file’
    repo2github: no visible global function definition for ‘unzip’
    reveal.js: no visible global function definition for ‘na.omit’
    update_bib: no visible global function definition for ‘tail’
    update_bib: no visible global function definition for ‘menu’
    Undefined global functions or variables:
     download.file head menu na.omit tail unzip
    Consider adding
     importFrom("stats", "na.omit")
     importFrom("utils", "download.file", "head", "menu", "tail", "unzip")
    to your NAMESPACE.
Flavors: r-devel-linux-x86_64-debian-clang, r-devel-linux-x86_64-debian-gcc, r-devel-linux-x86_64-fedora-clang, r-devel-linux-x86_64-fedora-gcc

Version: 0.1.4
Check: R code for possible problems
Result: NOTE
    CA: no visible global function definition for 'readClipboard'
    LL: no visible global function definition for 'readClipboard'
    US: no visible global function definition for 'readClipboard'
    delete: no visible global function definition for 'menu'
    doc_temp: no visible global function definition for 'menu'
    html5: no visible global function definition for 'na.omit'
    install_pandoc: no visible global function definition for
     'download.file'
    latexlist: no visible global function definition for 'readClipboard'
    new_report: no visible global function definition for 'tail'
    new_report: no visible global function definition for 'head'
    new_report: no visible global function definition for 'menu'
    presentation: no visible global function definition for 'head'
    presentation: no visible global function definition for 'tail'
    presentation: no visible global function definition for 'menu'
    repo2github: no visible global function definition for 'download.file'
    repo2github: no visible global function definition for 'unzip'
    reveal.js: no visible global function definition for 'na.omit'
    strWrap: no visible global function definition for 'readClipboard'
    update_bib: no visible global function definition for 'tail'
    update_bib: no visible global function definition for 'menu'
    Undefined global functions or variables:
     download.file head menu na.omit readClipboard tail unzip
    Consider adding
     importFrom("stats", "na.omit")
     importFrom("utils", "download.file", "head", "menu", "readClipboard",
     "tail", "unzip")
    to your NAMESPACE.
Flavor: r-devel-windows-ix86+x86_64