CRAN Package Check Results for Package reports

Last updated on 2014-10-30 16:48:28.

Flavor Version Tinstall Tcheck Ttotal Status Flags
r-devel-linux-x86_64-debian-clang 0.1.2 1.10 14.52 15.62 NOTE
r-devel-linux-x86_64-debian-gcc 0.1.2 1.11 13.41 14.52 NOTE
r-devel-linux-x86_64-fedora-clang 0.1.2 28.31 NOTE
r-devel-linux-x86_64-fedora-gcc 0.1.2 26.20 NOTE
r-devel-osx-x86_64-clang 0.1.2 28.55 NOTE
r-devel-windows-ix86+x86_64 0.1.2 4.00 21.00 25.00 NOTE
r-patched-linux-x86_64 0.1.2 1.16 13.34 14.50 NOTE
r-patched-solaris-sparc 0.1.2 161.60 NOTE
r-patched-solaris-x86 0.1.2 40.10 NOTE
r-release-linux-ix86 0.1.2 1.52 23.91 25.44 NOTE
r-release-linux-x86_64 0.1.2 1.20 16.40 17.59 NOTE
r-release-osx-x86_64-mavericks 0.1.2 NOTE
r-release-osx-x86_64-snowleopard 0.1.2 NOTE
r-release-windows-ix86+x86_64 0.1.2 4.00 28.00 32.00 NOTE
r-oldrel-windows-ix86+x86_64 0.1.2 5.00 26.00 31.00 NOTE

Check Details

Version: 0.1.2
Check: package dependencies
Result: NOTE
    Package suggested but not available for checking: ‘installr’
Flavors: r-devel-linux-x86_64-debian-clang, r-devel-linux-x86_64-debian-gcc, r-devel-linux-x86_64-fedora-clang, r-devel-linux-x86_64-fedora-gcc, r-devel-osx-x86_64-clang, r-patched-linux-x86_64, r-patched-solaris-sparc, r-patched-solaris-x86, r-release-linux-ix86, r-release-linux-x86_64, r-release-osx-x86_64-mavericks

Version: 0.1.2
Check: dependencies in R code
Result: NOTE
    Namespaces in Imports field not imported from:
     ‘knitcitations’ ‘knitr’
     All declared Imports should be used.
    See the information on DESCRIPTION files in the chapter ‘Creating R
    packages’ of the ‘Writing R Extensions’ manual.
Flavors: r-devel-linux-x86_64-debian-clang, r-devel-linux-x86_64-debian-gcc, r-devel-linux-x86_64-fedora-clang, r-devel-linux-x86_64-fedora-gcc, r-devel-osx-x86_64-clang, r-devel-windows-ix86+x86_64, r-patched-linux-x86_64, r-patched-solaris-sparc, r-patched-solaris-x86, r-release-linux-ix86, r-release-linux-x86_64, r-release-osx-x86_64-mavericks, r-release-osx-x86_64-snowleopard, r-release-windows-ix86+x86_64, r-oldrel-windows-ix86+x86_64

Version: 0.1.2
Check: R code for possible problems
Result: NOTE
    presentation: no visible binding for global variable ‘themes’
Flavors: r-devel-linux-x86_64-debian-clang, r-devel-linux-x86_64-debian-gcc, r-devel-linux-x86_64-fedora-clang, r-devel-linux-x86_64-fedora-gcc, r-devel-osx-x86_64-clang, r-devel-windows-ix86+x86_64, r-patched-linux-x86_64, r-patched-solaris-sparc, r-patched-solaris-x86

Version: 0.1.2
Check: package dependencies
Result: NOTE
    Packages suggested but not available for checking: ‘qdap’ ‘installr’
Flavor: r-release-osx-x86_64-snowleopard