CRAN Package Check Results for Package reports

Last updated on 2016-07-30 12:48:24.

Flavor Version Tinstall Tcheck Ttotal Status Flags
r-devel-linux-x86_64-debian-clang 0.1.4 0.86 12.33 13.19 NOTE
r-devel-linux-x86_64-debian-gcc 0.1.4 0.80 12.48 13.28 NOTE
r-devel-linux-x86_64-fedora-clang 0.1.4 22.63 NOTE
r-devel-linux-x86_64-fedora-gcc 0.1.4 19.87 NOTE
r-devel-osx-x86_64-clang 0.1.4 20.60 NOTE
r-devel-windows-ix86+x86_64 0.1.4 5.00 30.00 35.00 NOTE
r-patched-linux-x86_64 0.1.4 0.82 12.67 13.50 NOTE
r-patched-solaris-sparc 0.1.4 141.60 NOTE
r-patched-solaris-x86 0.1.4 30.50 NOTE
r-release-linux-x86_64 0.1.4 0.98 14.44 15.42 NOTE
r-release-osx-x86_64-mavericks 0.1.4 NOTE
r-release-windows-ix86+x86_64 0.1.4 7.00 34.00 41.00 NOTE
r-oldrel-windows-ix86+x86_64 0.1.4 9.00 28.00 37.00 OK

Check Details

Version: 0.1.4
Check: R code for possible problems
Result: NOTE
    delete: no visible global function definition for ‘menu’
    doc_temp: no visible global function definition for ‘menu’
    html5: no visible global function definition for ‘na.omit’
    install_pandoc: no visible global function definition for
     ‘download.file’
    new_report: no visible global function definition for ‘tail’
    new_report: no visible global function definition for ‘head’
    new_report: no visible global function definition for ‘menu’
    presentation: no visible global function definition for ‘head’
    presentation: no visible global function definition for ‘tail’
    presentation: no visible global function definition for ‘menu’
    repo2github: no visible global function definition for ‘download.file’
    repo2github: no visible global function definition for ‘unzip’
    reveal.js: no visible global function definition for ‘na.omit’
    update_bib: no visible global function definition for ‘tail’
    update_bib: no visible global function definition for ‘menu’
    Undefined global functions or variables:
     download.file head menu na.omit tail unzip
    Consider adding
     importFrom("stats", "na.omit")
     importFrom("utils", "download.file", "head", "menu", "tail", "unzip")
    to your NAMESPACE file.
Flavors: r-devel-linux-x86_64-debian-clang, r-devel-linux-x86_64-debian-gcc, r-devel-linux-x86_64-fedora-clang, r-devel-linux-x86_64-fedora-gcc, r-devel-osx-x86_64-clang, r-patched-linux-x86_64, r-patched-solaris-sparc, r-patched-solaris-x86, r-release-linux-x86_64, r-release-osx-x86_64-mavericks

Version: 0.1.4
Check: R code for possible problems
Result: NOTE
    CA: no visible global function definition for 'readClipboard'
    LL: no visible global function definition for 'readClipboard'
    US: no visible global function definition for 'readClipboard'
    delete: no visible global function definition for 'menu'
    doc_temp: no visible global function definition for 'menu'
    html5: no visible global function definition for 'na.omit'
    install_pandoc: no visible global function definition for
     'download.file'
    latexlist: no visible global function definition for 'readClipboard'
    new_report: no visible global function definition for 'tail'
    new_report: no visible global function definition for 'head'
    new_report: no visible global function definition for 'menu'
    presentation: no visible global function definition for 'head'
    presentation: no visible global function definition for 'tail'
    presentation: no visible global function definition for 'menu'
    repo2github: no visible global function definition for 'download.file'
    repo2github: no visible global function definition for 'unzip'
    reveal.js: no visible global function definition for 'na.omit'
    strWrap: no visible global function definition for 'readClipboard'
    update_bib: no visible global function definition for 'tail'
    update_bib: no visible global function definition for 'menu'
    Undefined global functions or variables:
     download.file head menu na.omit readClipboard tail unzip
    Consider adding
     importFrom("stats", "na.omit")
     importFrom("utils", "download.file", "head", "menu", "readClipboard",
     "tail", "unzip")
    to your NAMESPACE file.
Flavors: r-devel-windows-ix86+x86_64, r-release-windows-ix86+x86_64