CRAN Package Check Results for Package reports

Last updated on 2014-04-24 11:48:54.

Flavor Version Tinstall Tcheck Ttotal Status Flags
r-devel-linux-x86_64-debian-clang 0.1.2 1.08 16.01 17.09 NOTE
r-devel-linux-x86_64-debian-gcc 0.1.2 1.08 15.86 16.94 NOTE
r-devel-linux-x86_64-fedora-clang 0.1.2 32.38 NOTE
r-devel-linux-x86_64-fedora-gcc 0.1.2 30.91 NOTE
r-devel-osx-x86_64-clang 0.1.2 33.15 NOTE
r-devel-osx-x86_64-gcc 0.1.2 ERROR
r-devel-windows-ix86+x86_64 0.1.2 4.00 24.00 28.00 NOTE
r-patched-linux-x86_64 0.1.2 1.08 15.62 16.70 NOTE
r-patched-solaris-sparc 0.1.2 180.20 NOTE
r-patched-solaris-x86 0.1.2 43.30 NOTE
r-release-linux-ix86 0.1.2 2.00 32.00 34.00 NOTE
r-release-linux-x86_64 0.1.2 1.07 15.89 16.96 NOTE
r-release-osx-x86_64-mavericks 0.1.2 WARN
r-release-osx-x86_64-snowleopard 0.1.2 NOTE
r-release-windows-ix86+x86_64 0.1.2 4.00 26.00 30.00 NOTE
r-oldrel-windows-ix86+x86_64 0.1.2 4.00 25.00 29.00 NOTE

Check Details

Version: 0.1.2
Check: package dependencies
Result: NOTE
    Package suggested but not available for checking: ‘installr’
Flavors: r-devel-linux-x86_64-debian-clang, r-devel-linux-x86_64-debian-gcc, r-devel-linux-x86_64-fedora-clang, r-devel-linux-x86_64-fedora-gcc, r-devel-osx-x86_64-clang, r-patched-linux-x86_64, r-patched-solaris-sparc, r-patched-solaris-x86, r-release-linux-ix86, r-release-linux-x86_64

Version: 0.1.2
Check: dependencies in R code
Result: NOTE
    Namespaces in Imports field not imported from:
     ‘knitcitations’ ‘knitr’
     All declared Imports should be used.
    See the information on DESCRIPTION files in the chapter ‘Creating R
    packages’ of the ‘Writing R Extensions’ manual.
Flavors: r-devel-linux-x86_64-debian-clang, r-devel-linux-x86_64-debian-gcc, r-devel-linux-x86_64-fedora-clang, r-devel-linux-x86_64-fedora-gcc, r-devel-osx-x86_64-clang, r-devel-windows-ix86+x86_64, r-patched-linux-x86_64, r-patched-solaris-sparc, r-patched-solaris-x86, r-release-linux-ix86, r-release-linux-x86_64, r-release-osx-x86_64-mavericks, r-release-osx-x86_64-snowleopard, r-release-windows-ix86+x86_64, r-oldrel-windows-ix86+x86_64

Version: 0.1.2
Check: package dependencies
Result: ERROR
    Packages required but not available: ‘knitr’ ‘knitcitations’
    
    Packages suggested but not available for checking: ‘qdap’ ‘installr’
    
    See the information on DESCRIPTION files in the chapter ‘Creating R
    packages’ of the ‘Writing R Extensions’ manual.
Flavor: r-devel-osx-x86_64-gcc

Version: 0.1.2
Check: package dependencies
Result: NOTE
    Packages suggested but not available for checking: ‘qdap’ ‘installr’
Flavors: r-release-osx-x86_64-mavericks, r-release-osx-x86_64-snowleopard

Version: 0.1.2
Check: PDF version of manual
Result: WARNING
    LaTeX errors when creating PDF version.
    This typically indicates Rd problems.
    LaTeX errors found:
    ! LaTeX Error: File `upquote.sty' not found.
    
    Type X to quit or <RETURN> to proceed,
    or enter new name. (Default extension: sty)
    
    5c52832d/Rd2.tex:8: ==> Fatal error occurred, no output PDF file produced!
Flavor: r-release-osx-x86_64-mavericks