CRAN Package Check Results for Package reports

Last updated on 2014-07-28 23:47:03.

Flavor Version Tinstall Tcheck Ttotal Status Flags
r-devel-linux-x86_64-debian-clang 0.1.2 1.14 15.48 16.61 NOTE
r-devel-linux-x86_64-debian-gcc 0.1.2 1.07 15.46 16.53 NOTE
r-devel-linux-x86_64-fedora-clang 0.1.2 33.77 NOTE
r-devel-linux-x86_64-fedora-gcc 0.1.2 31.91 NOTE
r-devel-osx-x86_64-clang 0.1.2 32.79 NOTE
r-devel-windows-ix86+x86_64 0.1.2 4.00 26.00 30.00 NOTE
r-patched-linux-x86_64 0.1.2 1.43 15.59 17.02 NOTE
r-patched-solaris-sparc 0.1.2 177.80 NOTE
r-patched-solaris-x86 0.1.2 45.30 NOTE
r-release-linux-ix86 0.1.2 1.58 22.50 24.08 NOTE
r-release-linux-x86_64 0.1.2 1.16 15.42 16.59 NOTE
r-release-osx-x86_64-mavericks 0.1.2 NOTE
r-release-osx-x86_64-snowleopard 0.1.2 NOTE
r-release-windows-ix86+x86_64 0.1.2 4.00 25.00 29.00 NOTE
r-oldrel-windows-ix86+x86_64 0.1.2 4.00 26.00 30.00 NOTE

Check Details

Version: 0.1.2
Check: package dependencies
Result: NOTE
    Package suggested but not available for checking: installr
Flavors: r-devel-linux-x86_64-debian-clang, r-devel-linux-x86_64-debian-gcc, r-devel-linux-x86_64-fedora-clang, r-devel-linux-x86_64-fedora-gcc, r-devel-osx-x86_64-clang, r-patched-linux-x86_64, r-patched-solaris-sparc, r-patched-solaris-x86, r-release-linux-ix86, r-release-linux-x86_64, r-release-osx-x86_64-mavericks

Version: 0.1.2
Check: dependencies in R code
Result: NOTE
    Namespaces in Imports field not imported from:
     knitcitations knitr
     All declared Imports should be used.
    See the information on DESCRIPTION files in the chapter Creating R
    packages of the Writing R Extensions manual.
Flavors: r-devel-linux-x86_64-debian-clang, r-devel-linux-x86_64-debian-gcc, r-devel-linux-x86_64-fedora-clang, r-devel-linux-x86_64-fedora-gcc, r-devel-osx-x86_64-clang, r-devel-windows-ix86+x86_64, r-patched-linux-x86_64, r-patched-solaris-sparc, r-patched-solaris-x86, r-release-linux-ix86, r-release-linux-x86_64, r-release-osx-x86_64-mavericks, r-release-osx-x86_64-snowleopard, r-release-windows-ix86+x86_64, r-oldrel-windows-ix86+x86_64

Version: 0.1.2
Check: package dependencies
Result: NOTE
    Packages suggested but not available for checking: qdap installr
Flavor: r-release-osx-x86_64-snowleopard