CRAN Package Check Results for Package reports

Last updated on 2014-08-31 11:47:15.

Flavor Version Tinstall Tcheck Ttotal Status Flags
r-devel-linux-x86_64-debian-clang 0.1.2 1.08 12.29 13.37 NOTE
r-devel-linux-x86_64-debian-gcc 0.1.2 1.49 12.33 13.82 NOTE
r-devel-linux-x86_64-fedora-clang 0.1.2 26.87 NOTE
r-devel-linux-x86_64-fedora-gcc 0.1.2 26.06 NOTE
r-devel-osx-x86_64-clang 0.1.2 27.28 NOTE
r-devel-windows-ix86+x86_64 0.1.2 3.00 20.00 23.00 NOTE
r-patched-linux-x86_64 0.1.2 1.10 15.34 16.44 NOTE
r-patched-solaris-sparc 0.1.2 191.70 NOTE
r-patched-solaris-x86 0.1.2 45.30 NOTE
r-release-linux-ix86 0.1.2 1.53 22.94 24.47 NOTE
r-release-linux-x86_64 0.1.2 1.16 15.99 17.14 NOTE
r-release-osx-x86_64-mavericks 0.1.2 NOTE
r-release-osx-x86_64-snowleopard 0.1.2 NOTE
r-release-windows-ix86+x86_64 0.1.2 4.00 25.00 29.00 NOTE
r-oldrel-windows-ix86+x86_64 0.1.2 5.00 28.00 33.00 NOTE

Check Details

Version: 0.1.2
Check: package dependencies
Result: NOTE
    Package suggested but not available for checking: ‘installr’
Flavors: r-devel-linux-x86_64-debian-clang, r-devel-linux-x86_64-debian-gcc, r-devel-linux-x86_64-fedora-clang, r-devel-linux-x86_64-fedora-gcc, r-devel-osx-x86_64-clang, r-patched-linux-x86_64, r-patched-solaris-sparc, r-patched-solaris-x86, r-release-linux-ix86, r-release-linux-x86_64, r-release-osx-x86_64-mavericks

Version: 0.1.2
Check: dependencies in R code
Result: NOTE
    Namespaces in Imports field not imported from:
     ‘knitcitations’ ‘knitr’
     All declared Imports should be used.
    See the information on DESCRIPTION files in the chapter ‘Creating R
    packages’ of the ‘Writing R Extensions’ manual.
Flavors: r-devel-linux-x86_64-debian-clang, r-devel-linux-x86_64-debian-gcc, r-devel-linux-x86_64-fedora-clang, r-devel-linux-x86_64-fedora-gcc, r-devel-osx-x86_64-clang, r-devel-windows-ix86+x86_64, r-patched-linux-x86_64, r-patched-solaris-sparc, r-patched-solaris-x86, r-release-linux-ix86, r-release-linux-x86_64, r-release-osx-x86_64-mavericks, r-release-osx-x86_64-snowleopard, r-release-windows-ix86+x86_64, r-oldrel-windows-ix86+x86_64

Version: 0.1.2
Check: R code for possible problems
Result: NOTE
    presentation: no visible binding for global variable ‘themes’
Flavors: r-devel-linux-x86_64-debian-clang, r-devel-linux-x86_64-debian-gcc, r-devel-linux-x86_64-fedora-clang, r-devel-linux-x86_64-fedora-gcc, r-devel-osx-x86_64-clang, r-devel-windows-ix86+x86_64

Version: 0.1.2
Check: package dependencies
Result: NOTE
    Packages suggested but not available for checking: ‘qdap’ ‘installr’
Flavor: r-release-osx-x86_64-snowleopard