CRAN Package Check Results for Package reporttools

Last updated on 2014-04-23 12:48:26.

Flavor Version Tinstall Tcheck Ttotal Status Flags
r-devel-linux-x86_64-debian-clang 1.1.1 0.98 16.58 17.56 OK
r-devel-linux-x86_64-debian-gcc 1.1.1 0.89 16.47 17.36 OK
r-devel-linux-x86_64-fedora-clang 1.1.1 35.85 OK
r-devel-linux-x86_64-fedora-gcc 1.1.1 34.36 OK
r-devel-osx-x86_64-clang 1.1.1 40.03 OK
r-devel-osx-x86_64-gcc 1.1.1 OK
r-devel-windows-ix86+x86_64 1.1.1 3.00 28.00 31.00 OK
r-patched-linux-x86_64 1.1.1 0.88 16.45 17.33 OK
r-patched-solaris-sparc 1.1.1 190.60 OK
r-patched-solaris-x86 1.1.1 48.50 OK
r-release-linux-ix86 1.1.1 2.00 34.00 36.00 OK
r-release-linux-x86_64 1.1.1 0.89 16.58 17.46 OK
r-release-osx-x86_64-mavericks 1.1.1 WARN
r-release-osx-x86_64-snowleopard 1.1.1 OK
r-release-windows-ix86+x86_64 1.1.1 6.00 39.00 45.00 OK
r-oldrel-windows-ix86+x86_64 1.1.1 3.00 44.00 47.00 OK

Check Details

Version: 1.1.1
Check: PDF version of manual
Result: WARNING
    LaTeX errors when creating PDF version.
    This typically indicates Rd problems.
    LaTeX errors found:
    ! LaTeX Error: File `upquote.sty' not found.
    
    Type X to quit or <RETURN> to proceed,
    or enter new name. (Default extension: sty)
    
    098/Rd2.tex:8: ==> Fatal error occurred, no output PDF file produced!
Flavor: r-release-osx-x86_64-mavericks