CRAN Package Check Results for Package represent

Last updated on 2016-02-10 10:47:56.

Flavor Version Tinstall Tcheck Ttotal Status Flags
r-devel-linux-x86_64-debian-gcc 1.0 0.56 8.03 8.59 NOTE
r-devel-linux-x86_64-fedora-clang 1.0 15.66 NOTE
r-devel-linux-x86_64-fedora-gcc 1.0 14.65 NOTE
r-devel-osx-x86_64-clang 1.0 18.92 NOTE
r-devel-windows-ix86+x86_64 1.0 3.00 18.00 21.00 NOTE
r-patched-linux-x86_64 1.0 0.58 8.69 9.27 NOTE
r-patched-solaris-sparc 1.0 102.30 OK
r-patched-solaris-x86 1.0 23.10 OK
r-release-linux-x86_64 1.0 0.57 8.72 9.29 NOTE
r-release-osx-x86_64-mavericks 1.0 OK
r-release-windows-ix86+x86_64 1.0 2.00 18.00 20.00 OK
r-oldrel-windows-ix86+x86_64 1.0 4.00 18.00 22.00 OK

Check Details

Version: 1.0
Check: R code for possible problems
Result: NOTE
    MBoxtest: no visible global function definition for ‘var’
    jrparams: no visible global function definition for ‘prcomp’
    jrparams: no visible global function definition for ‘predict’
    jrparams: no visible global function definition for ‘qchisq’
    jrparams: no visible global function definition for ‘qf’
    Undefined global functions or variables:
     prcomp predict qchisq qf var
    Consider adding
     importFrom("stats", "prcomp", "predict", "qchisq", "qf", "var")
    to your NAMESPACE file.
Flavors: r-devel-linux-x86_64-debian-gcc, r-devel-linux-x86_64-fedora-clang, r-devel-linux-x86_64-fedora-gcc, r-devel-osx-x86_64-clang, r-devel-windows-ix86+x86_64

Version: 1.0
Check: Rd line widths
Result: NOTE
    Rd file 'jrparams.Rd':
     \usage lines wider than 90 characters:
     jrparams(BLOCK.1, BLOCK.2, ncomp = min(c(dim(BLOCK.1), dim(BLOCK.2))), Cscrit=0.6, Rscrit=0.6)
    
    These lines will be truncated in the PDF manual.
Flavors: r-devel-linux-x86_64-debian-gcc, r-devel-linux-x86_64-fedora-clang, r-devel-linux-x86_64-fedora-gcc, r-patched-linux-x86_64, r-release-linux-x86_64