CRAN Package Check Results for Package represent

Last updated on 2014-10-21 14:48:27.

Flavor Version Tinstall Tcheck Ttotal Status Flags
r-devel-linux-x86_64-debian-clang 1.0 0.62 9.55 10.17 NOTE
r-devel-linux-x86_64-debian-gcc 1.0 0.59 9.72 10.32 NOTE
r-devel-linux-x86_64-fedora-clang 1.0 19.94 NOTE
r-devel-linux-x86_64-fedora-gcc 1.0 19.15 NOTE
r-devel-osx-x86_64-clang 1.0 21.74 OK
r-devel-windows-ix86+x86_64 1.0 2.00 16.00 18.00 OK
r-patched-linux-x86_64 1.0 0.62 9.44 10.07 NOTE
r-patched-solaris-sparc 1.0 114.00 OK
r-patched-solaris-x86 1.0 30.30 OK
r-release-linux-ix86 1.0 0.85 15.67 16.52 OK
r-release-linux-x86_64 1.0 0.58 9.73 10.31 NOTE
r-release-osx-x86_64-mavericks 1.0 OK
r-release-windows-ix86+x86_64 1.0 3.00 21.00 24.00 OK
r-oldrel-windows-ix86+x86_64 1.0 2.00 25.00 27.00 OK

Check Details

Version: 1.0
Check: Rd line widths
Result: NOTE
    Rd file 'jrparams.Rd':
     \usage lines wider than 90 characters:
     jrparams(BLOCK.1, BLOCK.2, ncomp = min(c(dim(BLOCK.1), dim(BLOCK.2))), Cscrit=0.6, Rscrit=0.6)
    
    These lines will be truncated in the PDF manual.
Flavors: r-devel-linux-x86_64-debian-clang, r-devel-linux-x86_64-debian-gcc, r-devel-linux-x86_64-fedora-clang, r-devel-linux-x86_64-fedora-gcc, r-patched-linux-x86_64, r-release-linux-x86_64