CRAN Package Check Results for Package represent

Last updated on 2016-07-02 03:48:52.

Flavor Version Tinstall Tcheck Ttotal Status Flags
r-devel-linux-x86_64-debian-gcc 1.0 0.67 9.89 10.56 NOTE
r-devel-linux-x86_64-fedora-clang 1.0 15.50 NOTE
r-devel-linux-x86_64-fedora-gcc 1.0 14.13 NOTE
r-devel-osx-x86_64-clang 1.0 14.95 NOTE
r-devel-windows-ix86+x86_64 1.0 2.00 24.00 26.00 NOTE
r-patched-linux-x86_64 1.0 0.75 10.13 10.88 NOTE
r-patched-solaris-sparc 1.0 104.30 NOTE
r-patched-solaris-x86 1.0 24.90 NOTE
r-release-linux-x86_64 1.0 0.54 8.97 9.51 NOTE
r-release-osx-x86_64-mavericks 1.0 NOTE
r-release-windows-ix86+x86_64 1.0 2.00 33.00 35.00 NOTE
r-oldrel-windows-ix86+x86_64 1.0 2.00 18.00 20.00 OK

Check Details

Version: 1.0
Check: R code for possible problems
Result: NOTE
    MBoxtest: no visible global function definition for ‘var’
    jrparams: no visible global function definition for ‘prcomp’
    jrparams: no visible global function definition for ‘predict’
    jrparams: no visible global function definition for ‘qchisq’
    jrparams: no visible global function definition for ‘qf’
    Undefined global functions or variables:
     prcomp predict qchisq qf var
    Consider adding
     importFrom("stats", "prcomp", "predict", "qchisq", "qf", "var")
    to your NAMESPACE file.
Flavors: r-devel-linux-x86_64-debian-gcc, r-devel-linux-x86_64-fedora-clang, r-devel-linux-x86_64-fedora-gcc, r-devel-osx-x86_64-clang, r-devel-windows-ix86+x86_64, r-patched-linux-x86_64, r-patched-solaris-sparc, r-patched-solaris-x86, r-release-linux-x86_64, r-release-osx-x86_64-mavericks, r-release-windows-ix86+x86_64

Version: 1.0
Check: Rd line widths
Result: NOTE
    Rd file 'jrparams.Rd':
     \usage lines wider than 90 characters:
     jrparams(BLOCK.1, BLOCK.2, ncomp = min(c(dim(BLOCK.1), dim(BLOCK.2))), Cscrit=0.6, Rscrit=0.6)
    
    These lines will be truncated in the PDF manual.
Flavors: r-devel-linux-x86_64-debian-gcc, r-devel-linux-x86_64-fedora-clang, r-devel-linux-x86_64-fedora-gcc, r-patched-linux-x86_64, r-release-linux-x86_64