CRAN Package Check Results for Package represent

Last updated on 2014-08-27 15:49:39.

Flavor Version Tinstall Tcheck Ttotal Status Flags
r-devel-linux-x86_64-debian-clang 1.0 0.55 9.23 9.78 OK
r-devel-linux-x86_64-debian-gcc 1.0 0.54 9.86 10.39 OK
r-devel-linux-x86_64-fedora-clang 1.0 20.09 NOTE
r-devel-linux-x86_64-fedora-gcc 1.0 18.68 NOTE
r-devel-osx-x86_64-clang 1.0 23.24 OK
r-devel-windows-ix86+x86_64 1.0 2.00 17.00 19.00 OK
r-patched-linux-x86_64 1.0 0.56 9.16 9.72 OK
r-patched-solaris-sparc 1.0 114.00 OK
r-patched-solaris-x86 1.0 29.80 OK
r-release-linux-ix86 1.0 0.85 15.41 16.26 OK
r-release-linux-x86_64 1.0 0.57 9.71 10.28 OK
r-release-osx-x86_64-mavericks 1.0 OK
r-release-windows-ix86+x86_64 1.0 3.00 21.00 24.00 OK
r-oldrel-windows-ix86+x86_64 1.0 2.00 25.00 27.00 OK

Check Details

Version: 1.0
Check: Rd line widths
Result: NOTE
    Rd file 'jrparams.Rd':
     \usage lines wider than 90 characters:
     jrparams(BLOCK.1, BLOCK.2, ncomp = min(c(dim(BLOCK.1), dim(BLOCK.2))), Cscrit=0.6, Rscrit=0.6)
    
    These lines will be truncated in the PDF manual.
Flavors: r-devel-linux-x86_64-fedora-clang, r-devel-linux-x86_64-fedora-gcc