CRAN Package Check Results for Package represent

Last updated on 2014-04-24 11:48:54.

Flavor Version Tinstall Tcheck Ttotal Status Flags
r-devel-linux-x86_64-debian-clang 1.0 0.68 9.68 10.36 OK
r-devel-linux-x86_64-debian-gcc 1.0 0.62 9.72 10.34 OK
r-devel-linux-x86_64-fedora-clang 1.0 20.53 NOTE
r-devel-linux-x86_64-fedora-gcc 1.0 19.55 NOTE
r-devel-osx-x86_64-clang 1.0 24.27 OK
r-devel-osx-x86_64-gcc 1.0 OK
r-devel-windows-ix86+x86_64 1.0 2.00 16.00 18.00 OK
r-patched-linux-x86_64 1.0 0.62 9.72 10.35 OK
r-patched-solaris-sparc 1.0 114.80 OK
r-patched-solaris-x86 1.0 31.10 OK
r-release-linux-ix86 1.0 2.00 22.00 24.00 OK
r-release-linux-x86_64 1.0 0.65 9.84 10.48 OK
r-release-osx-x86_64-mavericks 1.0 OK
r-release-windows-ix86+x86_64 1.0 5.00 22.00 27.00 OK
r-oldrel-windows-ix86+x86_64 1.0 2.00 25.00 27.00 OK

Check Details

Version: 1.0
Check: Rd line widths
Result: NOTE
    Rd file 'jrparams.Rd':
     \usage lines wider than 90 characters:
     jrparams(BLOCK.1, BLOCK.2, ncomp = min(c(dim(BLOCK.1), dim(BLOCK.2))), Cscrit=0.6, Rscrit=0.6)
    
    These lines will be truncated in the PDF manual.
Flavors: r-devel-linux-x86_64-fedora-clang, r-devel-linux-x86_64-fedora-gcc