CRAN Package Check Results for Package represent

Last updated on 2015-04-01 06:47:02.

Flavor Version Tinstall Tcheck Ttotal Status Flags
r-devel-linux-x86_64-debian-clang 1.0 0.55 9.78 10.33 NOTE
r-devel-linux-x86_64-debian-gcc 1.0 0.54 8.99 9.53 NOTE
r-devel-linux-x86_64-fedora-clang 1.0 18.00 NOTE
r-devel-linux-x86_64-fedora-gcc 1.0 18.33 NOTE
r-devel-osx-x86_64-clang 1.0 24.36 OK
r-prerel-windows-ix86+x86_64 1.0 4.00 15.00 19.00 OK
r-prerel-linux-x86_64 1.0 0.54 8.94 9.48 NOTE
r-prerel-solaris-sparc 1.0 118.00 OK
r-prerel-solaris-x86 1.0 26.70 OK
r-release-linux-x86_64 1.0 0.60 9.50 10.11 NOTE
r-release-osx-x86_64-mavericks 1.0 OK
r-release-windows-ix86+x86_64 1.0 4.00 18.00 22.00 OK
r-oldrel-windows-ix86+x86_64 1.0 2.00 25.00 27.00 OK

Check Details

Version: 1.0
Check: Rd line widths
Result: NOTE
    Rd file 'jrparams.Rd':
     \usage lines wider than 90 characters:
     jrparams(BLOCK.1, BLOCK.2, ncomp = min(c(dim(BLOCK.1), dim(BLOCK.2))), Cscrit=0.6, Rscrit=0.6)
    
    These lines will be truncated in the PDF manual.
Flavors: r-devel-linux-x86_64-debian-clang, r-devel-linux-x86_64-debian-gcc, r-devel-linux-x86_64-fedora-clang, r-devel-linux-x86_64-fedora-gcc, r-prerel-linux-x86_64, r-release-linux-x86_64