CRAN Package Check Results for Package represent

Last updated on 2016-12-02 22:50:33.

Flavor Version Tinstall Tcheck Ttotal Status Flags
r-devel-linux-x86_64-debian-clang 1.0 0.66 10.93 11.59 NOTE
r-devel-linux-x86_64-debian-gcc 1.0 0.70 10.66 11.37 NOTE
r-devel-linux-x86_64-fedora-clang 1.0 20.08 NOTE
r-devel-linux-x86_64-fedora-gcc 1.0 19.27 NOTE
r-devel-macos-x86_64-clang 1.0 18.02 NOTE
r-devel-windows-ix86+x86_64 1.0 4.00 25.00 29.00 NOTE
r-patched-linux-x86_64 1.0 0.53 9.07 9.60 NOTE
r-patched-solaris-sparc 1.0 104.30 NOTE
r-patched-solaris-x86 1.0 24.00 NOTE
r-release-linux-x86_64 1.0 0.60 9.08 9.68 NOTE
r-release-osx-x86_64-mavericks 1.0 NOTE
r-release-windows-ix86+x86_64 1.0 2.00 24.00 26.00 NOTE
r-oldrel-windows-ix86+x86_64 1.0 3.00 23.00 26.00 OK

Check Details

Version: 1.0
Check: R code for possible problems
Result: NOTE
    MBoxtest: no visible global function definition for ‘var’
    jrparams: no visible global function definition for ‘prcomp’
    jrparams: no visible global function definition for ‘predict’
    jrparams: no visible global function definition for ‘qchisq’
    jrparams: no visible global function definition for ‘qf’
    Undefined global functions or variables:
     prcomp predict qchisq qf var
    Consider adding
     importFrom("stats", "prcomp", "predict", "qchisq", "qf", "var")
    to your NAMESPACE file.
Flavors: r-devel-linux-x86_64-debian-clang, r-devel-linux-x86_64-debian-gcc, r-devel-linux-x86_64-fedora-clang, r-devel-linux-x86_64-fedora-gcc, r-devel-macos-x86_64-clang, r-devel-windows-ix86+x86_64, r-patched-linux-x86_64, r-patched-solaris-sparc, r-patched-solaris-x86, r-release-linux-x86_64, r-release-osx-x86_64-mavericks, r-release-windows-ix86+x86_64

Version: 1.0
Check: Rd line widths
Result: NOTE
    Rd file 'jrparams.Rd':
     \usage lines wider than 90 characters:
     jrparams(BLOCK.1, BLOCK.2, ncomp = min(c(dim(BLOCK.1), dim(BLOCK.2))), Cscrit=0.6, Rscrit=0.6)
    
    These lines will be truncated in the PDF manual.
Flavors: r-devel-linux-x86_64-debian-clang, r-devel-linux-x86_64-debian-gcc, r-devel-linux-x86_64-fedora-clang, r-devel-linux-x86_64-fedora-gcc, r-patched-linux-x86_64, r-release-linux-x86_64