CRAN Package Check Results for Package represent

Last updated on 2015-07-30 03:48:31.

Flavor Version Tinstall Tcheck Ttotal Status Flags
r-devel-linux-x86_64-debian-clang 1.0 0.51 8.89 9.40 NOTE
r-devel-linux-x86_64-debian-gcc 1.0 0.55 8.82 9.37 NOTE
r-devel-linux-x86_64-fedora-clang 1.0 17.80 NOTE
r-devel-linux-x86_64-fedora-gcc 1.0 16.53 NOTE
r-devel-osx-x86_64-clang 1.0 17.03 OK
r-devel-windows-ix86+x86_64 1.0 2.00 17.00 19.00 NOTE
r-patched-linux-x86_64 1.0 0.55 9.24 9.79 NOTE
r-patched-solaris-sparc 1.0 118.20 OK
r-patched-solaris-x86 1.0 27.90 OK
r-release-linux-x86_64 1.0 0.54 8.98 9.51 NOTE
r-release-osx-x86_64-mavericks 1.0 OK
r-release-windows-ix86+x86_64 1.0 2.00 17.00 19.00 OK
r-oldrel-windows-ix86+x86_64 1.0 4.00 18.00 22.00 OK

Check Details

Version: 1.0
Check: R code for possible problems
Result: NOTE
    MBoxtest: no visible global function definition for ‘var’
    jrparams: no visible global function definition for ‘prcomp’
    jrparams: no visible global function definition for ‘predict’
    jrparams: no visible global function definition for ‘qchisq’
    jrparams: no visible global function definition for ‘qf’
    Undefined global functions or variables:
     prcomp predict qchisq qf var
    Consider adding
     importFrom("stats", "prcomp", "predict", "qchisq", "qf", "var")
    to your NAMESPACE.
Flavors: r-devel-linux-x86_64-debian-clang, r-devel-linux-x86_64-debian-gcc, r-devel-linux-x86_64-fedora-clang, r-devel-linux-x86_64-fedora-gcc, r-devel-windows-ix86+x86_64

Version: 1.0
Check: Rd line widths
Result: NOTE
    Rd file 'jrparams.Rd':
     \usage lines wider than 90 characters:
     jrparams(BLOCK.1, BLOCK.2, ncomp = min(c(dim(BLOCK.1), dim(BLOCK.2))), Cscrit=0.6, Rscrit=0.6)
    
    These lines will be truncated in the PDF manual.
Flavors: r-devel-linux-x86_64-debian-clang, r-devel-linux-x86_64-debian-gcc, r-devel-linux-x86_64-fedora-clang, r-devel-linux-x86_64-fedora-gcc, r-patched-linux-x86_64, r-release-linux-x86_64