CRAN Package Check Results for Package represent

Last updated on 2014-11-22 11:49:20.

Flavor Version Tinstall Tcheck Ttotal Status Flags
r-devel-linux-x86_64-debian-clang 1.0 0.60 10.22 10.83 NOTE
r-devel-linux-x86_64-debian-gcc 1.0 0.59 9.92 10.50 NOTE
r-devel-linux-x86_64-fedora-clang 1.0 21.32 NOTE
r-devel-linux-x86_64-fedora-gcc 1.0 19.42 NOTE
r-devel-osx-x86_64-clang 1.0 23.05 OK
r-devel-windows-ix86+x86_64 1.0 2.00 17.00 19.00 OK
r-patched-linux-x86_64 1.0 0.61 9.55 10.16 NOTE
r-patched-solaris-sparc 1.0 114.00 OK
r-patched-solaris-x86 1.0 30.60 OK
r-release-linux-ix86 1.0 0.90 14.99 15.89 OK
r-release-linux-x86_64 1.0 0.80 9.50 10.30 NOTE
r-release-osx-x86_64-mavericks 1.0 OK
r-release-windows-ix86+x86_64 1.0 3.00 20.00 23.00 OK
r-oldrel-windows-ix86+x86_64 1.0 2.00 25.00 27.00 OK

Check Details

Version: 1.0
Check: Rd line widths
Result: NOTE
    Rd file 'jrparams.Rd':
     \usage lines wider than 90 characters:
     jrparams(BLOCK.1, BLOCK.2, ncomp = min(c(dim(BLOCK.1), dim(BLOCK.2))), Cscrit=0.6, Rscrit=0.6)
    
    These lines will be truncated in the PDF manual.
Flavors: r-devel-linux-x86_64-debian-clang, r-devel-linux-x86_64-debian-gcc, r-devel-linux-x86_64-fedora-clang, r-devel-linux-x86_64-fedora-gcc, r-patched-linux-x86_64, r-release-linux-x86_64