CRAN Package Check Results for Package represent

Last updated on 2015-05-23 11:51:31.

Flavor Version Tinstall Tcheck Ttotal Status Flags
r-devel-linux-x86_64-debian-clang 1.0 0.54 9.43 9.97 NOTE
r-devel-linux-x86_64-debian-gcc 1.0 0.57 9.14 9.72 NOTE
r-devel-linux-x86_64-fedora-clang 1.0 18.38 NOTE
r-devel-linux-x86_64-fedora-gcc 1.0 17.35 NOTE
r-devel-osx-x86_64-clang 1.0 21.97 OK
r-devel-windows-ix86+x86_64 1.0 3.00 17.00 20.00 OK
r-patched-linux-x86_64 1.0 0.53 8.93 9.46 NOTE
r-patched-solaris-sparc 1.0 117.50 OK
r-patched-solaris-x86 1.0 27.20 OK
r-release-linux-x86_64 1.0 0.53 9.06 9.59 NOTE
r-release-osx-x86_64-mavericks 1.0 OK
r-release-osx-x86_64-snowleopard 1.0 OK
r-release-windows-ix86+x86_64 1.0 2.00 17.00 19.00 OK
r-oldrel-windows-ix86+x86_64 1.0 4.00 18.00 22.00 OK

Check Details

Version: 1.0
Check: Rd line widths
Result: NOTE
    Rd file 'jrparams.Rd':
     \usage lines wider than 90 characters:
     jrparams(BLOCK.1, BLOCK.2, ncomp = min(c(dim(BLOCK.1), dim(BLOCK.2))), Cscrit=0.6, Rscrit=0.6)
    
    These lines will be truncated in the PDF manual.
Flavors: r-devel-linux-x86_64-debian-clang, r-devel-linux-x86_64-debian-gcc, r-devel-linux-x86_64-fedora-clang, r-devel-linux-x86_64-fedora-gcc, r-patched-linux-x86_64, r-release-linux-x86_64